Your IP : 216.73.216.41


Current Path : /home/purehotels/access-logs/
Upload File :
Current File : /home/purehotels/access-logs/purehotels.no

85.208.96.195 - - [03/Jul/2026:14:07:43 +0200] "GET /no/component/k2/item/1?start=3812940 HTTP/1.1" 404 - "-" "Mozilla/5.0 (compatible; SemrushBot/7~bl; +http://www.semrush.com/bot.html)"
185.191.171.15 - - [03/Jul/2026:14:07:46 +0200] "GET /no/component/k2/item/1%3C?start=3523060 HTTP/1.1" 404 - "-" "Mozilla/5.0 (compatible; SemrushBot/7~bl; +http://www.semrush.com/bot.html)"
85.208.96.195 - - [03/Jul/2026:14:07:54 +0200] "GET /no/component/k2/item/1?start=1296440 HTTP/1.1" 404 - "-" "Mozilla/5.0 (compatible; SemrushBot/7~bl; +http://www.semrush.com/bot.html)"
85.208.96.194 - - [03/Jul/2026:14:07:58 +0200] "GET /no/component/k2/item/1?start=2085010 HTTP/1.1" 404 - "-" "Mozilla/5.0 (compatible; SemrushBot/7~bl; +http://www.semrush.com/bot.html)"
185.191.171.12 - - [03/Jul/2026:14:08:08 +0200] "GET /no/component/k2/item/1?start=4277350 HTTP/1.1" 404 - "-" "Mozilla/5.0 (compatible; SemrushBot/7~bl; +http://www.semrush.com/bot.html)"
185.191.171.14 - - [03/Jul/2026:14:08:18 +0200] "GET /no/component/k2/item/1?start=3953910 HTTP/1.1" 404 - "-" "Mozilla/5.0 (compatible; SemrushBot/7~bl; +http://www.semrush.com/bot.html)"
185.191.171.11 - - [03/Jul/2026:14:08:20 +0200] "GET /no/component/k2/item/1?start=4273930 HTTP/1.1" 404 - "-" "Mozilla/5.0 (compatible; SemrushBot/7~bl; +http://www.semrush.com/bot.html)"
85.208.96.205 - - [03/Jul/2026:14:08:30 +0200] "GET /no/component/k2/item/1?start=4127690 HTTP/1.1" 404 - "-" "Mozilla/5.0 (compatible; SemrushBot/7~bl; +http://www.semrush.com/bot.html)"
185.191.171.18 - - [03/Jul/2026:14:08:41 +0200] "GET /no/component/k2/item/1?start=3299090 HTTP/1.1" 404 - "-" "Mozilla/5.0 (compatible; SemrushBot/7~bl; +http://www.semrush.com/bot.html)"
85.208.96.202 - - [03/Jul/2026:14:08:50 +0200] "GET /no/component/k2/item/1%3C?start=3647890 HTTP/1.1" 404 - "-" "Mozilla/5.0 (compatible; SemrushBot/7~bl; +http://www.semrush.com/bot.html)"
85.208.96.206 - - [03/Jul/2026:14:09:07 +0200] "GET /no/component/k2/item/1%3C?start=4258600 HTTP/1.1" 404 - "-" "Mozilla/5.0 (compatible; SemrushBot/7~bl; +http://www.semrush.com/bot.html)"
35.255.8.171 - - [03/Jul/2026:14:09:34 +0200] "GET /robots.txt HTTP/1.1" 200 23 "-" "Mozilla/5.0 AppleWebKit/537.36 (KHTML, like Gecko; compatible; SleepBot/1.0; +http://sleepbot.com/) Chrome/131.0.0.0 Safari/537.36"
185.191.171.16 - - [03/Jul/2026:14:09:43 +0200] "GET /no/component/k2/item/1?start=3612630 HTTP/1.1" 404 - "-" "Mozilla/5.0 (compatible; SemrushBot/7~bl; +http://www.semrush.com/bot.html)"
85.208.96.200 - - [03/Jul/2026:14:09:51 +0200] "GET /no/component/k2/item/1?start=3456250 HTTP/1.1" 404 - "-" "Mozilla/5.0 (compatible; SemrushBot/7~bl; +http://www.semrush.com/bot.html)"
85.208.96.199 - - [03/Jul/2026:14:09:53 +0200] "GET /no/component/k2/item/1%3C?start=3539390 HTTP/1.1" 404 - "-" "Mozilla/5.0 (compatible; SemrushBot/7~bl; +http://www.semrush.com/bot.html)"
85.208.96.211 - - [03/Jul/2026:14:10:06 +0200] "GET /no/component/k2/item/1?start=2896470 HTTP/1.1" 404 - "-" "Mozilla/5.0 (compatible; SemrushBot/7~bl; +http://www.semrush.com/bot.html)"
185.191.171.4 - - [03/Jul/2026:14:10:09 +0200] "GET /no/component/k2/item/1%3C?start=4376050 HTTP/1.1" 404 - "-" "Mozilla/5.0 (compatible; SemrushBot/7~bl; +http://www.semrush.com/bot.html)"
185.191.171.18 - - [03/Jul/2026:14:10:24 +0200] "GET /no/component/k2/item/1?start=2505320 HTTP/1.1" 404 - "-" "Mozilla/5.0 (compatible; SemrushBot/7~bl; +http://www.semrush.com/bot.html)"
85.208.96.205 - - [03/Jul/2026:14:11:08 +0200] "GET /no/component/k2/item/1?start=1753970 HTTP/1.1" 404 - "-" "Mozilla/5.0 (compatible; SemrushBot/7~bl; +http://www.semrush.com/bot.html)"
85.208.96.206 - - [03/Jul/2026:14:11:18 +0200] "GET /no/component/k2/item/1?start=3210340 HTTP/1.1" 404 - "-" "Mozilla/5.0 (compatible; SemrushBot/7~bl; +http://www.semrush.com/bot.html)"
85.208.96.205 - - [03/Jul/2026:14:11:43 +0200] "GET /no/component/k2/item/1?start=2960210 HTTP/1.1" 404 - "-" "Mozilla/5.0 (compatible; SemrushBot/7~bl; +http://www.semrush.com/bot.html)"
85.208.96.210 - - [03/Jul/2026:14:11:44 +0200] "GET /no/component/k2/item/1?start=3981110 HTTP/1.1" 404 - "-" "Mozilla/5.0 (compatible; SemrushBot/7~bl; +http://www.semrush.com/bot.html)"
66.249.75.199 - - [03/Jul/2026:14:11:47 +0200] "GET /media/k2/gallerychamp/item58/main/dsc_0440.jpg HTTP/1.1" 200 103845 "-" "Googlebot-Image/1.0"
185.191.171.1 - - [03/Jul/2026:14:11:55 +0200] "GET /no/component/k2/item/1?start=1940460 HTTP/1.1" 404 - "-" "Mozilla/5.0 (compatible; SemrushBot/7~bl; +http://www.semrush.com/bot.html)"
185.191.171.7 - - [03/Jul/2026:14:11:59 +0200] "GET /no/component/k2/item/1?start=1236310 HTTP/1.1" 404 - "-" "Mozilla/5.0 (compatible; SemrushBot/7~bl; +http://www.semrush.com/bot.html)"
85.208.96.210 - - [03/Jul/2026:14:12:03 +0200] "GET /no/component/k2/item/1?start=635980 HTTP/1.1" 404 - "-" "Mozilla/5.0 (compatible; SemrushBot/7~bl; +http://www.semrush.com/bot.html)"
185.191.171.3 - - [03/Jul/2026:14:12:10 +0200] "GET /no/component/k2/item/1?start=3153080 HTTP/1.1" 404 - "-" "Mozilla/5.0 (compatible; SemrushBot/7~bl; +http://www.semrush.com/bot.html)"
157.55.39.9 - - [03/Jul/2026:14:12:18 +0200] "GET /oi5osxc25822cml.php HTTP/1.1" 404 - "-" "Mozilla/5.0 AppleWebKit/537.36 (KHTML, like Gecko; compatible; bingbot/2.0; +http://www.bing.com/bingbot.htm) Chrome/116.0.1938.76 Safari/537.36"
185.191.171.8 - - [03/Jul/2026:14:12:26 +0200] "GET /no/component/k2/item/1?start=2135560 HTTP/1.1" 404 - "-" "Mozilla/5.0 (compatible; SemrushBot/7~bl; +http://www.semrush.com/bot.html)"
185.191.171.7 - - [03/Jul/2026:14:12:32 +0200] "GET /no/component/k2/item/1?start=3877560 HTTP/1.1" 404 - "-" "Mozilla/5.0 (compatible; SemrushBot/7~bl; +http://www.semrush.com/bot.html)"
85.208.96.199 - - [03/Jul/2026:14:12:39 +0200] "GET /no/component/k2/item/1?start=206910 HTTP/1.1" 404 - "-" "Mozilla/5.0 (compatible; SemrushBot/7~bl; +http://www.semrush.com/bot.html)"
85.208.96.204 - - [03/Jul/2026:14:12:44 +0200] "GET /no/component/k2/item/1?start=1848290 HTTP/1.1" 404 - "-" "Mozilla/5.0 (compatible; SemrushBot/7~bl; +http://www.semrush.com/bot.html)"
85.208.96.212 - - [03/Jul/2026:14:12:46 +0200] "GET /no/component/k2/item/1?start=482680 HTTP/1.1" 404 - "-" "Mozilla/5.0 (compatible; SemrushBot/7~bl; +http://www.semrush.com/bot.html)"
85.208.96.195 - - [03/Jul/2026:14:13:13 +0200] "GET /no/component/k2/item/1?start=2707410 HTTP/1.1" 404 - "-" "Mozilla/5.0 (compatible; SemrushBot/7~bl; +http://www.semrush.com/bot.html)"
43.167.157.80 - - [03/Jul/2026:14:13:30 +0200] "GET /?C=N;O=A HTTP/1.1" 200 7548 "-" "Mozilla/5.0 (iPhone; CPU iPhone OS 13_2_3 like Mac OS X) AppleWebKit/605.1.15 (KHTML, like Gecko) Version/13.0.3 Mobile/15E148 Safari/604.1"
185.191.171.7 - - [03/Jul/2026:14:13:43 +0200] "GET /no/component/k2/item/1?start=945890 HTTP/1.1" 404 - "-" "Mozilla/5.0 (compatible; SemrushBot/7~bl; +http://www.semrush.com/bot.html)"
185.191.171.12 - - [03/Jul/2026:14:13:55 +0200] "GET /no/component/k2/item/1?start=2391100 HTTP/1.1" 404 - "-" "Mozilla/5.0 (compatible; SemrushBot/7~bl; +http://www.semrush.com/bot.html)"
85.208.96.194 - - [03/Jul/2026:14:14:01 +0200] "GET /no/component/k2/item/1%3C?start=4564990 HTTP/1.1" 404 - "-" "Mozilla/5.0 (compatible; SemrushBot/7~bl; +http://www.semrush.com/bot.html)"
185.191.171.14 - - [03/Jul/2026:14:14:31 +0200] "GET /no/component/k2/item/1%3C?start=3210070 HTTP/1.1" 404 - "-" "Mozilla/5.0 (compatible; SemrushBot/7~bl; +http://www.semrush.com/bot.html)"
185.191.171.10 - - [03/Jul/2026:14:14:33 +0200] "GET /no/component/k2/item/1?start=1442130 HTTP/1.1" 404 - "-" "Mozilla/5.0 (compatible; SemrushBot/7~bl; +http://www.semrush.com/bot.html)"
185.191.171.1 - - [03/Jul/2026:14:14:38 +0200] "GET /no/component/k2/item/1%3C?start=3239870 HTTP/1.1" 404 - "-" "Mozilla/5.0 (compatible; SemrushBot/7~bl; +http://www.semrush.com/bot.html)"
17.246.15.204 - - [03/Jul/2026:14:15:05 +0200] "GET /robots.txt HTTP/1.1" 200 23 "-" "Mozilla/5.0 (Macintosh; Intel Mac OS X 10_15_7) AppleWebKit/605.1.15 (KHTML, like Gecko) Version/17.4 Safari/605.1.15 (Applebot/0.1; +http://www.apple.com/go/applebot)"
17.246.15.204 - - [03/Jul/2026:14:15:05 +0200] "GET /ru/nashi-oteli?format=feed&type=rss HTTP/1.1" 404 - "-" "Mozilla/5.0 (Macintosh; Intel Mac OS X 10_15_7) AppleWebKit/605.1.15 (KHTML, like Gecko) Version/17.4 Safari/605.1.15 (Applebot/0.1; +http://www.apple.com/go/applebot)"
43.167.239.66 - - [03/Jul/2026:14:15:09 +0200] "GET / HTTP/1.1" 200 7548 "-" "Mozilla/5.0 (iPhone; CPU iPhone OS 13_2_3 like Mac OS X) AppleWebKit/605.1.15 (KHTML, like Gecko) Version/13.0.3 Mobile/15E148 Safari/604.1"
185.191.171.14 - - [03/Jul/2026:14:15:12 +0200] "GET /robots.txt HTTP/1.1" 200 23 "-" "Mozilla/5.0 (compatible; SemrushBot/7~bl; +http://www.semrush.com/bot.html)"
85.208.96.206 - - [03/Jul/2026:14:15:12 +0200] "GET /no/component/k2/item/1?start=348250 HTTP/1.1" 404 - "-" "Mozilla/5.0 (compatible; SemrushBot/7~bl; +http://www.semrush.com/bot.html)"
185.191.171.5 - - [03/Jul/2026:14:15:18 +0200] "GET /no/component/k2/item/1%3C?start=4162690 HTTP/1.1" 404 - "-" "Mozilla/5.0 (compatible; SemrushBot/7~bl; +http://www.semrush.com/bot.html)"
185.191.171.13 - - [03/Jul/2026:14:15:43 +0200] "GET /no/component/k2/item/1?start=454470 HTTP/1.1" 404 - "-" "Mozilla/5.0 (compatible; SemrushBot/7~bl; +http://www.semrush.com/bot.html)"
185.191.171.10 - - [03/Jul/2026:14:15:44 +0200] "GET /no/component/k2/item/1%3C?start=3969480 HTTP/1.1" 404 - "-" "Mozilla/5.0 (compatible; SemrushBot/7~bl; +http://www.semrush.com/bot.html)"
85.208.96.211 - - [03/Jul/2026:14:16:02 +0200] "GET /no/component/k2/item/1?start=763470 HTTP/1.1" 404 - "-" "Mozilla/5.0 (compatible; SemrushBot/7~bl; +http://www.semrush.com/bot.html)"
185.191.171.15 - - [03/Jul/2026:14:16:14 +0200] "GET /no/component/k2/item/1?start=4066110 HTTP/1.1" 404 - "-" "Mozilla/5.0 (compatible; SemrushBot/7~bl; +http://www.semrush.com/bot.html)"
85.208.96.211 - - [03/Jul/2026:14:16:15 +0200] "GET /no/component/k2/item/1?start=1470980 HTTP/1.1" 404 - "-" "Mozilla/5.0 (compatible; SemrushBot/7~bl; +http://www.semrush.com/bot.html)"
85.208.96.194 - - [03/Jul/2026:14:16:26 +0200] "GET /no/component/k2/item/1?start=2632270 HTTP/1.1" 404 - "-" "Mozilla/5.0 (compatible; SemrushBot/7~bl; +http://www.semrush.com/bot.html)"
85.208.96.206 - - [03/Jul/2026:14:16:28 +0200] "GET /no/component/k2/item/1?start=2451430 HTTP/1.1" 404 - "-" "Mozilla/5.0 (compatible; SemrushBot/7~bl; +http://www.semrush.com/bot.html)"
185.191.171.9 - - [03/Jul/2026:14:16:35 +0200] "GET /no/component/k2/item/1?start=893210 HTTP/1.1" 404 - "-" "Mozilla/5.0 (compatible; SemrushBot/7~bl; +http://www.semrush.com/bot.html)"
85.208.96.211 - - [03/Jul/2026:14:16:54 +0200] "GET /no/component/k2/item/1?start=505150 HTTP/1.1" 404 - "-" "Mozilla/5.0 (compatible; SemrushBot/7~bl; +http://www.semrush.com/bot.html)"
85.208.96.208 - - [03/Jul/2026:14:16:55 +0200] "GET /no/component/k2/item/1?start=4079370 HTTP/1.1" 404 - "-" "Mozilla/5.0 (compatible; SemrushBot/7~bl; +http://www.semrush.com/bot.html)"
216.244.66.237 - - [03/Jul/2026:14:17:16 +0200] "GET /media/k2/gallerychamp/item5/thumbs/?C=D;O=D HTTP/1.1" 404 - "-" "Mozilla/5.0 (compatible; DotBot/1.2; +https://opensiteexplorer.org/dotbot; help@moz.com)"
216.244.66.237 - - [03/Jul/2026:14:17:25 +0200] "GET /no/component/k2/item/1?start=1529900 HTTP/1.1" 404 - "-" "Mozilla/5.0 (compatible; DotBot/1.2; +https://opensiteexplorer.org/dotbot; help@moz.com)"
85.208.96.208 - - [03/Jul/2026:14:17:25 +0200] "GET /no/component/k2/item/1%3C?start=3216460 HTTP/1.1" 404 - "-" "Mozilla/5.0 (compatible; SemrushBot/7~bl; +http://www.semrush.com/bot.html)"
216.244.66.237 - - [03/Jul/2026:14:17:33 +0200] "GET /no/component/k2/item/1?start=2181210 HTTP/1.1" 404 - "-" "Mozilla/5.0 (compatible; DotBot/1.2; +https://opensiteexplorer.org/dotbot; help@moz.com)"
85.208.96.210 - - [03/Jul/2026:14:17:34 +0200] "GET /no/component/k2/item/1?start=1220400 HTTP/1.1" 404 - "-" "Mozilla/5.0 (compatible; SemrushBot/7~bl; +http://www.semrush.com/bot.html)"
216.244.66.237 - - [03/Jul/2026:14:17:39 +0200] "GET /no/component/k2/item/1?start=2214620 HTTP/1.1" 404 - "-" "Mozilla/5.0 (compatible; DotBot/1.2; +https://opensiteexplorer.org/dotbot; help@moz.com)"
216.244.66.237 - - [03/Jul/2026:14:17:45 +0200] "GET /no/component/k2/item/1?start=2227450 HTTP/1.1" 404 - "-" "Mozilla/5.0 (compatible; DotBot/1.2; +https://opensiteexplorer.org/dotbot; help@moz.com)"
216.244.66.237 - - [03/Jul/2026:14:17:50 +0200] "GET /no/component/k2/item/1?start=2233820 HTTP/1.1" 404 - "-" "Mozilla/5.0 (compatible; DotBot/1.2; +https://opensiteexplorer.org/dotbot; help@moz.com)"
216.244.66.237 - - [03/Jul/2026:14:17:54 +0200] "GET /no/component/k2/item/1?start=2248150 HTTP/1.1" 404 - "-" "Mozilla/5.0 (compatible; DotBot/1.2; +https://opensiteexplorer.org/dotbot; help@moz.com)"
216.244.66.237 - - [03/Jul/2026:14:17:58 +0200] "GET /no/component/k2/item/1?start=2261020 HTTP/1.1" 404 - "-" "Mozilla/5.0 (compatible; DotBot/1.2; +https://opensiteexplorer.org/dotbot; help@moz.com)"
185.191.171.15 - - [03/Jul/2026:14:17:59 +0200] "GET /no/component/k2/item/1?start=4478120 HTTP/1.1" 404 - "-" "Mozilla/5.0 (compatible; SemrushBot/7~bl; +http://www.semrush.com/bot.html)"
216.244.66.237 - - [03/Jul/2026:14:18:01 +0200] "GET /no/component/k2/item/1?start=2269970 HTTP/1.1" 404 - "-" "Mozilla/5.0 (compatible; DotBot/1.2; +https://opensiteexplorer.org/dotbot; help@moz.com)"
216.244.66.237 - - [03/Jul/2026:14:18:04 +0200] "GET /no/component/k2/item/1?start=2270120 HTTP/1.1" 404 - "-" "Mozilla/5.0 (compatible; DotBot/1.2; +https://opensiteexplorer.org/dotbot; help@moz.com)"
216.244.66.237 - - [03/Jul/2026:14:18:06 +0200] "GET /no/component/k2/item/1?start=2275760 HTTP/1.1" 404 - "-" "Mozilla/5.0 (compatible; DotBot/1.2; +https://opensiteexplorer.org/dotbot; help@moz.com)"
85.208.96.206 - - [03/Jul/2026:14:18:06 +0200] "GET /no/component/k2/item/1?start=798540 HTTP/1.1" 404 - "-" "Mozilla/5.0 (compatible; SemrushBot/7~bl; +http://www.semrush.com/bot.html)"
216.244.66.237 - - [03/Jul/2026:14:18:08 +0200] "GET /no/component/k2/item/1?start=2276820 HTTP/1.1" 404 - "-" "Mozilla/5.0 (compatible; DotBot/1.2; +https://opensiteexplorer.org/dotbot; help@moz.com)"
216.244.66.237 - - [03/Jul/2026:14:18:10 +0200] "GET /no/component/k2/item/1?start=2278230 HTTP/1.1" 404 - "-" "Mozilla/5.0 (compatible; DotBot/1.2; +https://opensiteexplorer.org/dotbot; help@moz.com)"
85.208.96.206 - - [03/Jul/2026:14:18:10 +0200] "GET /no/component/k2/item/1?start=408720 HTTP/1.1" 404 - "-" "Mozilla/5.0 (compatible; SemrushBot/7~bl; +http://www.semrush.com/bot.html)"
216.244.66.237 - - [03/Jul/2026:14:18:11 +0200] "GET /no/component/k2/item/1?start=2278360 HTTP/1.1" 404 - "-" "Mozilla/5.0 (compatible; DotBot/1.2; +https://opensiteexplorer.org/dotbot; help@moz.com)"
216.244.66.237 - - [03/Jul/2026:14:18:14 +0200] "GET /no/component/k2/item/1?start=2281750 HTTP/1.1" 404 - "-" "Mozilla/5.0 (compatible; DotBot/1.2; +https://opensiteexplorer.org/dotbot; help@moz.com)"
216.244.66.237 - - [03/Jul/2026:14:18:15 +0200] "GET /no/component/k2/item/1?start=2284160 HTTP/1.1" 404 - "-" "Mozilla/5.0 (compatible; DotBot/1.2; +https://opensiteexplorer.org/dotbot; help@moz.com)"
216.244.66.237 - - [03/Jul/2026:14:18:17 +0200] "GET /no/component/k2/item/1?start=2290000 HTTP/1.1" 404 - "-" "Mozilla/5.0 (compatible; DotBot/1.2; +https://opensiteexplorer.org/dotbot; help@moz.com)"
85.208.96.210 - - [03/Jul/2026:14:18:18 +0200] "GET /no/component/k2/item/1?start=946410 HTTP/1.1" 404 - "-" "Mozilla/5.0 (compatible; SemrushBot/7~bl; +http://www.semrush.com/bot.html)"
216.244.66.237 - - [03/Jul/2026:14:18:19 +0200] "GET /no/component/k2/item/1?start=2292230 HTTP/1.1" 404 - "-" "Mozilla/5.0 (compatible; DotBot/1.2; +https://opensiteexplorer.org/dotbot; help@moz.com)"
216.244.66.237 - - [03/Jul/2026:14:18:20 +0200] "GET /no/component/k2/item/1?start=2298710 HTTP/1.1" 404 - "-" "Mozilla/5.0 (compatible; DotBot/1.2; +https://opensiteexplorer.org/dotbot; help@moz.com)"
216.244.66.237 - - [03/Jul/2026:14:18:21 +0200] "GET /no/component/k2/item/1?start=2320170 HTTP/1.1" 404 - "-" "Mozilla/5.0 (compatible; DotBot/1.2; +https://opensiteexplorer.org/dotbot; help@moz.com)"
216.244.66.237 - - [03/Jul/2026:14:18:22 +0200] "GET /no/component/k2/item/1?start=2325650 HTTP/1.1" 404 - "-" "Mozilla/5.0 (compatible; DotBot/1.2; +https://opensiteexplorer.org/dotbot; help@moz.com)"
216.244.66.237 - - [03/Jul/2026:14:18:23 +0200] "GET /no/component/k2/item/1?start=2331180 HTTP/1.1" 404 - "-" "Mozilla/5.0 (compatible; DotBot/1.2; +https://opensiteexplorer.org/dotbot; help@moz.com)"
85.208.96.198 - - [03/Jul/2026:14:18:23 +0200] "GET /no/component/k2/item/1?start=3145520 HTTP/1.1" 404 - "-" "Mozilla/5.0 (compatible; SemrushBot/7~bl; +http://www.semrush.com/bot.html)"
216.244.66.237 - - [03/Jul/2026:14:18:24 +0200] "GET /no/component/k2/item/1?start=2331240 HTTP/1.1" 404 - "-" "Mozilla/5.0 (compatible; DotBot/1.2; +https://opensiteexplorer.org/dotbot; help@moz.com)"
216.244.66.237 - - [03/Jul/2026:14:18:24 +0200] "GET /no/component/k2/item/1?start=2332570 HTTP/1.1" 404 - "-" "Mozilla/5.0 (compatible; DotBot/1.2; +https://opensiteexplorer.org/dotbot; help@moz.com)"
216.244.66.237 - - [03/Jul/2026:14:18:26 +0200] "GET /no/component/k2/item/1?start=2336880 HTTP/1.1" 404 - "-" "Mozilla/5.0 (compatible; DotBot/1.2; +https://opensiteexplorer.org/dotbot; help@moz.com)"
216.244.66.237 - - [03/Jul/2026:14:18:27 +0200] "GET /no/component/k2/item/1?start=2342630 HTTP/1.1" 404 - "-" "Mozilla/5.0 (compatible; DotBot/1.2; +https://opensiteexplorer.org/dotbot; help@moz.com)"
216.244.66.237 - - [03/Jul/2026:14:18:28 +0200] "GET /no/component/k2/item/1?start=2345550 HTTP/1.1" 404 - "-" "Mozilla/5.0 (compatible; DotBot/1.2; +https://opensiteexplorer.org/dotbot; help@moz.com)"
216.244.66.237 - - [03/Jul/2026:14:18:31 +0200] "GET /no/component/k2/item/1?start=2347710 HTTP/1.1" 404 - "-" "Mozilla/5.0 (compatible; DotBot/1.2; +https://opensiteexplorer.org/dotbot; help@moz.com)"
216.244.66.237 - - [03/Jul/2026:14:18:35 +0200] "GET /no/component/k2/item/1?start=2348950 HTTP/1.1" 404 - "-" "Mozilla/5.0 (compatible; DotBot/1.2; +https://opensiteexplorer.org/dotbot; help@moz.com)"
216.244.66.237 - - [03/Jul/2026:14:18:39 +0200] "GET /no/component/k2/item/1?start=2350110 HTTP/1.1" 404 - "-" "Mozilla/5.0 (compatible; DotBot/1.2; +https://opensiteexplorer.org/dotbot; help@moz.com)"
216.244.66.237 - - [03/Jul/2026:14:18:42 +0200] "GET /no/component/k2/item/1?start=2359530 HTTP/1.1" 404 - "-" "Mozilla/5.0 (compatible; DotBot/1.2; +https://opensiteexplorer.org/dotbot; help@moz.com)"
216.244.66.237 - - [03/Jul/2026:14:18:44 +0200] "GET /no/component/k2/item/1?start=2364600 HTTP/1.1" 404 - "-" "Mozilla/5.0 (compatible; DotBot/1.2; +https://opensiteexplorer.org/dotbot; help@moz.com)"
216.244.66.237 - - [03/Jul/2026:14:18:47 +0200] "GET /no/component/k2/item/1?start=2364700 HTTP/1.1" 404 - "-" "Mozilla/5.0 (compatible; DotBot/1.2; +https://opensiteexplorer.org/dotbot; help@moz.com)"
216.244.66.237 - - [03/Jul/2026:14:18:49 +0200] "GET /no/component/k2/item/1?start=2369240 HTTP/1.1" 404 - "-" "Mozilla/5.0 (compatible; DotBot/1.2; +https://opensiteexplorer.org/dotbot; help@moz.com)"
216.244.66.237 - - [03/Jul/2026:14:18:50 +0200] "GET /no/component/k2/item/1?start=2374390 HTTP/1.1" 404 - "-" "Mozilla/5.0 (compatible; DotBot/1.2; +https://opensiteexplorer.org/dotbot; help@moz.com)"
216.244.66.237 - - [03/Jul/2026:14:18:52 +0200] "GET /no/component/k2/item/1?start=2376950 HTTP/1.1" 404 - "-" "Mozilla/5.0 (compatible; DotBot/1.2; +https://opensiteexplorer.org/dotbot; help@moz.com)"
216.244.66.237 - - [03/Jul/2026:14:18:53 +0200] "GET /no/component/k2/item/1?start=2385970 HTTP/1.1" 404 - "-" "Mozilla/5.0 (compatible; DotBot/1.2; +https://opensiteexplorer.org/dotbot; help@moz.com)"
216.244.66.237 - - [03/Jul/2026:14:18:54 +0200] "GET /no/component/k2/item/1?start=2395670 HTTP/1.1" 404 - "-" "Mozilla/5.0 (compatible; DotBot/1.2; +https://opensiteexplorer.org/dotbot; help@moz.com)"
216.244.66.237 - - [03/Jul/2026:14:18:55 +0200] "GET /no/component/k2/item/1?start=2401660 HTTP/1.1" 404 - "-" "Mozilla/5.0 (compatible; DotBot/1.2; +https://opensiteexplorer.org/dotbot; help@moz.com)"
216.244.66.237 - - [03/Jul/2026:14:18:56 +0200] "GET /no/component/k2/item/1?start=2409810 HTTP/1.1" 404 - "-" "Mozilla/5.0 (compatible; DotBot/1.2; +https://opensiteexplorer.org/dotbot; help@moz.com)"
216.244.66.237 - - [03/Jul/2026:14:18:57 +0200] "GET /no/component/k2/item/1?start=2429130 HTTP/1.1" 404 - "-" "Mozilla/5.0 (compatible; DotBot/1.2; +https://opensiteexplorer.org/dotbot; help@moz.com)"
216.244.66.237 - - [03/Jul/2026:14:18:58 +0200] "GET /no/component/k2/item/1?start=2429440 HTTP/1.1" 404 - "-" "Mozilla/5.0 (compatible; DotBot/1.2; +https://opensiteexplorer.org/dotbot; help@moz.com)"
216.244.66.237 - - [03/Jul/2026:14:18:59 +0200] "GET /no/component/k2/item/1?start=2429650 HTTP/1.1" 404 - "-" "Mozilla/5.0 (compatible; DotBot/1.2; +https://opensiteexplorer.org/dotbot; help@moz.com)"
216.244.66.237 - - [03/Jul/2026:14:19:00 +0200] "GET /no/component/k2/item/1?start=2431710 HTTP/1.1" 404 - "-" "Mozilla/5.0 (compatible; DotBot/1.2; +https://opensiteexplorer.org/dotbot; help@moz.com)"
216.244.66.237 - - [03/Jul/2026:14:19:00 +0200] "GET /no/component/k2/item/1?start=2446460 HTTP/1.1" 404 - "-" "Mozilla/5.0 (compatible; DotBot/1.2; +https://opensiteexplorer.org/dotbot; help@moz.com)"
216.244.66.237 - - [03/Jul/2026:14:19:01 +0200] "GET /no/component/k2/item/1?start=2455670 HTTP/1.1" 404 - "-" "Mozilla/5.0 (compatible; DotBot/1.2; +https://opensiteexplorer.org/dotbot; help@moz.com)"
216.244.66.237 - - [03/Jul/2026:14:19:02 +0200] "GET /no/component/k2/item/1?start=2485210 HTTP/1.1" 404 - "-" "Mozilla/5.0 (compatible; DotBot/1.2; +https://opensiteexplorer.org/dotbot; help@moz.com)"
216.244.66.237 - - [03/Jul/2026:14:19:02 +0200] "GET /no/component/k2/item/1?start=2493920 HTTP/1.1" 404 - "-" "Mozilla/5.0 (compatible; DotBot/1.2; +https://opensiteexplorer.org/dotbot; help@moz.com)"
216.244.66.237 - - [03/Jul/2026:14:19:03 +0200] "GET /no/component/k2/item/1?start=2495890 HTTP/1.1" 404 - "-" "Mozilla/5.0 (compatible; DotBot/1.2; +https://opensiteexplorer.org/dotbot; help@moz.com)"
216.244.66.237 - - [03/Jul/2026:14:19:03 +0200] "GET /no/component/k2/item/1?start=2497800 HTTP/1.1" 404 - "-" "Mozilla/5.0 (compatible; DotBot/1.2; +https://opensiteexplorer.org/dotbot; help@moz.com)"
216.244.66.237 - - [03/Jul/2026:14:19:04 +0200] "GET /no/component/k2/item/1?start=2497880 HTTP/1.1" 404 - "-" "Mozilla/5.0 (compatible; DotBot/1.2; +https://opensiteexplorer.org/dotbot; help@moz.com)"
216.244.66.237 - - [03/Jul/2026:14:19:05 +0200] "GET /no/component/k2/item/1?start=2553560 HTTP/1.1" 404 - "-" "Mozilla/5.0 (compatible; DotBot/1.2; +https://opensiteexplorer.org/dotbot; help@moz.com)"
216.244.66.237 - - [03/Jul/2026:14:19:05 +0200] "GET /no/component/k2/item/1?start=2625920 HTTP/1.1" 404 - "-" "Mozilla/5.0 (compatible; DotBot/1.2; +https://opensiteexplorer.org/dotbot; help@moz.com)"
216.244.66.237 - - [03/Jul/2026:14:19:06 +0200] "GET /no/component/k2/item/1?start=2648960 HTTP/1.1" 404 - "-" "Mozilla/5.0 (compatible; DotBot/1.2; +https://opensiteexplorer.org/dotbot; help@moz.com)"
216.244.66.237 - - [03/Jul/2026:14:19:06 +0200] "GET /no/component/k2/item/1?start=2673710 HTTP/1.1" 404 - "-" "Mozilla/5.0 (compatible; DotBot/1.2; +https://opensiteexplorer.org/dotbot; help@moz.com)"
216.244.66.237 - - [03/Jul/2026:14:19:07 +0200] "GET /no/component/k2/item/1?start=2682810 HTTP/1.1" 404 - "-" "Mozilla/5.0 (compatible; DotBot/1.2; +https://opensiteexplorer.org/dotbot; help@moz.com)"
216.244.66.237 - - [03/Jul/2026:14:19:08 +0200] "GET /no/component/k2/item/1?start=2683170 HTTP/1.1" 404 - "-" "Mozilla/5.0 (compatible; DotBot/1.2; +https://opensiteexplorer.org/dotbot; help@moz.com)"
216.244.66.237 - - [03/Jul/2026:14:19:08 +0200] "GET /no/component/k2/item/1?start=2709670 HTTP/1.1" 404 - "-" "Mozilla/5.0 (compatible; DotBot/1.2; +https://opensiteexplorer.org/dotbot; help@moz.com)"
216.244.66.237 - - [03/Jul/2026:14:19:09 +0200] "GET /no/component/k2/item/1?start=2714400 HTTP/1.1" 404 - "-" "Mozilla/5.0 (compatible; DotBot/1.2; +https://opensiteexplorer.org/dotbot; help@moz.com)"
216.244.66.237 - - [03/Jul/2026:14:19:10 +0200] "GET /no/component/k2/item/1?start=2731220 HTTP/1.1" 404 - "-" "Mozilla/5.0 (compatible; DotBot/1.2; +https://opensiteexplorer.org/dotbot; help@moz.com)"
216.244.66.237 - - [03/Jul/2026:14:19:10 +0200] "GET /no/component/k2/item/1?start=2740090 HTTP/1.1" 404 - "-" "Mozilla/5.0 (compatible; DotBot/1.2; +https://opensiteexplorer.org/dotbot; help@moz.com)"
216.244.66.237 - - [03/Jul/2026:14:19:11 +0200] "GET /no/component/k2/item/1?start=2789790 HTTP/1.1" 404 - "-" "Mozilla/5.0 (compatible; DotBot/1.2; +https://opensiteexplorer.org/dotbot; help@moz.com)"
216.244.66.237 - - [03/Jul/2026:14:19:12 +0200] "GET /no/component/k2/item/1?start=2796160 HTTP/1.1" 404 - "-" "Mozilla/5.0 (compatible; DotBot/1.2; +https://opensiteexplorer.org/dotbot; help@moz.com)"
216.244.66.237 - - [03/Jul/2026:14:19:12 +0200] "GET /no/component/k2/item/1?start=2819500 HTTP/1.1" 404 - "-" "Mozilla/5.0 (compatible; DotBot/1.2; +https://opensiteexplorer.org/dotbot; help@moz.com)"
216.244.66.237 - - [03/Jul/2026:14:19:13 +0200] "GET /no/component/k2/item/1?start=2834100 HTTP/1.1" 404 - "-" "Mozilla/5.0 (compatible; DotBot/1.2; +https://opensiteexplorer.org/dotbot; help@moz.com)"
216.244.66.237 - - [03/Jul/2026:14:19:14 +0200] "GET /no/component/k2/item/1?start=2837570 HTTP/1.1" 404 - "-" "Mozilla/5.0 (compatible; DotBot/1.2; +https://opensiteexplorer.org/dotbot; help@moz.com)"
216.244.66.237 - - [03/Jul/2026:14:19:14 +0200] "GET /no/component/k2/item/1?start=2841070 HTTP/1.1" 404 - "-" "Mozilla/5.0 (compatible; DotBot/1.2; +https://opensiteexplorer.org/dotbot; help@moz.com)"
185.191.171.19 - - [03/Jul/2026:14:19:15 +0200] "GET /no/component/k2/item/1?start=652280 HTTP/1.1" 404 - "-" "Mozilla/5.0 (compatible; SemrushBot/7~bl; +http://www.semrush.com/bot.html)"
216.244.66.237 - - [03/Jul/2026:14:19:15 +0200] "GET /no/component/k2/item/1?start=2861340 HTTP/1.1" 404 - "-" "Mozilla/5.0 (compatible; DotBot/1.2; +https://opensiteexplorer.org/dotbot; help@moz.com)"
216.244.66.237 - - [03/Jul/2026:14:19:16 +0200] "GET /no/component/k2/item/1?start=2861860 HTTP/1.1" 404 - "-" "Mozilla/5.0 (compatible; DotBot/1.2; +https://opensiteexplorer.org/dotbot; help@moz.com)"
216.244.66.237 - - [03/Jul/2026:14:19:16 +0200] "GET /no/component/k2/item/1?start=2865360 HTTP/1.1" 404 - "-" "Mozilla/5.0 (compatible; DotBot/1.2; +https://opensiteexplorer.org/dotbot; help@moz.com)"
216.244.66.237 - - [03/Jul/2026:14:19:17 +0200] "GET /no/component/k2/item/1?start=2869560 HTTP/1.1" 404 - "-" "Mozilla/5.0 (compatible; DotBot/1.2; +https://opensiteexplorer.org/dotbot; help@moz.com)"
216.244.66.237 - - [03/Jul/2026:14:19:18 +0200] "GET /no/component/k2/item/1?start=2876990 HTTP/1.1" 404 - "-" "Mozilla/5.0 (compatible; DotBot/1.2; +https://opensiteexplorer.org/dotbot; help@moz.com)"
216.244.66.237 - - [03/Jul/2026:14:19:18 +0200] "GET /no/component/k2/item/1?start=2900250 HTTP/1.1" 404 - "-" "Mozilla/5.0 (compatible; DotBot/1.2; +https://opensiteexplorer.org/dotbot; help@moz.com)"
216.244.66.237 - - [03/Jul/2026:14:19:19 +0200] "GET /no/component/k2/item/1?start=2901110 HTTP/1.1" 404 - "-" "Mozilla/5.0 (compatible; DotBot/1.2; +https://opensiteexplorer.org/dotbot; help@moz.com)"
216.244.66.237 - - [03/Jul/2026:14:19:19 +0200] "GET /no/component/k2/item/1?start=2921570 HTTP/1.1" 404 - "-" "Mozilla/5.0 (compatible; DotBot/1.2; +https://opensiteexplorer.org/dotbot; help@moz.com)"
216.244.66.237 - - [03/Jul/2026:14:19:20 +0200] "GET /no/component/k2/item/1?start=2921830 HTTP/1.1" 404 - "-" "Mozilla/5.0 (compatible; DotBot/1.2; +https://opensiteexplorer.org/dotbot; help@moz.com)"
216.244.66.237 - - [03/Jul/2026:14:19:21 +0200] "GET /no/component/k2/item/1?start=2948410 HTTP/1.1" 404 - "-" "Mozilla/5.0 (compatible; DotBot/1.2; +https://opensiteexplorer.org/dotbot; help@moz.com)"
216.244.66.237 - - [03/Jul/2026:14:19:21 +0200] "GET /no/component/k2/item/1?start=2949120 HTTP/1.1" 404 - "-" "Mozilla/5.0 (compatible; DotBot/1.2; +https://opensiteexplorer.org/dotbot; help@moz.com)"
216.244.66.237 - - [03/Jul/2026:14:19:22 +0200] "GET /no/component/k2/item/1?start=2955680 HTTP/1.1" 404 - "-" "Mozilla/5.0 (compatible; DotBot/1.2; +https://opensiteexplorer.org/dotbot; help@moz.com)"
216.244.66.237 - - [03/Jul/2026:14:19:23 +0200] "GET /no/component/k2/item/1?start=2955730 HTTP/1.1" 404 - "-" "Mozilla/5.0 (compatible; DotBot/1.2; +https://opensiteexplorer.org/dotbot; help@moz.com)"
216.244.66.237 - - [03/Jul/2026:14:19:23 +0200] "GET /no/component/k2/item/1?start=2977070 HTTP/1.1" 404 - "-" "Mozilla/5.0 (compatible; DotBot/1.2; +https://opensiteexplorer.org/dotbot; help@moz.com)"
216.244.66.237 - - [03/Jul/2026:14:19:24 +0200] "GET /no/component/k2/item/1?start=2982860 HTTP/1.1" 404 - "-" "Mozilla/5.0 (compatible; DotBot/1.2; +https://opensiteexplorer.org/dotbot; help@moz.com)"
216.244.66.237 - - [03/Jul/2026:14:19:24 +0200] "GET /no/component/k2/item/1?start=3005050 HTTP/1.1" 404 - "-" "Mozilla/5.0 (compatible; DotBot/1.2; +https://opensiteexplorer.org/dotbot; help@moz.com)"
216.244.66.237 - - [03/Jul/2026:14:19:25 +0200] "GET /no/component/k2/item/1?start=3012170 HTTP/1.1" 404 - "-" "Mozilla/5.0 (compatible; DotBot/1.2; +https://opensiteexplorer.org/dotbot; help@moz.com)"
216.244.66.237 - - [03/Jul/2026:14:19:26 +0200] "GET /no/component/k2/item/1?start=3012900 HTTP/1.1" 404 - "-" "Mozilla/5.0 (compatible; DotBot/1.2; +https://opensiteexplorer.org/dotbot; help@moz.com)"
216.244.66.237 - - [03/Jul/2026:14:19:26 +0200] "GET /no/component/k2/item/1?start=3023130 HTTP/1.1" 404 - "-" "Mozilla/5.0 (compatible; DotBot/1.2; +https://opensiteexplorer.org/dotbot; help@moz.com)"
216.244.66.237 - - [03/Jul/2026:14:19:27 +0200] "GET /no/component/k2/item/1?start=3086710 HTTP/1.1" 404 - "-" "Mozilla/5.0 (compatible; DotBot/1.2; +https://opensiteexplorer.org/dotbot; help@moz.com)"
216.244.66.237 - - [03/Jul/2026:14:19:27 +0200] "GET /no/component/k2/item/1?start=3093970 HTTP/1.1" 404 - "-" "Mozilla/5.0 (compatible; DotBot/1.2; +https://opensiteexplorer.org/dotbot; help@moz.com)"
216.244.66.237 - - [03/Jul/2026:14:19:28 +0200] "GET /no/component/k2/item/1?start=3096100 HTTP/1.1" 404 - "-" "Mozilla/5.0 (compatible; DotBot/1.2; +https://opensiteexplorer.org/dotbot; help@moz.com)"
216.244.66.237 - - [03/Jul/2026:14:19:29 +0200] "GET /no/component/k2/item/1?start=3101530 HTTP/1.1" 404 - "-" "Mozilla/5.0 (compatible; DotBot/1.2; +https://opensiteexplorer.org/dotbot; help@moz.com)"
216.244.66.237 - - [03/Jul/2026:14:19:29 +0200] "GET /no/component/k2/item/1?start=3101570 HTTP/1.1" 404 - "-" "Mozilla/5.0 (compatible; DotBot/1.2; +https://opensiteexplorer.org/dotbot; help@moz.com)"
216.244.66.237 - - [03/Jul/2026:14:19:30 +0200] "GET /no/component/k2/item/1?start=3134520 HTTP/1.1" 404 - "-" "Mozilla/5.0 (compatible; DotBot/1.2; +https://opensiteexplorer.org/dotbot; help@moz.com)"
216.244.66.237 - - [03/Jul/2026:14:19:30 +0200] "GET /no/component/k2/item/1?start=3138390 HTTP/1.1" 404 - "-" "Mozilla/5.0 (compatible; DotBot/1.2; +https://opensiteexplorer.org/dotbot; help@moz.com)"
216.244.66.237 - - [03/Jul/2026:14:19:31 +0200] "GET /no/component/k2/item/1?start=3168040 HTTP/1.1" 404 - "-" "Mozilla/5.0 (compatible; DotBot/1.2; +https://opensiteexplorer.org/dotbot; help@moz.com)"
216.244.66.237 - - [03/Jul/2026:14:19:32 +0200] "GET /no/component/k2/item/1?start=3176480 HTTP/1.1" 404 - "-" "Mozilla/5.0 (compatible; DotBot/1.2; +https://opensiteexplorer.org/dotbot; help@moz.com)"
216.244.66.237 - - [03/Jul/2026:14:19:32 +0200] "GET /no/component/k2/item/1?start=3205840 HTTP/1.1" 404 - "-" "Mozilla/5.0 (compatible; DotBot/1.2; +https://opensiteexplorer.org/dotbot; help@moz.com)"
216.244.66.237 - - [03/Jul/2026:14:19:33 +0200] "GET /no/component/k2/item/1?start=3230540 HTTP/1.1" 404 - "-" "Mozilla/5.0 (compatible; DotBot/1.2; +https://opensiteexplorer.org/dotbot; help@moz.com)"
216.244.66.237 - - [03/Jul/2026:14:19:34 +0200] "GET /no/component/k2/item/1?start=3231970 HTTP/1.1" 404 - "-" "Mozilla/5.0 (compatible; DotBot/1.2; +https://opensiteexplorer.org/dotbot; help@moz.com)"
216.244.66.237 - - [03/Jul/2026:14:19:34 +0200] "GET /no/component/k2/item/1?start=3280040 HTTP/1.1" 404 - "-" "Mozilla/5.0 (compatible; DotBot/1.2; +https://opensiteexplorer.org/dotbot; help@moz.com)"
216.244.66.237 - - [03/Jul/2026:14:19:35 +0200] "GET /no/component/k2/item/1?start=3305780 HTTP/1.1" 404 - "-" "Mozilla/5.0 (compatible; DotBot/1.2; +https://opensiteexplorer.org/dotbot; help@moz.com)"
185.191.171.4 - - [03/Jul/2026:14:19:35 +0200] "GET /no/component/k2/item/1%3C?start=3655560 HTTP/1.1" 404 - "-" "Mozilla/5.0 (compatible; SemrushBot/7~bl; +http://www.semrush.com/bot.html)"
216.244.66.237 - - [03/Jul/2026:14:19:35 +0200] "GET /no/component/k2/item/1?start=3306940 HTTP/1.1" 404 - "-" "Mozilla/5.0 (compatible; DotBot/1.2; +https://opensiteexplorer.org/dotbot; help@moz.com)"
216.244.66.237 - - [03/Jul/2026:14:19:36 +0200] "GET /no/component/k2/item/1?start=3309260 HTTP/1.1" 404 - "-" "Mozilla/5.0 (compatible; DotBot/1.2; +https://opensiteexplorer.org/dotbot; help@moz.com)"
216.244.66.237 - - [03/Jul/2026:14:19:36 +0200] "GET /no/component/k2/item/1?start=3311280 HTTP/1.1" 404 - "-" "Mozilla/5.0 (compatible; DotBot/1.2; +https://opensiteexplorer.org/dotbot; help@moz.com)"
216.244.66.237 - - [03/Jul/2026:14:19:37 +0200] "GET /no/component/k2/item/1?start=3315800 HTTP/1.1" 404 - "-" "Mozilla/5.0 (compatible; DotBot/1.2; +https://opensiteexplorer.org/dotbot; help@moz.com)"
216.244.66.237 - - [03/Jul/2026:14:19:38 +0200] "GET /no/component/k2/item/1?start=3322740 HTTP/1.1" 404 - "-" "Mozilla/5.0 (compatible; DotBot/1.2; +https://opensiteexplorer.org/dotbot; help@moz.com)"
216.244.66.237 - - [03/Jul/2026:14:19:38 +0200] "GET /no/component/k2/item/1?start=3328540 HTTP/1.1" 404 - "-" "Mozilla/5.0 (compatible; DotBot/1.2; +https://opensiteexplorer.org/dotbot; help@moz.com)"
216.244.66.237 - - [03/Jul/2026:14:19:39 +0200] "GET /no/component/k2/item/1?start=3332700 HTTP/1.1" 404 - "-" "Mozilla/5.0 (compatible; DotBot/1.2; +https://opensiteexplorer.org/dotbot; help@moz.com)"
216.244.66.237 - - [03/Jul/2026:14:19:39 +0200] "GET /no/component/k2/item/1?start=3335280 HTTP/1.1" 404 - "-" "Mozilla/5.0 (compatible; DotBot/1.2; +https://opensiteexplorer.org/dotbot; help@moz.com)"
216.244.66.237 - - [03/Jul/2026:14:19:40 +0200] "GET /no/component/k2/item/1?start=3350920 HTTP/1.1" 404 - "-" "Mozilla/5.0 (compatible; DotBot/1.2; +https://opensiteexplorer.org/dotbot; help@moz.com)"
216.244.66.237 - - [03/Jul/2026:14:19:41 +0200] "GET /no/component/k2/item/1?start=3351370 HTTP/1.1" 404 - "-" "Mozilla/5.0 (compatible; DotBot/1.2; +https://opensiteexplorer.org/dotbot; help@moz.com)"
216.244.66.237 - - [03/Jul/2026:14:19:41 +0200] "GET /no/component/k2/item/1?start=3351950 HTTP/1.1" 404 - "-" "Mozilla/5.0 (compatible; DotBot/1.2; +https://opensiteexplorer.org/dotbot; help@moz.com)"
216.244.66.237 - - [03/Jul/2026:14:19:42 +0200] "GET /no/component/k2/item/1?start=3353020 HTTP/1.1" 404 - "-" "Mozilla/5.0 (compatible; DotBot/1.2; +https://opensiteexplorer.org/dotbot; help@moz.com)"
216.244.66.237 - - [03/Jul/2026:14:19:42 +0200] "GET /no/component/k2/item/1?start=3354530 HTTP/1.1" 404 - "-" "Mozilla/5.0 (compatible; DotBot/1.2; +https://opensiteexplorer.org/dotbot; help@moz.com)"
216.244.66.237 - - [03/Jul/2026:14:19:43 +0200] "GET /no/component/k2/item/1?start=3367770 HTTP/1.1" 404 - "-" "Mozilla/5.0 (compatible; DotBot/1.2; +https://opensiteexplorer.org/dotbot; help@moz.com)"
216.244.66.237 - - [03/Jul/2026:14:19:44 +0200] "GET /no/component/k2/item/1?start=3386280 HTTP/1.1" 404 - "-" "Mozilla/5.0 (compatible; DotBot/1.2; +https://opensiteexplorer.org/dotbot; help@moz.com)"
216.244.66.237 - - [03/Jul/2026:14:19:44 +0200] "GET /no/component/k2/item/1?start=3389210 HTTP/1.1" 404 - "-" "Mozilla/5.0 (compatible; DotBot/1.2; +https://opensiteexplorer.org/dotbot; help@moz.com)"
216.244.66.237 - - [03/Jul/2026:14:19:45 +0200] "GET /no/component/k2/item/1?start=3393070 HTTP/1.1" 404 - "-" "Mozilla/5.0 (compatible; DotBot/1.2; +https://opensiteexplorer.org/dotbot; help@moz.com)"
216.244.66.237 - - [03/Jul/2026:14:19:45 +0200] "GET /no/component/k2/item/1?start=3426150 HTTP/1.1" 404 - "-" "Mozilla/5.0 (compatible; DotBot/1.2; +https://opensiteexplorer.org/dotbot; help@moz.com)"
85.208.96.207 - - [03/Jul/2026:14:19:46 +0200] "GET /no/component/k2/item/1?start=3927620 HTTP/1.1" 404 - "-" "Mozilla/5.0 (compatible; SemrushBot/7~bl; +http://www.semrush.com/bot.html)"
216.244.66.237 - - [03/Jul/2026:14:19:46 +0200] "GET /no/component/k2/item/1?start=3428430 HTTP/1.1" 404 - "-" "Mozilla/5.0 (compatible; DotBot/1.2; +https://opensiteexplorer.org/dotbot; help@moz.com)"
216.244.66.237 - - [03/Jul/2026:14:19:47 +0200] "GET /no/component/k2/item/1?start=3455660 HTTP/1.1" 404 - "-" "Mozilla/5.0 (compatible; DotBot/1.2; +https://opensiteexplorer.org/dotbot; help@moz.com)"
216.244.66.237 - - [03/Jul/2026:14:19:47 +0200] "GET /no/component/k2/item/1?start=3458190 HTTP/1.1" 404 - "-" "Mozilla/5.0 (compatible; DotBot/1.2; +https://opensiteexplorer.org/dotbot; help@moz.com)"
216.244.66.237 - - [03/Jul/2026:14:19:48 +0200] "GET /no/component/k2/item/1?start=3464490 HTTP/1.1" 404 - "-" "Mozilla/5.0 (compatible; DotBot/1.2; +https://opensiteexplorer.org/dotbot; help@moz.com)"
85.208.96.210 - - [03/Jul/2026:14:19:48 +0200] "GET /no/component/k2/item/1?start=1371150 HTTP/1.1" 404 - "-" "Mozilla/5.0 (compatible; SemrushBot/7~bl; +http://www.semrush.com/bot.html)"
216.244.66.237 - - [03/Jul/2026:14:19:48 +0200] "GET /no/component/k2/item/1?start=3491250 HTTP/1.1" 404 - "-" "Mozilla/5.0 (compatible; DotBot/1.2; +https://opensiteexplorer.org/dotbot; help@moz.com)"
216.244.66.237 - - [03/Jul/2026:14:19:49 +0200] "GET /no/component/k2/item/1?start=3524140 HTTP/1.1" 404 - "-" "Mozilla/5.0 (compatible; DotBot/1.2; +https://opensiteexplorer.org/dotbot; help@moz.com)"
216.244.66.237 - - [03/Jul/2026:14:19:50 +0200] "GET /no/component/k2/item/1?start=3545920 HTTP/1.1" 404 - "-" "Mozilla/5.0 (compatible; DotBot/1.2; +https://opensiteexplorer.org/dotbot; help@moz.com)"
216.244.66.237 - - [03/Jul/2026:14:19:50 +0200] "GET /no/component/k2/item/1?start=3549580 HTTP/1.1" 404 - "-" "Mozilla/5.0 (compatible; DotBot/1.2; +https://opensiteexplorer.org/dotbot; help@moz.com)"
216.244.66.237 - - [03/Jul/2026:14:19:51 +0200] "GET /no/component/k2/item/1?start=3550390 HTTP/1.1" 404 - "-" "Mozilla/5.0 (compatible; DotBot/1.2; +https://opensiteexplorer.org/dotbot; help@moz.com)"
216.244.66.237 - - [03/Jul/2026:14:19:51 +0200] "GET /no/component/k2/item/1?start=3558840 HTTP/1.1" 404 - "-" "Mozilla/5.0 (compatible; DotBot/1.2; +https://opensiteexplorer.org/dotbot; help@moz.com)"
216.244.66.237 - - [03/Jul/2026:14:19:52 +0200] "GET /no/component/k2/item/1?start=3582740 HTTP/1.1" 404 - "-" "Mozilla/5.0 (compatible; DotBot/1.2; +https://opensiteexplorer.org/dotbot; help@moz.com)"
216.244.66.237 - - [03/Jul/2026:14:19:53 +0200] "GET /no/component/k2/item/1?start=3614420 HTTP/1.1" 404 - "-" "Mozilla/5.0 (compatible; DotBot/1.2; +https://opensiteexplorer.org/dotbot; help@moz.com)"
216.244.66.237 - - [03/Jul/2026:14:19:53 +0200] "GET /no/component/k2/item/1?start=3640470 HTTP/1.1" 404 - "-" "Mozilla/5.0 (compatible; DotBot/1.2; +https://opensiteexplorer.org/dotbot; help@moz.com)"
216.244.66.237 - - [03/Jul/2026:14:19:54 +0200] "GET /no/component/k2/item/1?start=3641020 HTTP/1.1" 404 - "-" "Mozilla/5.0 (compatible; DotBot/1.2; +https://opensiteexplorer.org/dotbot; help@moz.com)"
216.244.66.237 - - [03/Jul/2026:14:19:55 +0200] "GET /no/component/k2/item/1?start=3654950 HTTP/1.1" 404 - "-" "Mozilla/5.0 (compatible; DotBot/1.2; +https://opensiteexplorer.org/dotbot; help@moz.com)"
216.244.66.237 - - [03/Jul/2026:14:19:55 +0200] "GET /no/component/k2/item/1?start=3673080 HTTP/1.1" 404 - "-" "Mozilla/5.0 (compatible; DotBot/1.2; +https://opensiteexplorer.org/dotbot; help@moz.com)"
216.244.66.237 - - [03/Jul/2026:14:19:56 +0200] "GET /no/component/k2/item/1?start=3688260 HTTP/1.1" 404 - "-" "Mozilla/5.0 (compatible; DotBot/1.2; +https://opensiteexplorer.org/dotbot; help@moz.com)"
216.244.66.237 - - [03/Jul/2026:14:19:56 +0200] "GET /no/component/k2/item/1?start=3697950 HTTP/1.1" 404 - "-" "Mozilla/5.0 (compatible; DotBot/1.2; +https://opensiteexplorer.org/dotbot; help@moz.com)"
216.244.66.237 - - [03/Jul/2026:14:19:57 +0200] "GET /no/component/k2/item/1?start=3719200 HTTP/1.1" 404 - "-" "Mozilla/5.0 (compatible; DotBot/1.2; +https://opensiteexplorer.org/dotbot; help@moz.com)"
216.244.66.237 - - [03/Jul/2026:14:19:58 +0200] "GET /no/component/k2/item/1?start=3822870 HTTP/1.1" 404 - "-" "Mozilla/5.0 (compatible; DotBot/1.2; +https://opensiteexplorer.org/dotbot; help@moz.com)"
216.244.66.237 - - [03/Jul/2026:14:19:58 +0200] "GET /no/component/k2/item/1?start=3824700 HTTP/1.1" 404 - "-" "Mozilla/5.0 (compatible; DotBot/1.2; +https://opensiteexplorer.org/dotbot; help@moz.com)"
216.244.66.237 - - [03/Jul/2026:14:19:59 +0200] "GET /no/component/k2/item/1?start=3825180 HTTP/1.1" 404 - "-" "Mozilla/5.0 (compatible; DotBot/1.2; +https://opensiteexplorer.org/dotbot; help@moz.com)"
216.244.66.237 - - [03/Jul/2026:14:20:00 +0200] "GET /no/component/k2/item/1?start=3826280 HTTP/1.1" 404 - "-" "Mozilla/5.0 (compatible; DotBot/1.2; +https://opensiteexplorer.org/dotbot; help@moz.com)"
85.208.96.195 - - [03/Jul/2026:14:20:00 +0200] "GET /no/component/k2/item/1?start=1408850 HTTP/1.1" 404 - "-" "Mozilla/5.0 (compatible; SemrushBot/7~bl; +http://www.semrush.com/bot.html)"
216.244.66.237 - - [03/Jul/2026:14:20:00 +0200] "GET /no/component/k2/item/1?start=3919620 HTTP/1.1" 404 - "-" "Mozilla/5.0 (compatible; DotBot/1.2; +https://opensiteexplorer.org/dotbot; help@moz.com)"
216.244.66.237 - - [03/Jul/2026:14:20:01 +0200] "GET /no/component/k2/item/1?start=3920740 HTTP/1.1" 404 - "-" "Mozilla/5.0 (compatible; DotBot/1.2; +https://opensiteexplorer.org/dotbot; help@moz.com)"
216.244.66.237 - - [03/Jul/2026:14:20:02 +0200] "GET /no/component/k2/item/1?start=3943360 HTTP/1.1" 404 - "-" "Mozilla/5.0 (compatible; DotBot/1.2; +https://opensiteexplorer.org/dotbot; help@moz.com)"
216.244.66.237 - - [03/Jul/2026:14:20:02 +0200] "GET /no/component/k2/item/1?start=3960880 HTTP/1.1" 404 - "-" "Mozilla/5.0 (compatible; DotBot/1.2; +https://opensiteexplorer.org/dotbot; help@moz.com)"
216.244.66.237 - - [03/Jul/2026:14:20:03 +0200] "GET /no/component/k2/item/1?start=3996920 HTTP/1.1" 404 - "-" "Mozilla/5.0 (compatible; DotBot/1.2; +https://opensiteexplorer.org/dotbot; help@moz.com)"
85.208.96.198 - - [03/Jul/2026:14:20:03 +0200] "GET /no/component/k2/item/1?start=4292570 HTTP/1.1" 404 - "-" "Mozilla/5.0 (compatible; SemrushBot/7~bl; +http://www.semrush.com/bot.html)"
216.244.66.237 - - [03/Jul/2026:14:20:03 +0200] "GET /no/component/k2/item/1?start=4000800 HTTP/1.1" 404 - "-" "Mozilla/5.0 (compatible; DotBot/1.2; +https://opensiteexplorer.org/dotbot; help@moz.com)"
216.244.66.237 - - [03/Jul/2026:14:20:04 +0200] "GET /no/component/k2/item/1?start=4001040 HTTP/1.1" 404 - "-" "Mozilla/5.0 (compatible; DotBot/1.2; +https://opensiteexplorer.org/dotbot; help@moz.com)"
216.244.66.237 - - [03/Jul/2026:14:20:04 +0200] "GET /no/component/k2/item/1?start=4001620 HTTP/1.1" 404 - "-" "Mozilla/5.0 (compatible; DotBot/1.2; +https://opensiteexplorer.org/dotbot; help@moz.com)"
216.244.66.237 - - [03/Jul/2026:14:20:05 +0200] "GET /no/component/k2/item/1?start=4005660 HTTP/1.1" 404 - "-" "Mozilla/5.0 (compatible; DotBot/1.2; +https://opensiteexplorer.org/dotbot; help@moz.com)"
216.244.66.237 - - [03/Jul/2026:14:20:06 +0200] "GET /no/component/k2/item/1?start=4057650 HTTP/1.1" 404 - "-" "Mozilla/5.0 (compatible; DotBot/1.2; +https://opensiteexplorer.org/dotbot; help@moz.com)"
216.244.66.237 - - [03/Jul/2026:14:20:06 +0200] "GET /no/component/k2/item/1?start=4085530 HTTP/1.1" 404 - "-" "Mozilla/5.0 (compatible; DotBot/1.2; +https://opensiteexplorer.org/dotbot; help@moz.com)"
185.191.171.15 - - [03/Jul/2026:14:20:06 +0200] "GET /no/component/k2/item/1?start=144360 HTTP/1.1" 404 - "-" "Mozilla/5.0 (compatible; SemrushBot/7~bl; +http://www.semrush.com/bot.html)"
216.244.66.237 - - [03/Jul/2026:14:20:07 +0200] "GET /no/component/k2/item/1?start=4159430 HTTP/1.1" 404 - "-" "Mozilla/5.0 (compatible; DotBot/1.2; +https://opensiteexplorer.org/dotbot; help@moz.com)"
216.244.66.237 - - [03/Jul/2026:14:20:08 +0200] "GET /no/component/k2/item/1?start=4286140 HTTP/1.1" 404 - "-" "Mozilla/5.0 (compatible; DotBot/1.2; +https://opensiteexplorer.org/dotbot; help@moz.com)"
216.244.66.237 - - [03/Jul/2026:14:20:08 +0200] "GET /no/component/k2/item/1?start=4290420 HTTP/1.1" 404 - "-" "Mozilla/5.0 (compatible; DotBot/1.2; +https://opensiteexplorer.org/dotbot; help@moz.com)"
185.191.171.1 - - [03/Jul/2026:14:20:08 +0200] "GET /no/component/k2/item/1?start=4117430 HTTP/1.1" 404 - "-" "Mozilla/5.0 (compatible; SemrushBot/7~bl; +http://www.semrush.com/bot.html)"
216.244.66.237 - - [03/Jul/2026:14:20:09 +0200] "GET /no/component/k2/item/1?start=4309550 HTTP/1.1" 404 - "-" "Mozilla/5.0 (compatible; DotBot/1.2; +https://opensiteexplorer.org/dotbot; help@moz.com)"
216.244.66.237 - - [03/Jul/2026:14:20:09 +0200] "GET /no/component/k2/item/1?start=4317980 HTTP/1.1" 404 - "-" "Mozilla/5.0 (compatible; DotBot/1.2; +https://opensiteexplorer.org/dotbot; help@moz.com)"
216.244.66.237 - - [03/Jul/2026:14:20:10 +0200] "GET /no/component/k2/item/1?start=4320060 HTTP/1.1" 404 - "-" "Mozilla/5.0 (compatible; DotBot/1.2; +https://opensiteexplorer.org/dotbot; help@moz.com)"
216.244.66.237 - - [03/Jul/2026:14:20:11 +0200] "GET /no/component/k2/item/1?start=4324160 HTTP/1.1" 404 - "-" "Mozilla/5.0 (compatible; DotBot/1.2; +https://opensiteexplorer.org/dotbot; help@moz.com)"
216.244.66.237 - - [03/Jul/2026:14:20:11 +0200] "GET /no/component/k2/item/1?start=4328910 HTTP/1.1" 404 - "-" "Mozilla/5.0 (compatible; DotBot/1.2; +https://opensiteexplorer.org/dotbot; help@moz.com)"
216.244.66.237 - - [03/Jul/2026:14:20:12 +0200] "GET /no/component/k2/item/1?start=4329150 HTTP/1.1" 404 - "-" "Mozilla/5.0 (compatible; DotBot/1.2; +https://opensiteexplorer.org/dotbot; help@moz.com)"
216.244.66.237 - - [03/Jul/2026:14:20:12 +0200] "GET /no/component/k2/item/1?start=4340240 HTTP/1.1" 404 - "-" "Mozilla/5.0 (compatible; DotBot/1.2; +https://opensiteexplorer.org/dotbot; help@moz.com)"
216.244.66.237 - - [03/Jul/2026:14:20:13 +0200] "GET /no/component/k2/item/1?start=4378300 HTTP/1.1" 404 - "-" "Mozilla/5.0 (compatible; DotBot/1.2; +https://opensiteexplorer.org/dotbot; help@moz.com)"
216.244.66.237 - - [03/Jul/2026:14:20:13 +0200] "GET /no/component/k2/item/1?start=4406630 HTTP/1.1" 404 - "-" "Mozilla/5.0 (compatible; DotBot/1.2; +https://opensiteexplorer.org/dotbot; help@moz.com)"
216.244.66.237 - - [03/Jul/2026:14:20:14 +0200] "GET /no/component/k2/item/1?start=4416790 HTTP/1.1" 404 - "-" "Mozilla/5.0 (compatible; DotBot/1.2; +https://opensiteexplorer.org/dotbot; help@moz.com)"
185.191.171.16 - - [03/Jul/2026:14:20:29 +0200] "GET /no/component/k2/item/1?start=2686180 HTTP/1.1" 404 - "-" "Mozilla/5.0 (compatible; SemrushBot/7~bl; +http://www.semrush.com/bot.html)"
85.208.96.210 - - [03/Jul/2026:14:20:31 +0200] "GET /no/component/k2/item/1?start=4372220 HTTP/1.1" 404 - "-" "Mozilla/5.0 (compatible; SemrushBot/7~bl; +http://www.semrush.com/bot.html)"
185.191.171.8 - - [03/Jul/2026:14:20:55 +0200] "GET /no/component/k2/item/1%3C?start=4085730 HTTP/1.1" 404 - "-" "Mozilla/5.0 (compatible; SemrushBot/7~bl; +http://www.semrush.com/bot.html)"
185.191.171.5 - - [03/Jul/2026:14:21:03 +0200] "GET /no/component/k2/item/1?start=3699230 HTTP/1.1" 404 - "-" "Mozilla/5.0 (compatible; SemrushBot/7~bl; +http://www.semrush.com/bot.html)"
85.208.96.197 - - [03/Jul/2026:14:21:25 +0200] "GET /no/component/k2/item/1?start=3520400 HTTP/1.1" 404 - "-" "Mozilla/5.0 (compatible; SemrushBot/7~bl; +http://www.semrush.com/bot.html)"
85.208.96.199 - - [03/Jul/2026:14:21:28 +0200] "GET /no/component/k2/item/1?start=1362270 HTTP/1.1" 404 - "-" "Mozilla/5.0 (compatible; SemrushBot/7~bl; +http://www.semrush.com/bot.html)"
85.208.96.195 - - [03/Jul/2026:14:21:35 +0200] "GET /no/component/k2/item/1?start=964620 HTTP/1.1" 404 - "-" "Mozilla/5.0 (compatible; SemrushBot/7~bl; +http://www.semrush.com/bot.html)"
85.208.96.205 - - [03/Jul/2026:14:22:06 +0200] "GET /no/component/k2/item/1?start=3100160 HTTP/1.1" 404 - "-" "Mozilla/5.0 (compatible; SemrushBot/7~bl; +http://www.semrush.com/bot.html)"
85.208.96.212 - - [03/Jul/2026:14:22:10 +0200] "GET /no/component/k2/item/1?start=1365950 HTTP/1.1" 404 - "-" "Mozilla/5.0 (compatible; SemrushBot/7~bl; +http://www.semrush.com/bot.html)"
85.208.96.209 - - [03/Jul/2026:14:22:25 +0200] "GET /no/component/k2/item/1%3C?start=3967580 HTTP/1.1" 404 - "-" "Mozilla/5.0 (compatible; SemrushBot/7~bl; +http://www.semrush.com/bot.html)"
185.191.171.5 - - [03/Jul/2026:14:22:36 +0200] "GET /no/component/k2/item/1?start=2964650 HTTP/1.1" 404 - "-" "Mozilla/5.0 (compatible; SemrushBot/7~bl; +http://www.semrush.com/bot.html)"
43.157.153.236 - - [03/Jul/2026:14:22:38 +0200] "GET /?C=M;O=D HTTP/1.1" 200 7548 "-" "Mozilla/5.0 (iPhone; CPU iPhone OS 13_2_3 like Mac OS X) AppleWebKit/605.1.15 (KHTML, like Gecko) Version/13.0.3 Mobile/15E148 Safari/604.1"
185.191.171.10 - - [03/Jul/2026:14:23:10 +0200] "GET /no/component/k2/item/1%3C?start=4228590 HTTP/1.1" 404 - "-" "Mozilla/5.0 (compatible; SemrushBot/7~bl; +http://www.semrush.com/bot.html)"
85.208.96.210 - - [03/Jul/2026:14:23:37 +0200] "GET /no/component/k2/item/1%3C?start=3258000 HTTP/1.1" 404 - "-" "Mozilla/5.0 (compatible; SemrushBot/7~bl; +http://www.semrush.com/bot.html)"
