170.106.113.235 - - [03/Jul/2026:17:23:44 +0200] "GET /5c601b523f.php?path=/home/purehotels/public_html/wp-includes/images/crystal HTTP/1.1" 200 3823 "-" "Mozilla/5.0 (iPhone; CPU iPhone OS 13_2_3 like Mac OS X) AppleWebKit/605.1.15 (KHTML, like Gecko) Version/13.0.3 Mobile/15E148 Safari/604.1"
77.83.36.161 - - [03/Jul/2026:17:23:57 +0200] "GET /administrator/index.php HTTP/1.0" 404 - "-" "Mozilla/4.0 (compatible; MSIE 7.0; Windows NT 6.0)"
77.83.36.161 - - [03/Jul/2026:17:23:57 +0200] "GET /administrator/index.php HTTP/1.0" 404 - "-" "Mozilla/4.0 (compatible; MSIE 7.0; Windows NT 6.0)"
77.83.36.161 - - [03/Jul/2026:17:23:57 +0200] "GET /administrator/index.php HTTP/1.0" 404 - "-" "Mozilla/4.0 (compatible; MSIE 7.0; Windows NT 6.0)"
185.191.171.18 - - [03/Jul/2026:17:24:00 +0200] "GET /no/component/k2/item/1%3C?start=4190580 HTTP/1.1" 404 - "-" "Mozilla/5.0 (compatible; SemrushBot/7~bl; +http://www.semrush.com/bot.html)"
85.208.96.198 - - [03/Jul/2026:17:24:24 +0200] "GET /no/component/k2/item/1?start=3733520 HTTP/1.1" 404 - "-" "Mozilla/5.0 (compatible; SemrushBot/7~bl; +http://www.semrush.com/bot.html)"
85.208.96.208 - - [03/Jul/2026:17:24:46 +0200] "GET /no/component/k2/item/1%3C?start=3478270 HTTP/1.1" 404 - "-" "Mozilla/5.0 (compatible; SemrushBot/7~bl; +http://www.semrush.com/bot.html)"
85.208.96.204 - - [03/Jul/2026:17:24:48 +0200] "GET /no/component/k2/item/1?start=2826390 HTTP/1.1" 404 - "-" "Mozilla/5.0 (compatible; SemrushBot/7~bl; +http://www.semrush.com/bot.html)"
185.191.171.4 - - [03/Jul/2026:17:24:49 +0200] "GET /no/component/k2/item/1?start=3120310 HTTP/1.1" 404 - "-" "Mozilla/5.0 (compatible; SemrushBot/7~bl; +http://www.semrush.com/bot.html)"
185.191.171.5 - - [03/Jul/2026:17:24:51 +0200] "GET /no/component/k2/item/1?start=1743060 HTTP/1.1" 404 - "-" "Mozilla/5.0 (compatible; SemrushBot/7~bl; +http://www.semrush.com/bot.html)"
85.208.96.207 - - [03/Jul/2026:17:24:55 +0200] "GET /no/component/k2/item/1?start=2510150 HTTP/1.1" 404 - "-" "Mozilla/5.0 (compatible; SemrushBot/7~bl; +http://www.semrush.com/bot.html)"
185.191.171.14 - - [03/Jul/2026:17:25:24 +0200] "GET /no/component/k2/item/1?start=3421420 HTTP/1.1" 404 - "-" "Mozilla/5.0 (compatible; SemrushBot/7~bl; +http://www.semrush.com/bot.html)"
85.208.96.202 - - [03/Jul/2026:17:25:45 +0200] "GET /robots.txt HTTP/1.1" 200 23 "-" "Mozilla/5.0 (compatible; SemrushBot/7~bl; +http://www.semrush.com/bot.html)"
185.191.171.15 - - [03/Jul/2026:17:25:47 +0200] "GET /no/component/k2/item/1?start=3041950 HTTP/1.1" 404 - "-" "Mozilla/5.0 (compatible; SemrushBot/7~bl; +http://www.semrush.com/bot.html)"
85.208.96.193 - - [03/Jul/2026:17:25:59 +0200] "GET /no/component/k2/item/1?start=1584500 HTTP/1.1" 404 - "-" "Mozilla/5.0 (compatible; SemrushBot/7~bl; +http://www.semrush.com/bot.html)"
185.191.171.5 - - [03/Jul/2026:17:26:18 +0200] "GET /no/component/k2/item/1%3C?start=4483700 HTTP/1.1" 404 - "-" "Mozilla/5.0 (compatible; SemrushBot/7~bl; +http://www.semrush.com/bot.html)"
185.191.171.18 - - [03/Jul/2026:17:26:23 +0200] "GET /no/component/k2/item/1?start=92940 HTTP/1.1" 404 - "-" "Mozilla/5.0 (compatible; SemrushBot/7~bl; +http://www.semrush.com/bot.html)"
185.191.171.11 - - [03/Jul/2026:17:26:34 +0200] "GET /no/component/k2/item/1%3C?start=3527610 HTTP/1.1" 404 - "-" "Mozilla/5.0 (compatible; SemrushBot/7~bl; +http://www.semrush.com/bot.html)"
145.223.130.79 - - [03/Jul/2026:17:26:35 +0200] "GET /media/k2/assets/vendors/studio-42/elfinder/php/elFinderSession.php HTTP/1.1" 404 - "-" "Mozilla/5.0 (Macintosh; Intel Mac OS X 10.15; rv:{version}.0) Gecko/20100101 Firefox/135.0"
185.191.171.13 - - [03/Jul/2026:17:26:36 +0200] "GET /no/component/k2/item/1%3C?start=3834750 HTTP/1.1" 404 - "-" "Mozilla/5.0 (compatible; SemrushBot/7~bl; +http://www.semrush.com/bot.html)"
185.191.171.14 - - [03/Jul/2026:17:26:38 +0200] "GET /no/component/k2/item/1?start=3602210 HTTP/1.1" 404 - "-" "Mozilla/5.0 (compatible; SemrushBot/7~bl; +http://www.semrush.com/bot.html)"
85.208.96.209 - - [03/Jul/2026:17:26:39 +0200] "GET /no/component/k2/item/1%3C?start=3970460 HTTP/1.1" 404 - "-" "Mozilla/5.0 (compatible; SemrushBot/7~bl; +http://www.semrush.com/bot.html)"
85.208.96.199 - - [03/Jul/2026:17:26:44 +0200] "GET /no/component/k2/item/1%3C?start=3802730 HTTP/1.1" 404 - "-" "Mozilla/5.0 (compatible; SemrushBot/7~bl; +http://www.semrush.com/bot.html)"
185.191.171.11 - - [03/Jul/2026:17:27:00 +0200] "GET /no/component/k2/item/1?start=2123350 HTTP/1.1" 404 - "-" "Mozilla/5.0 (compatible; SemrushBot/7~bl; +http://www.semrush.com/bot.html)"
185.191.171.19 - - [03/Jul/2026:17:27:11 +0200] "GET /no/component/k2/item/1?start=4211770 HTTP/1.1" 404 - "-" "Mozilla/5.0 (compatible; SemrushBot/7~bl; +http://www.semrush.com/bot.html)"
185.191.171.7 - - [03/Jul/2026:17:27:46 +0200] "GET /no/component/k2/item/1?start=1803660 HTTP/1.1" 404 - "-" "Mozilla/5.0 (compatible; SemrushBot/7~bl; +http://www.semrush.com/bot.html)"
85.208.96.210 - - [03/Jul/2026:17:28:00 +0200] "GET /no/component/k2/item/1%3C?start=4227570 HTTP/1.1" 404 - "-" "Mozilla/5.0 (compatible; SemrushBot/7~bl; +http://www.semrush.com/bot.html)"
185.191.171.12 - - [03/Jul/2026:17:28:35 +0200] "GET /no/component/k2/item/1%3C?start=3473440 HTTP/1.1" 404 - "-" "Mozilla/5.0 (compatible; SemrushBot/7~bl; +http://www.semrush.com/bot.html)"
185.191.171.4 - - [03/Jul/2026:17:28:46 +0200] "GET /no/component/k2/item/1?start=1010850 HTTP/1.1" 404 - "-" "Mozilla/5.0 (compatible; SemrushBot/7~bl; +http://www.semrush.com/bot.html)"
185.191.171.19 - - [03/Jul/2026:17:28:47 +0200] "GET /no/component/k2/item/1%3C?start=3675300 HTTP/1.1" 404 - "-" "Mozilla/5.0 (compatible; SemrushBot/7~bl; +http://www.semrush.com/bot.html)"
85.208.96.195 - - [03/Jul/2026:17:29:03 +0200] "GET /no/component/k2/item/1?start=3604590 HTTP/1.1" 404 - "-" "Mozilla/5.0 (compatible; SemrushBot/7~bl; +http://www.semrush.com/bot.html)"
185.191.171.12 - - [03/Jul/2026:17:29:07 +0200] "GET /no/component/k2/item/1?start=968370 HTTP/1.1" 404 - "-" "Mozilla/5.0 (compatible; SemrushBot/7~bl; +http://www.semrush.com/bot.html)"
85.208.96.210 - - [03/Jul/2026:17:29:10 +0200] "GET /no/component/k2/item/1?start=2484470 HTTP/1.1" 404 - "-" "Mozilla/5.0 (compatible; SemrushBot/7~bl; +http://www.semrush.com/bot.html)"
185.191.171.10 - - [03/Jul/2026:17:29:24 +0200] "GET /no/component/k2/item/1?start=1218490 HTTP/1.1" 404 - "-" "Mozilla/5.0 (compatible; SemrushBot/7~bl; +http://www.semrush.com/bot.html)"
185.191.171.8 - - [03/Jul/2026:17:29:47 +0200] "GET /no/component/k2/item/1?start=2546460 HTTP/1.1" 404 - "-" "Mozilla/5.0 (compatible; SemrushBot/7~bl; +http://www.semrush.com/bot.html)"
185.191.171.11 - - [03/Jul/2026:17:30:06 +0200] "GET /no/component/k2/item/1?start=2801540 HTTP/1.1" 404 - "-" "Mozilla/5.0 (compatible; SemrushBot/7~bl; +http://www.semrush.com/bot.html)"
185.191.171.14 - - [03/Jul/2026:17:30:34 +0200] "GET /no/component/k2/item/1?start=2987960 HTTP/1.1" 404 - "-" "Mozilla/5.0 (compatible; SemrushBot/7~bl; +http://www.semrush.com/bot.html)"
85.208.96.198 - - [03/Jul/2026:17:30:35 +0200] "GET /no/component/k2/item/1?start=873830 HTTP/1.1" 404 - "-" "Mozilla/5.0 (compatible; SemrushBot/7~bl; +http://www.semrush.com/bot.html)"
85.208.96.195 - - [03/Jul/2026:17:30:41 +0200] "GET /no/component/k2/item/1?start=3464290 HTTP/1.1" 404 - "-" "Mozilla/5.0 (compatible; SemrushBot/7~bl; +http://www.semrush.com/bot.html)"
85.208.96.194 - - [03/Jul/2026:17:30:43 +0200] "GET /no/component/k2/item/1?start=2836690 HTTP/1.1" 404 - "-" "Mozilla/5.0 (compatible; SemrushBot/7~bl; +http://www.semrush.com/bot.html)"
85.208.96.198 - - [03/Jul/2026:17:30:47 +0200] "GET /no/component/k2/item/1?start=3036030 HTTP/1.1" 404 - "-" "Mozilla/5.0 (compatible; SemrushBot/7~bl; +http://www.semrush.com/bot.html)"
85.208.96.198 - - [03/Jul/2026:17:30:55 +0200] "GET /no/component/k2/item/1?start=1916970 HTTP/1.1" 404 - "-" "Mozilla/5.0 (compatible; SemrushBot/7~bl; +http://www.semrush.com/bot.html)"
216.244.66.237 - - [03/Jul/2026:17:30:58 +0200] "GET /robots.txt HTTP/1.1" 200 23 "-" "Mozilla/5.0 (compatible; DotBot/1.2; +https://opensiteexplorer.org/dotbot; help@moz.com)"
216.244.66.237 - - [03/Jul/2026:17:30:58 +0200] "GET /robots.txt HTTP/1.1" 200 23 "-" "Mozilla/5.0 (compatible; DotBot/1.2; +https://opensiteexplorer.org/dotbot; help@moz.com)"
185.191.171.16 - - [03/Jul/2026:17:31:04 +0200] "GET /no/component/k2/item/1?start=4330810 HTTP/1.1" 404 - "-" "Mozilla/5.0 (compatible; SemrushBot/7~bl; +http://www.semrush.com/bot.html)"
85.208.96.208 - - [03/Jul/2026:17:31:20 +0200] "GET /no/component/k2/item/1?start=3031910 HTTP/1.1" 404 - "-" "Mozilla/5.0 (compatible; SemrushBot/7~bl; +http://www.semrush.com/bot.html)"
185.191.171.3 - - [03/Jul/2026:17:31:30 +0200] "GET /no/component/k2/item/1?start=1880000 HTTP/1.1" 404 - "-" "Mozilla/5.0 (compatible; SemrushBot/7~bl; +http://www.semrush.com/bot.html)"
185.191.171.11 - - [03/Jul/2026:17:31:46 +0200] "GET /no/component/k2/item/1?start=4057180 HTTP/1.1" 404 - "-" "Mozilla/5.0 (compatible; SemrushBot/7~bl; +http://www.semrush.com/bot.html)"
185.191.171.8 - - [03/Jul/2026:17:32:01 +0200] "GET /no/component/k2/item/1?start=1581530 HTTP/1.1" 404 - "-" "Mozilla/5.0 (compatible; SemrushBot/7~bl; +http://www.semrush.com/bot.html)"
84.75.148.219 - - [03/Jul/2026:17:32:25 +0200] "GET /en/component/easyfolderlistingpro/?view=download&format=raw&data=eNpFkNFugzAMRX8l8vtWoFW3uT-w5z1XQmG44BFCFIet0rR_nyGgPiW-9r0-icWyxF_BM8Jtci1FuAhWBQKPtiO5hkhcIlQ3vPd0HGahmKdllRCKvdXNJOmR9IJQ16u2VK_Z6u1IS6lbluOcVW7hwlhkUyQXbOpXGHUdPibf2sbxMJh-SuTc4Z273ijc8xZ8Y0d78OmI8HDUVVEaGWwwcXaOOhtb9hSNBGJnnky1WNRB97TdvkK3wdM9sC7ZyUpFtinZz34kr9PNqr4h6Dd9M_3kR58Q_OSV5O8fhXNwuQ%2C%2C HTTP/1.1" 404 - "-" "Mozilla/5.0 (Macintosh; Intel Mac OS X 10_15_7) AppleWebKit/537.36 (KHTML, like Gecko) Chrome/116.0.0.0 Safari/537.36"
85.208.96.202 - - [03/Jul/2026:17:32:34 +0200] "GET /no/component/k2/item/1?start=520990 HTTP/1.1" 404 - "-" "Mozilla/5.0 (compatible; SemrushBot/7~bl; +http://www.semrush.com/bot.html)"
185.191.171.13 - - [03/Jul/2026:17:32:46 +0200] "GET /no/component/k2/item/1%3C?start=3901320 HTTP/1.1" 404 - "-" "Mozilla/5.0 (compatible; SemrushBot/7~bl; +http://www.semrush.com/bot.html)"
84.75.155.134 - - [03/Jul/2026:17:32:47 +0200] "GET /en/component/easyfolderlistingpro/?view=download&format=raw&data=eNpFkNFOwzAMRX8l8jusHdNcMO8HeOYZqUqpl5qmaRSnMAnx77hNqz0lvva9PonFusZfwTPCdfIdJbgIHisEHq0j-YiJRKhpee_pOMxCqUzLKiFUe8vNJPme9IzQNKu2VC_FGuxIS6lbluNcXFTu4MJYFVNcIh9t7lcYdR3ep9DZ1vMwmH7K5P3hjV1vFO5xC76ypz349IRwdzTHqjYy2GjS7D05mzoOlIxEYm8eTL1Y1EG3vN2-otvg6RZZl-xktVwi25ztZz9S0Ol2VV8R9Ju-mX7Ko08IYQpK8vcPhRhwuA%2C%2C HTTP/1.1" 404 - "-" "Mozilla/5.0 (Macintosh; Intel Mac OS X 10_15_7) AppleWebKit/537.36 (KHTML, like Gecko) Chrome/124.0.0.0 Safari/537.36"
185.191.171.8 - - [03/Jul/2026:17:33:00 +0200] "GET /no/component/k2/item/1%3C?start=3567650 HTTP/1.1" 404 - "-" "Mozilla/5.0 (compatible; SemrushBot/7~bl; +http://www.semrush.com/bot.html)"
185.191.171.14 - - [03/Jul/2026:17:33:13 +0200] "GET /no/component/k2/item/1?start=611710 HTTP/1.1" 404 - "-" "Mozilla/5.0 (compatible; SemrushBot/7~bl; +http://www.semrush.com/bot.html)"
85.208.96.206 - - [03/Jul/2026:17:33:23 +0200] "GET /no/component/k2/item/1?start=2907200 HTTP/1.1" 404 - "-" "Mozilla/5.0 (compatible; SemrushBot/7~bl; +http://www.semrush.com/bot.html)"
185.191.171.4 - - [03/Jul/2026:17:33:25 +0200] "GET /no/component/k2/item/1?start=431310 HTTP/1.1" 404 - "-" "Mozilla/5.0 (compatible; SemrushBot/7~bl; +http://www.semrush.com/bot.html)"
84.75.148.69 - - [03/Jul/2026:17:33:30 +0200] "GET /en/component/easyfolderlistingpro/?view=download&format=raw&data=eNpFkNFuwjAMRX8F-QNGC6wD84zECxLieVIUVtMapWkVpwxp4t9xm1Z7Snx9fX0Si3mOf4IFwq11JQXYC64yBG5sRfLdBRIhc-W5p3bohUJyyyghZHOr6knif9IXgjGjNlTbNOptQ0OpW4ajSCqXsGfM0lAg19lYjzAbhOWp96V1i2Mbybnlkat6oWAfU-iNHc2hqx1CcpuDY7Hm0sZIoS_Pn_km222LwbRGoGecbveumlDp2bHGzhy5AtoY7U_dkFf3dVQ1Xz_lwfSbnqh4vvW6-_UGR2Zp8g%2C%2C HTTP/1.1" 404 - "-" "Mozilla/5.0 (iPhone; CPU iPhone OS 17_0 like Mac OS X) AppleWebKit/605.1.15 (KHTML, like Gecko) Version/17.0 Mobile/15E148 Safari/260.1"
85.208.96.198 - - [03/Jul/2026:17:33:34 +0200] "GET /no/component/k2/item/1?start=2160720 HTTP/1.1" 404 - "-" "Mozilla/5.0 (compatible; SemrushBot/7~bl; +http://www.semrush.com/bot.html)"
43.157.53.115 - - [03/Jul/2026:17:33:42 +0200] "GET /robots.txt HTTP/1.1" 200 23 "-" "Mozilla/5.0 (iPhone; CPU iPhone OS 13_2_3 like Mac OS X) AppleWebKit/605.1.15 (KHTML, like Gecko) Version/13.0.3 Mobile/15E148 Safari/604.1"
3.92.55.239 - - [03/Jul/2026:17:34:01 +0200] "GET /en/?format=feed&type=rss HTTP/1.1" 404 - "https://www.google.com/" "Mozilla/5.0 (X11; Linux x86_64) AppleWebKit/537.36 (KHTML, like Gecko) Chrome/80.0.3987.116 Safari/537.36"
85.208.96.207 - - [03/Jul/2026:17:34:07 +0200] "GET /no/component/k2/item/1?start=261960 HTTP/1.1" 404 - "-" "Mozilla/5.0 (compatible; SemrushBot/7~bl; +http://www.semrush.com/bot.html)"
17.246.15.253 - - [03/Jul/2026:17:34:10 +0200] "GET /no/component/easyfolderlistingpro/?view=download&format=raw&data=eNpFULsOwjAM_BXkHWgB8TAzEgMszEhRoKYEpUkVp4CE-HfcphWT4_Pd-WKNeY4fxiXCzduCAmwZZxmCqXRJfK4DMZO6mGEmdGiYQmJzByFkw6hsiOPfaYWgVIe13TpJna6obWVLW5YJNQVsDWZJFMjWOt67MHOE6bFxhbajvY9k7fTgXyPJNek9b8bS4DkTcVwiq501rNXJx0ihKVTw1XjRUsSP3rF_Peqyz0nv2ojpEFwil3Q6Rn29V-SEfenQDYJcXORp6JX-t0Bw3snm7w9gxWnu HTTP/1.1" 404 - "-" "Mozilla/5.0 (Macintosh; Intel Mac OS X 10_15_7) AppleWebKit/605.1.15 (KHTML, like Gecko) Version/17.4 Safari/605.1.15 (Applebot/0.1; +http://www.apple.com/go/applebot)"
85.208.96.199 - - [03/Jul/2026:17:34:35 +0200] "GET /no/component/k2/item/1%3C?start=3208420 HTTP/1.1" 404 - "-" "Mozilla/5.0 (compatible; SemrushBot/7~bl; +http://www.semrush.com/bot.html)"
185.191.171.15 - - [03/Jul/2026:17:34:37 +0200] "GET /no/component/k2/item/1?start=3889000 HTTP/1.1" 404 - "-" "Mozilla/5.0 (compatible; SemrushBot/7~bl; +http://www.semrush.com/bot.html)"
85.208.96.195 - - [03/Jul/2026:17:34:43 +0200] "GET /no/component/k2/item/1?start=188230 HTTP/1.1" 404 - "-" "Mozilla/5.0 (compatible; SemrushBot/7~bl; +http://www.semrush.com/bot.html)"
185.191.171.9 - - [03/Jul/2026:17:34:54 +0200] "GET /no/component/k2/item/1?start=3997780 HTTP/1.1" 404 - "-" "Mozilla/5.0 (compatible; SemrushBot/7~bl; +http://www.semrush.com/bot.html)"
185.191.171.9 - - [03/Jul/2026:17:34:58 +0200] "GET /no/component/k2/item/1%3C?start=3678020 HTTP/1.1" 404 - "-" "Mozilla/5.0 (compatible; SemrushBot/7~bl; +http://www.semrush.com/bot.html)"
85.208.96.197 - - [03/Jul/2026:17:35:00 +0200] "GET /no/component/k2/item/1?start=3369940 HTTP/1.1" 404 - "-" "Mozilla/5.0 (compatible; SemrushBot/7~bl; +http://www.semrush.com/bot.html)"
85.208.96.196 - - [03/Jul/2026:17:35:22 +0200] "GET /no/component/k2/item/1%3C?start=4137910 HTTP/1.1" 404 - "-" "Mozilla/5.0 (compatible; SemrushBot/7~bl; +http://www.semrush.com/bot.html)"
85.208.96.207 - - [03/Jul/2026:17:35:24 +0200] "GET /no/component/k2/item/1?start=1593480 HTTP/1.1" 404 - "-" "Mozilla/5.0 (compatible; SemrushBot/7~bl; +http://www.semrush.com/bot.html)"
185.191.171.1 - - [03/Jul/2026:17:35:25 +0200] "GET /no/component/k2/item/1?start=1491810 HTTP/1.1" 404 - "-" "Mozilla/5.0 (compatible; SemrushBot/7~bl; +http://www.semrush.com/bot.html)"
85.208.96.212 - - [03/Jul/2026:17:35:47 +0200] "GET /no/component/k2/item/1?start=4436100 HTTP/1.1" 404 - "-" "Mozilla/5.0 (compatible; SemrushBot/7~bl; +http://www.semrush.com/bot.html)"
185.191.171.4 - - [03/Jul/2026:17:35:52 +0200] "GET /no/component/k2/item/1%3C?start=4027900 HTTP/1.1" 404 - "-" "Mozilla/5.0 (compatible; SemrushBot/7~bl; +http://www.semrush.com/bot.html)"
85.208.96.206 - - [03/Jul/2026:17:36:06 +0200] "GET /no/component/k2/item/1%3C?start=4399500 HTTP/1.1" 404 - "-" "Mozilla/5.0 (compatible; SemrushBot/7~bl; +http://www.semrush.com/bot.html)"
145.223.131.11 - - [03/Jul/2026:17:36:07 +0200] "GET /en/component/easyfolderlistingpro/?view=download&format=raw&data=eNpFkNFuwyAMRX8F-X1rSKtuc39gz3uuFJHFJV4IQUC2StP-fU5I1Fwn8LXv9QGDWuNvwjPCbXIdRbgkrCsEHo2ldA2RUqKm5b1cJ-MwXCeKZTqtEkK1t-xMKT-SXhCaZtWW6rVYvRlpKWXLcpyLyh1cXBirYorkgsn9CiOuw8fkO9M6HgbVT5mcO7yz7ZXAPW_BN3a0B5-OCA9HU1dapcEEFWfnyJrYsaeoUiB26knVi0UcdM_b7SvYDZ7ugWXJTqYF2eRsPvuRvEy3qEV9Q5Bv-mb6KY8-IfjJC8nfP4WRcLo%2C HTTP/1.1" 404 - "-" "Mozilla/5.0 (iPhone; CPU iPhone OS 17_0 like Mac OS X) AppleWebKit/605.1.15 (KHTML, like Gecko) Version/17.0 Mobile/15E148 Safari/184.1"
185.191.171.3 - - [03/Jul/2026:17:36:34 +0200] "GET /no/component/k2/item/1?start=2166080 HTTP/1.1" 404 - "-" "Mozilla/5.0 (compatible; SemrushBot/7~bl; +http://www.semrush.com/bot.html)"
85.208.96.197 - - [03/Jul/2026:17:36:50 +0200] "GET /no/component/k2/item/1?start=120920 HTTP/1.1" 404 - "-" "Mozilla/5.0 (compatible; SemrushBot/7~bl; +http://www.semrush.com/bot.html)"
185.191.171.1 - - [03/Jul/2026:17:37:12 +0200] "GET /no/component/k2/item/1?start=385570 HTTP/1.1" 404 - "-" "Mozilla/5.0 (compatible; SemrushBot/7~bl; +http://www.semrush.com/bot.html)"
185.191.171.16 - - [03/Jul/2026:17:37:27 +0200] "GET /no/component/k2/item/1?start=3525340 HTTP/1.1" 404 - "-" "Mozilla/5.0 (compatible; SemrushBot/7~bl; +http://www.semrush.com/bot.html)"
85.208.96.208 - - [03/Jul/2026:17:37:44 +0200] "GET /no/component/k2/item/1%3C?start=4362740 HTTP/1.1" 404 - "-" "Mozilla/5.0 (compatible; SemrushBot/7~bl; +http://www.semrush.com/bot.html)"
85.208.96.210 - - [03/Jul/2026:17:37:45 +0200] "GET /no/component/k2/item/1?start=2037220 HTTP/1.1" 404 - "-" "Mozilla/5.0 (compatible; SemrushBot/7~bl; +http://www.semrush.com/bot.html)"
85.208.96.193 - - [03/Jul/2026:17:37:57 +0200] "GET /no/component/k2/item/1?start=2990680 HTTP/1.1" 404 - "-" "Mozilla/5.0 (compatible; SemrushBot/7~bl; +http://www.semrush.com/bot.html)"
85.208.96.193 - - [03/Jul/2026:17:38:07 +0200] "GET /no/component/k2/item/1%3C?start=4003670 HTTP/1.1" 404 - "-" "Mozilla/5.0 (compatible; SemrushBot/7~bl; +http://www.semrush.com/bot.html)"
85.208.96.202 - - [03/Jul/2026:17:38:46 +0200] "GET /no/component/k2/item/1?start=4167430 HTTP/1.1" 404 - "-" "Mozilla/5.0 (compatible; SemrushBot/7~bl; +http://www.semrush.com/bot.html)"
85.208.96.193 - - [03/Jul/2026:17:38:56 +0200] "GET /no/component/k2/item/1%3C?start=4009210 HTTP/1.1" 404 - "-" "Mozilla/5.0 (compatible; SemrushBot/7~bl; +http://www.semrush.com/bot.html)"
185.191.171.15 - - [03/Jul/2026:17:38:58 +0200] "GET /no/component/k2/item/1?start=283420 HTTP/1.1" 404 - "-" "Mozilla/5.0 (compatible; SemrushBot/7~bl; +http://www.semrush.com/bot.html)"
85.208.96.198 - - [03/Jul/2026:17:38:59 +0200] "GET /no/component/k2/item/1?start=4056370 HTTP/1.1" 404 - "-" "Mozilla/5.0 (compatible; SemrushBot/7~bl; +http://www.semrush.com/bot.html)"
185.191.171.5 - - [03/Jul/2026:17:39:01 +0200] "GET /no/component/k2/item/1?start=3014360 HTTP/1.1" 404 - "-" "Mozilla/5.0 (compatible; SemrushBot/7~bl; +http://www.semrush.com/bot.html)"
85.208.96.208 - - [03/Jul/2026:17:39:04 +0200] "GET /no/component/k2/item/1%3C?start=3423180 HTTP/1.1" 404 - "-" "Mozilla/5.0 (compatible; SemrushBot/7~bl; +http://www.semrush.com/bot.html)"
185.191.171.6 - - [03/Jul/2026:17:39:18 +0200] "GET /no/component/k2/item/1?start=815150 HTTP/1.1" 404 - "-" "Mozilla/5.0 (compatible; SemrushBot/7~bl; +http://www.semrush.com/bot.html)"
85.208.96.210 - - [03/Jul/2026:17:39:32 +0200] "GET /no/component/k2/item/1?start=292430 HTTP/1.1" 404 - "-" "Mozilla/5.0 (compatible; SemrushBot/7~bl; +http://www.semrush.com/bot.html)"
85.208.96.198 - - [03/Jul/2026:17:39:49 +0200] "GET /no/component/k2/item/1%3C?start=4237870 HTTP/1.1" 404 - "-" "Mozilla/5.0 (compatible; SemrushBot/7~bl; +http://www.semrush.com/bot.html)"
185.191.171.8 - - [03/Jul/2026:17:39:52 +0200] "GET /no/component/k2/item/1?start=2477260 HTTP/1.1" 404 - "-" "Mozilla/5.0 (compatible; SemrushBot/7~bl; +http://www.semrush.com/bot.html)"
85.208.96.197 - - [03/Jul/2026:17:40:04 +0200] "GET /no/component/k2/item/1?start=927640 HTTP/1.1" 404 - "-" "Mozilla/5.0 (compatible; SemrushBot/7~bl; +http://www.semrush.com/bot.html)"
185.191.171.6 - - [03/Jul/2026:17:40:37 +0200] "GET /no/component/k2/item/1?start=1736930 HTTP/1.1" 404 - "-" "Mozilla/5.0 (compatible; SemrushBot/7~bl; +http://www.semrush.com/bot.html)"
185.191.171.9 - - [03/Jul/2026:17:40:57 +0200] "GET /no/component/k2/item/1?start=3999000 HTTP/1.1" 404 - "-" "Mozilla/5.0 (compatible; SemrushBot/7~bl; +http://www.semrush.com/bot.html)"
185.191.171.4 - - [03/Jul/2026:17:40:59 +0200] "GET /no/component/k2/item/1%3C?start=4413280 HTTP/1.1" 404 - "-" "Mozilla/5.0 (compatible; SemrushBot/7~bl; +http://www.semrush.com/bot.html)"
85.208.96.209 - - [03/Jul/2026:17:41:10 +0200] "GET /no/component/k2/item/1%3C?start=3940290 HTTP/1.1" 404 - "-" "Mozilla/5.0 (compatible; SemrushBot/7~bl; +http://www.semrush.com/bot.html)"
185.191.171.11 - - [03/Jul/2026:17:41:27 +0200] "GET /no/component/k2/item/1%3C?start=4368540 HTTP/1.1" 404 - "-" "Mozilla/5.0 (compatible; SemrushBot/7~bl; +http://www.semrush.com/bot.html)"
85.208.96.193 - - [03/Jul/2026:17:42:08 +0200] "GET /no/component/k2/item/1?start=3085410 HTTP/1.1" 404 - "-" "Mozilla/5.0 (compatible; SemrushBot/7~bl; +http://www.semrush.com/bot.html)"
185.191.171.6 - - [03/Jul/2026:17:42:09 +0200] "GET /no/component/k2/item/1%3C?start=3424090 HTTP/1.1" 404 - "-" "Mozilla/5.0 (compatible; SemrushBot/7~bl; +http://www.semrush.com/bot.html)"
85.208.96.207 - - [03/Jul/2026:17:42:13 +0200] "GET /no/component/k2/item/1?start=750350 HTTP/1.1" 404 - "-" "Mozilla/5.0 (compatible; SemrushBot/7~bl; +http://www.semrush.com/bot.html)"
185.191.171.2 - - [03/Jul/2026:17:42:37 +0200] "GET /no/component/k2/item/1?start=3633220 HTTP/1.1" 404 - "-" "Mozilla/5.0 (compatible; SemrushBot/7~bl; +http://www.semrush.com/bot.html)"
85.208.96.199 - - [03/Jul/2026:17:42:46 +0200] "GET /no/component/k2/item/1?start=394010 HTTP/1.1" 404 - "-" "Mozilla/5.0 (compatible; SemrushBot/7~bl; +http://www.semrush.com/bot.html)"
185.191.171.11 - - [03/Jul/2026:17:42:54 +0200] "GET /no/component/k2/item/1?start=992160 HTTP/1.1" 404 - "-" "Mozilla/5.0 (compatible; SemrushBot/7~bl; +http://www.semrush.com/bot.html)"
85.208.96.202 - - [03/Jul/2026:17:42:55 +0200] "GET /no/component/k2/item/1%3C?start=3443630 HTTP/1.1" 404 - "-" "Mozilla/5.0 (compatible; SemrushBot/7~bl; +http://www.semrush.com/bot.html)"
85.208.96.207 - - [03/Jul/2026:17:43:00 +0200] "GET /no/component/k2/item/1?start=433090 HTTP/1.1" 404 - "-" "Mozilla/5.0 (compatible; SemrushBot/7~bl; +http://www.semrush.com/bot.html)"
185.191.171.18 - - [03/Jul/2026:17:43:10 +0200] "GET /no/component/k2/item/1?start=2917730 HTTP/1.1" 404 - "-" "Mozilla/5.0 (compatible; SemrushBot/7~bl; +http://www.semrush.com/bot.html)"
85.208.96.203 - - [03/Jul/2026:17:43:24 +0200] "GET /no/component/k2/item/1?start=742650 HTTP/1.1" 404 - "-" "Mozilla/5.0 (compatible; SemrushBot/7~bl; +http://www.semrush.com/bot.html)"
185.191.171.8 - - [03/Jul/2026:17:43:36 +0200] "GET /no/component/k2/item/1?start=982920 HTTP/1.1" 404 - "-" "Mozilla/5.0 (compatible; SemrushBot/7~bl; +http://www.semrush.com/bot.html)"
85.208.96.193 - - [03/Jul/2026:17:43:37 +0200] "GET /no/component/k2/item/1?start=1363620 HTTP/1.1" 404 - "-" "Mozilla/5.0 (compatible; SemrushBot/7~bl; +http://www.semrush.com/bot.html)"
85.208.96.198 - - [03/Jul/2026:17:43:49 +0200] "GET /no/component/k2/item/1?start=1561780 HTTP/1.1" 404 - "-" "Mozilla/5.0 (compatible; SemrushBot/7~bl; +http://www.semrush.com/bot.html)"
185.191.171.8 - - [03/Jul/2026:17:43:59 +0200] "GET /no/component/k2/item/1%3C?start=3458160 HTTP/1.1" 404 - "-" "Mozilla/5.0 (compatible; SemrushBot/7~bl; +http://www.semrush.com/bot.html)"
43.133.253.253 - - [03/Jul/2026:17:44:00 +0200] "GET /includes/ HTTP/1.1" 200 31 "-" "Mozilla/5.0 (iPhone; CPU iPhone OS 13_2_3 like Mac OS X) AppleWebKit/605.1.15 (KHTML, like Gecko) Version/13.0.3 Mobile/15E148 Safari/604.1"
185.191.171.8 - - [03/Jul/2026:17:44:21 +0200] "GET /no/component/k2/item/1%3C?start=4053380 HTTP/1.1" 404 - "-" "Mozilla/5.0 (compatible; SemrushBot/7~bl; +http://www.semrush.com/bot.html)"
84.75.148.74 - - [03/Jul/2026:17:44:31 +0200] "GET /en/component/easyfolderlistingpro/?view=preview&format=raw&data=eNpFkMFOwzAMhl-l8gOwpsBcMO_EBe22y45IUcq81lOaVElWJiHeizsvhtO04pT49-_Pf2JQKfyKuEU4e3uiXDC7iE2NwIPpKL6PgWIk3fLaEztcXCOF4o6zhFCvre5KMf2TnhC0nrVcXD2XUWcGyqVsyce2qHyCHWNdhgLZ0aR-DvOIsDn-_oSJY7X3iazd7LnrK0l2t1DPbGmlNsI7-uzW1asjfZgotF4f3hpVK5Ud9wh0S8vtMnZLULqNLMw1hZJ4JiXz0Q_kxN2iEvUFQb5kYvosD3xAcN7J4u8_1LNpyw%2C%2C HTTP/1.1" 404 - "-" "Mozilla/5.0 (Macintosh; Intel Mac OS X 10_15_7) AppleWebKit/537.36 (KHTML, like Gecko) Chrome/124.0.0.0 Safari/537.36"
185.191.171.13 - - [03/Jul/2026:17:44:37 +0200] "GET /no/component/k2/item/1?start=3164320 HTTP/1.1" 404 - "-" "Mozilla/5.0 (compatible; SemrushBot/7~bl; +http://www.semrush.com/bot.html)"
85.208.96.211 - - [03/Jul/2026:17:44:47 +0200] "GET /no/component/k2/item/1%3C?start=3918970 HTTP/1.1" 404 - "-" "Mozilla/5.0 (compatible; SemrushBot/7~bl; +http://www.semrush.com/bot.html)"
185.191.171.13 - - [03/Jul/2026:17:45:17 +0200] "GET /no/component/k2/item/1?start=1712530 HTTP/1.1" 404 - "-" "Mozilla/5.0 (compatible; SemrushBot/7~bl; +http://www.semrush.com/bot.html)"
85.208.96.196 - - [03/Jul/2026:17:45:30 +0200] "GET /no/component/k2/item/1%3C?start=4017930 HTTP/1.1" 404 - "-" "Mozilla/5.0 (compatible; SemrushBot/7~bl; +http://www.semrush.com/bot.html)"
185.191.171.3 - - [03/Jul/2026:17:45:52 +0200] "GET /no/component/k2/item/1?start=731070 HTTP/1.1" 404 - "-" "Mozilla/5.0 (compatible; SemrushBot/7~bl; +http://www.semrush.com/bot.html)"
43.130.111.40 - - [03/Jul/2026:17:45:59 +0200] "GET / HTTP/1.1" 200 7548 "-" "Mozilla/5.0 (iPhone; CPU iPhone OS 13_2_3 like Mac OS X) AppleWebKit/605.1.15 (KHTML, like Gecko) Version/13.0.3 Mobile/15E148 Safari/604.1"
185.191.171.7 - - [03/Jul/2026:17:46:21 +0200] "GET /no/component/k2/item/1?start=2934020 HTTP/1.1" 404 - "-" "Mozilla/5.0 (compatible; SemrushBot/7~bl; +http://www.semrush.com/bot.html)"
185.191.171.18 - - [03/Jul/2026:17:46:22 +0200] "GET /no/component/k2/item/1?start=1569870 HTTP/1.1" 404 - "-" "Mozilla/5.0 (compatible; SemrushBot/7~bl; +http://www.semrush.com/bot.html)"
85.208.96.194 - - [03/Jul/2026:17:46:26 +0200] "GET /no/component/k2/item/1?start=1460230 HTTP/1.1" 404 - "-" "Mozilla/5.0 (compatible; SemrushBot/7~bl; +http://www.semrush.com/bot.html)"
185.191.171.4 - - [03/Jul/2026:17:46:46 +0200] "GET /no/component/k2/item/1?start=3185260 HTTP/1.1" 404 - "-" "Mozilla/5.0 (compatible; SemrushBot/7~bl; +http://www.semrush.com/bot.html)"
185.191.171.15 - - [03/Jul/2026:17:46:55 +0200] "GET /no/component/k2/item/1%3C?start=4415760 HTTP/1.1" 404 - "-" "Mozilla/5.0 (compatible; SemrushBot/7~bl; +http://www.semrush.com/bot.html)"
185.191.171.13 - - [03/Jul/2026:17:46:56 +0200] "GET /robots.txt HTTP/1.1" 200 23 "-" "Mozilla/5.0 (compatible; SemrushBot/7~bl; +http://www.semrush.com/bot.html)"
185.191.171.16 - - [03/Jul/2026:17:46:58 +0200] "GET /no/component/k2/item/1?start=443310 HTTP/1.1" 404 - "-" "Mozilla/5.0 (compatible; SemrushBot/7~bl; +http://www.semrush.com/bot.html)"
185.191.171.18 - - [03/Jul/2026:17:46:59 +0200] "GET /no/component/k2/item/1?start=601450 HTTP/1.1" 404 - "-" "Mozilla/5.0 (compatible; SemrushBot/7~bl; +http://www.semrush.com/bot.html)"
185.191.171.5 - - [03/Jul/2026:17:47:03 +0200] "GET /no/component/k2/item/1?start=2728390 HTTP/1.1" 404 - "-" "Mozilla/5.0 (compatible; SemrushBot/7~bl; +http://www.semrush.com/bot.html)"
85.208.96.212 - - [03/Jul/2026:17:47:12 +0200] "GET /no/component/k2/item/1%3C?start=3293430 HTTP/1.1" 404 - "-" "Mozilla/5.0 (compatible; SemrushBot/7~bl; +http://www.semrush.com/bot.html)"
185.191.171.5 - - [03/Jul/2026:17:47:20 +0200] "GET /no/component/k2/item/1?start=535420 HTTP/1.1" 404 - "-" "Mozilla/5.0 (compatible; SemrushBot/7~bl; +http://www.semrush.com/bot.html)"
145.223.131.166 - - [03/Jul/2026:17:47:45 +0200] "GET /en/component/easyfolderlistingpro/?view=download&format=raw&data=eNpFUEFuwyAQ_Iq1D2hM26TN5tRbbr3kWAnhZmMTYbBY4kaK8q_c-7EuxlZPsDOzMwMGlcIb4wbhFNyRXCLsGJ9rBNublvhriMRMurELXCdyuDDFouYJQqgXqr0Qp3-nNwStXCcsT-9l1Zue8igp-dgU1B5hZ7EuS5HcYFI3lVkjrA6_jzharvYhkXOrvW27Spo9za5cJ-tocVVbhEPIal19eNKfI8UmbDP1gkDXNN_OQzs3pOtgxWyJV9LLpGS-u568qBtUgoqr_MVo6ae87BXBBy-J9z8hDmgd HTTP/1.1" 404 - "-" "Mozilla/5.0 (Macintosh; Intel Mac OS X 10_15_7) AppleWebKit/537.36 (KHTML, like Gecko) Chrome/120.0.0.0 Safari/537.36"
185.191.171.12 - - [03/Jul/2026:17:47:51 +0200] "GET /no/component/k2/item/1?start=1014240 HTTP/1.1" 404 - "-" "Mozilla/5.0 (compatible; SemrushBot/7~bl; +http://www.semrush.com/bot.html)"
185.191.171.7 - - [03/Jul/2026:17:47:52 +0200] "GET /no/component/k2/item/1?start=4368600 HTTP/1.1" 404 - "-" "Mozilla/5.0 (compatible; SemrushBot/7~bl; +http://www.semrush.com/bot.html)"
85.208.96.210 - - [03/Jul/2026:17:47:58 +0200] "GET /no/component/k2/item/1?start=3611230 HTTP/1.1" 404 - "-" "Mozilla/5.0 (compatible; SemrushBot/7~bl; +http://www.semrush.com/bot.html)"
85.208.96.200 - - [03/Jul/2026:17:48:01 +0200] "GET /no/component/k2/item/1?start=3923220 HTTP/1.1" 404 - "-" "Mozilla/5.0 (compatible; SemrushBot/7~bl; +http://www.semrush.com/bot.html)"
216.244.66.237 - - [03/Jul/2026:17:48:17 +0200] "GET /en/our-hotels/torvis-hotell HTTP/1.1" 404 - "-" "Mozilla/5.0 (compatible; DotBot/1.2; +https://opensiteexplorer.org/dotbot; help@moz.com)"
85.208.96.202 - - [03/Jul/2026:17:48:24 +0200] "GET /no/component/k2/item/1%3C?start=4433790 HTTP/1.1" 404 - "-" "Mozilla/5.0 (compatible; SemrushBot/7~bl; +http://www.semrush.com/bot.html)"
185.191.171.13 - - [03/Jul/2026:17:48:38 +0200] "GET /no/component/k2/item/1?start=385340 HTTP/1.1" 404 - "-" "Mozilla/5.0 (compatible; SemrushBot/7~bl; +http://www.semrush.com/bot.html)"
85.208.96.196 - - [03/Jul/2026:17:48:40 +0200] "GET /no/component/k2/item/1%3C?start=3806510 HTTP/1.1" 404 - "-" "Mozilla/5.0 (compatible; SemrushBot/7~bl; +http://www.semrush.com/bot.html)"
196.196.31.246 - - [03/Jul/2026:17:49:27 +0200] "GET /no/component/k2/item/1 HTTP/1.1" 404 - "http://purehotels.no/" "Mozilla/5.0 (X11; Ubuntu; Linux x86_64; rv:148.0) Gecko/20100101 Firefox/148.0"
196.196.31.246 - - [03/Jul/2026:17:49:30 +0200] "GET / HTTP/1.1" 200 7548 "-" "Mozilla/5.0 (X11; Ubuntu; Linux x86_64; rv:148.0) Gecko/20100101 Firefox/148.0"
185.191.171.14 - - [03/Jul/2026:17:49:33 +0200] "GET /no/component/k2/item/1?start=94450 HTTP/1.1" 404 - "-" "Mozilla/5.0 (compatible; SemrushBot/7~bl; +http://www.semrush.com/bot.html)"
185.191.171.5 - - [03/Jul/2026:17:49:35 +0200] "GET /no/component/k2/item/1%3C?start=3569480 HTTP/1.1" 404 - "-" "Mozilla/5.0 (compatible; SemrushBot/7~bl; +http://www.semrush.com/bot.html)"
85.208.96.210 - - [03/Jul/2026:17:49:42 +0200] "GET /no/component/k2/item/1?start=4319330 HTTP/1.1" 404 - "-" "Mozilla/5.0 (compatible; SemrushBot/7~bl; +http://www.semrush.com/bot.html)"
3.92.55.239 - - [03/Jul/2026:17:49:49 +0200] "GET /zh/itemlist?format=feed&type=atom HTTP/1.1" 404 - "https://www.google.com/" "Mozilla/5.0 (X11; Linux x86_64) AppleWebKit/537.36 (KHTML, like Gecko) Ubuntu Chromium/80.0.3987.87 Chrome/80.0.3987.87 Safari/537.36"
216.244.66.237 - - [03/Jul/2026:17:49:55 +0200] "GET /it/i-nostri-hotel/nigardsbreen-lodge HTTP/1.1" 404 - "-" "Mozilla/5.0 (compatible; DotBot/1.2; +https://opensiteexplorer.org/dotbot; help@moz.com)"
216.244.66.237 - - [03/Jul/2026:17:49:59 +0200] "GET /it/i-nostri-hotel/rondablikk-hotell HTTP/1.1" 404 - "-" "Mozilla/5.0 (compatible; DotBot/1.2; +https://opensiteexplorer.org/dotbot; help@moz.com)"
34.201.13.40 - - [03/Jul/2026:17:50:14 +0200] "GET /no/itemlist?format=feed&type=atom HTTP/1.1" 404 - "https://www.google.com/" "Mozilla/5.0 (Macintosh; Intel Mac OS X 10_15_3) AppleWebKit/537.36 (KHTML, like Gecko) Chrome/80.0.3987.122 Safari/537.36"
185.191.171.7 - - [03/Jul/2026:17:50:20 +0200] "GET /no/component/k2/item/1?start=782130 HTTP/1.1" 404 - "-" "Mozilla/5.0 (compatible; SemrushBot/7~bl; +http://www.semrush.com/bot.html)"
85.208.96.208 - - [03/Jul/2026:17:50:23 +0200] "GET /no/component/k2/item/1%3C?start=3097610 HTTP/1.1" 404 - "-" "Mozilla/5.0 (compatible; SemrushBot/7~bl; +http://www.semrush.com/bot.html)"
216.244.66.237 - - [03/Jul/2026:17:50:32 +0200] "GET /ru/nashi-oteli HTTP/1.1" 404 - "-" "Mozilla/5.0 (compatible; DotBot/1.2; +https://opensiteexplorer.org/dotbot; help@moz.com)"
185.191.171.6 - - [03/Jul/2026:17:50:42 +0200] "GET /no/component/k2/item/1?start=2530510 HTTP/1.1" 404 - "-" "Mozilla/5.0 (compatible; SemrushBot/7~bl; +http://www.semrush.com/bot.html)"
185.191.171.2 - - [03/Jul/2026:17:50:44 +0200] "GET /no/component/k2/item/1%3C?start=3364730 HTTP/1.1" 404 - "-" "Mozilla/5.0 (compatible; SemrushBot/7~bl; +http://www.semrush.com/bot.html)"
85.208.96.197 - - [03/Jul/2026:17:50:48 +0200] "GET /no/component/k2/item/1%3C?start=4299190 HTTP/1.1" 404 - "-" "Mozilla/5.0 (compatible; SemrushBot/7~bl; +http://www.semrush.com/bot.html)"
85.208.96.207 - - [03/Jul/2026:17:50:58 +0200] "GET /no/component/k2/item/1?start=806750 HTTP/1.1" 404 - "-" "Mozilla/5.0 (compatible; SemrushBot/7~bl; +http://www.semrush.com/bot.html)"
185.191.171.17 - - [03/Jul/2026:17:51:00 +0200] "GET /no/component/k2/item/1?start=914210 HTTP/1.1" 404 - "-" "Mozilla/5.0 (compatible; SemrushBot/7~bl; +http://www.semrush.com/bot.html)"
85.208.96.195 - - [03/Jul/2026:17:51:01 +0200] "GET /no/component/k2/item/1%3C?start=3824390 HTTP/1.1" 404 - "-" "Mozilla/5.0 (compatible; SemrushBot/7~bl; +http://www.semrush.com/bot.html)"
85.208.96.201 - - [03/Jul/2026:17:51:14 +0200] "GET /no/component/k2/item/1?start=2570630 HTTP/1.1" 404 - "-" "Mozilla/5.0 (compatible; SemrushBot/7~bl; +http://www.semrush.com/bot.html)"
85.208.96.210 - - [03/Jul/2026:17:51:17 +0200] "GET /no/component/k2/item/1?start=3079680 HTTP/1.1" 404 - "-" "Mozilla/5.0 (compatible; SemrushBot/7~bl; +http://www.semrush.com/bot.html)"
185.191.171.7 - - [03/Jul/2026:17:51:53 +0200] "GET /no/component/k2/item/1?start=4473580 HTTP/1.1" 404 - "-" "Mozilla/5.0 (compatible; SemrushBot/7~bl; +http://www.semrush.com/bot.html)"
85.208.96.202 - - [03/Jul/2026:17:51:59 +0200] "GET /no/component/k2/item/1?start=2234190 HTTP/1.1" 404 - "-" "Mozilla/5.0 (compatible; SemrushBot/7~bl; +http://www.semrush.com/bot.html)"
85.208.96.197 - - [03/Jul/2026:17:52:04 +0200] "GET /no/component/k2/item/1?start=3671420 HTTP/1.1" 404 - "-" "Mozilla/5.0 (compatible; SemrushBot/7~bl; +http://www.semrush.com/bot.html)"
85.208.96.199 - - [03/Jul/2026:17:52:13 +0200] "GET /no/component/k2/item/1?start=4399160 HTTP/1.1" 404 - "-" "Mozilla/5.0 (compatible; SemrushBot/7~bl; +http://www.semrush.com/bot.html)"
85.208.96.201 - - [03/Jul/2026:17:52:25 +0200] "GET /no/component/k2/item/1?start=3916670 HTTP/1.1" 404 - "-" "Mozilla/5.0 (compatible; SemrushBot/7~bl; +http://www.semrush.com/bot.html)"
85.208.96.201 - - [03/Jul/2026:17:52:39 +0200] "GET /no/component/k2/item/1?start=2231270 HTTP/1.1" 404 - "-" "Mozilla/5.0 (compatible; SemrushBot/7~bl; +http://www.semrush.com/bot.html)"
216.244.66.237 - - [03/Jul/2026:17:53:23 +0200] "GET /en/terms HTTP/1.1" 404 - "-" "Mozilla/5.0 (compatible; DotBot/1.2; +https://opensiteexplorer.org/dotbot; help@moz.com)"
85.208.96.197 - - [03/Jul/2026:17:53:29 +0200] "GET /no/component/k2/item/1%3C?start=3940050 HTTP/1.1" 404 - "-" "Mozilla/5.0 (compatible; SemrushBot/7~bl; +http://www.semrush.com/bot.html)"
85.208.96.198 - - [03/Jul/2026:17:53:35 +0200] "GET /no/component/k2/item/1?start=802270 HTTP/1.1" 404 - "-" "Mozilla/5.0 (compatible; SemrushBot/7~bl; +http://www.semrush.com/bot.html)"
43.135.130.202 - - [03/Jul/2026:17:53:37 +0200] "GET /5c601b523f.php?path=//etc/maven HTTP/1.1" 200 1758 "-" "Mozilla/5.0 (iPhone; CPU iPhone OS 13_2_3 like Mac OS X) AppleWebKit/605.1.15 (KHTML, like Gecko) Version/13.0.3 Mobile/15E148 Safari/604.1"
145.223.131.92 - - [03/Jul/2026:17:53:42 +0200] "GET /en/component/easyfolderlistingpro/?view=preview&format=raw&data=eNptUMFuwjAM_ZXJ90E7GNvMeYjjPlwwKXJXkwalaRWnAwnx73ObVrvsksTvPfs9h7As8S64Qzh3vuYIe8GXAsG1ZFlOfWQRNpVbOJXDIByzWiYIoVgoO7Ckv0lvCMZM2Fi959ZALY-luozXLqOuhr3DXCI3RfY9pWakNypbf7paqsFSrDmYY5fY-_XR2eZJ463m0WfneRm9fUX4p8cc9GChyOTN1xA54_K8mZwQ-Jbm16W38wJ8653aLOlKzUMp0XfTclB1haWiHwj6VT-Or3nxLULogmZ5_AIu53Pu HTTP/1.1" 404 - "-" "Mozilla/5.0 (Macintosh; Intel Mac OS X 10_15_7) AppleWebKit/537.36 (KHTML, like Gecko) Chrome/124.0.0.0 Safari/537.36"
185.191.171.12 - - [03/Jul/2026:17:53:52 +0200] "GET /no/component/k2/item/1?start=4463610 HTTP/1.1" 404 - "-" "Mozilla/5.0 (compatible; SemrushBot/7~bl; +http://www.semrush.com/bot.html)"
95.8.208.105 - - [03/Jul/2026:17:53:59 +0200] "GET /no/component/k2/item/1?start=440380 HTTP/1.1" 404 - "-" "-"
95.8.208.105 - - [03/Jul/2026:17:54:00 +0200] "POST /wp-comments-post.php HTTP/1.1" 404 - "-" "-"
85.208.96.206 - - [03/Jul/2026:17:54:10 +0200] "GET /no/component/k2/item/1?start=529560 HTTP/1.1" 404 - "-" "Mozilla/5.0 (compatible; SemrushBot/7~bl; +http://www.semrush.com/bot.html)"
185.191.171.3 - - [03/Jul/2026:17:54:24 +0200] "GET /no/component/k2/item/1%3C?start=4043900 HTTP/1.1" 404 - "-" "Mozilla/5.0 (compatible; SemrushBot/7~bl; +http://www.semrush.com/bot.html)"
85.208.96.207 - - [03/Jul/2026:17:54:27 +0200] "GET /no/component/k2/item/1?start=1494020 HTTP/1.1" 404 - "-" "Mozilla/5.0 (compatible; SemrushBot/7~bl; +http://www.semrush.com/bot.html)"
201.207.176.172 - - [03/Jul/2026:17:54:49 +0200] "GET http://purehotels.no/our-hotels/eidsbugarden-hotell HTTP/1.1" 404 - "-" "Mozilla/5.0 (Macintosh; Intel Mac OS X 10_15_1) AppleWebKit/537.36 (KHTML, like Gecko) Chrome/80.0.3987.122 Safari/537.36"
85.208.96.212 - - [03/Jul/2026:17:54:57 +0200] "GET /no/component/k2/item/1%3C?start=4157220 HTTP/1.1" 404 - "-" "Mozilla/5.0 (compatible; SemrushBot/7~bl; +http://www.semrush.com/bot.html)"
185.191.171.16 - - [03/Jul/2026:17:55:03 +0200] "GET /no/component/k2/item/1?start=1672430 HTTP/1.1" 404 - "-" "Mozilla/5.0 (compatible; SemrushBot/7~bl; +http://www.semrush.com/bot.html)"
185.191.171.9 - - [03/Jul/2026:17:55:04 +0200] "GET /no/component/k2/item/1%3C?start=3319250 HTTP/1.1" 404 - "-" "Mozilla/5.0 (compatible; SemrushBot/7~bl; +http://www.semrush.com/bot.html)"
185.191.171.3 - - [03/Jul/2026:17:55:06 +0200] "GET /no/component/k2/item/1?start=658680 HTTP/1.1" 404 - "-" "Mozilla/5.0 (compatible; SemrushBot/7~bl; +http://www.semrush.com/bot.html)"
185.191.171.19 - - [03/Jul/2026:17:55:08 +0200] "GET /no/component/k2/item/1?start=2511600 HTTP/1.1" 404 - "-" "Mozilla/5.0 (compatible; SemrushBot/7~bl; +http://www.semrush.com/bot.html)"
85.208.96.200 - - [03/Jul/2026:17:55:09 +0200] "GET /no/component/k2/item/1%3C?start=4383230 HTTP/1.1" 404 - "-" "Mozilla/5.0 (compatible; SemrushBot/7~bl; +http://www.semrush.com/bot.html)"
185.191.171.15 - - [03/Jul/2026:17:55:21 +0200] "GET /no/component/k2/item/1%3C?start=3880690 HTTP/1.1" 404 - "-" "Mozilla/5.0 (compatible; SemrushBot/7~bl; +http://www.semrush.com/bot.html)"
185.191.171.12 - - [03/Jul/2026:17:55:42 +0200] "GET /no/component/k2/item/1?start=4413580 HTTP/1.1" 404 - "-" "Mozilla/5.0 (compatible; SemrushBot/7~bl; +http://www.semrush.com/bot.html)"
185.191.171.13 - - [03/Jul/2026:17:55:59 +0200] "GET /no/component/k2/item/1?start=207640 HTTP/1.1" 404 - "-" "Mozilla/5.0 (compatible; SemrushBot/7~bl; +http://www.semrush.com/bot.html)"
185.191.171.15 - - [03/Jul/2026:17:56:09 +0200] "GET /no/component/k2/item/1?start=2136690 HTTP/1.1" 404 - "-" "Mozilla/5.0 (compatible; SemrushBot/7~bl; +http://www.semrush.com/bot.html)"
85.208.96.207 - - [03/Jul/2026:17:56:12 +0200] "GET /no/component/k2/item/1?start=1299740 HTTP/1.1" 404 - "-" "Mozilla/5.0 (compatible; SemrushBot/7~bl; +http://www.semrush.com/bot.html)"
185.191.171.18 - - [03/Jul/2026:17:56:35 +0200] "GET /no/component/k2/item/1?start=341670 HTTP/1.1" 404 - "-" "Mozilla/5.0 (compatible; SemrushBot/7~bl; +http://www.semrush.com/bot.html)"
185.191.171.16 - - [03/Jul/2026:17:56:41 +0200] "GET /no/component/k2/item/1?start=3723030 HTTP/1.1" 404 - "-" "Mozilla/5.0 (compatible; SemrushBot/7~bl; +http://www.semrush.com/bot.html)"
216.244.66.237 - - [03/Jul/2026:17:56:46 +0200] "GET /de/unsere-hotels/eidsbugarden-hotell HTTP/1.1" 404 - "-" "Mozilla/5.0 (compatible; DotBot/1.2; +https://opensiteexplorer.org/dotbot; help@moz.com)"
185.191.171.15 - - [03/Jul/2026:17:56:56 +0200] "GET /no/component/k2/item/1?start=3566030 HTTP/1.1" 404 - "-" "Mozilla/5.0 (compatible; SemrushBot/7~bl; +http://www.semrush.com/bot.html)"
185.191.171.12 - - [03/Jul/2026:17:57:58 +0200] "GET /no/component/k2/item/1?start=515450 HTTP/1.1" 404 - "-" "Mozilla/5.0 (compatible; SemrushBot/7~bl; +http://www.semrush.com/bot.html)"
85.208.96.198 - - [03/Jul/2026:17:58:04 +0200] "GET /no/component/k2/item/1%3C?start=3878870 HTTP/1.1" 404 - "-" "Mozilla/5.0 (compatible; SemrushBot/7~bl; +http://www.semrush.com/bot.html)"
85.208.96.201 - - [03/Jul/2026:17:58:06 +0200] "GET /no/component/k2/item/1?start=3586270 HTTP/1.1" 404 - "-" "Mozilla/5.0 (compatible; SemrushBot/7~bl; +http://www.semrush.com/bot.html)"
185.191.171.12 - - [03/Jul/2026:17:58:07 +0200] "GET /no/component/k2/item/1?start=3306420 HTTP/1.1" 404 - "-" "Mozilla/5.0 (compatible; SemrushBot/7~bl; +http://www.semrush.com/bot.html)"
185.191.171.7 - - [03/Jul/2026:17:58:12 +0200] "GET /no/component/k2/item/1%3C?start=3876360 HTTP/1.1" 404 - "-" "Mozilla/5.0 (compatible; SemrushBot/7~bl; +http://www.semrush.com/bot.html)"
84.75.148.74 - - [03/Jul/2026:17:58:35 +0200] "GET /en/component/easyfolderlistingpro/?view=download&format=raw&data=eNpNUEFOwzAQ_Eq199KkQQW25woOCCEkbkiWQ6aJq8SJvC6thPg7mzgRnOyZ2Zkd23Ke87fwjunYtxUC7YW3GZPrbA35GAJEYEq3aDpOZ0FI0zJRTNlcItVnSPxLumMyZuJGdJ-s3nYYoW4Zj11iXUV7x1kyBbSDjc0oFwXT5sXVNlRSBsCvHk-ahwau2zz3l5U2vJnTj67Fkr5V_N9mXt_fDuapj2hlvc6LKZsJ1zjfTkM9V8Z1cJq69Mm1qI3RfjYdvE6XE_vApJ_z5XBJT71l8r3X1T-_PAhthw%2C%2C HTTP/1.1" 404 - "-" "Mozilla/5.0 (Macintosh; Intel Mac OS X 10_15_7) AppleWebKit/537.36 (KHTML, like Gecko) Chrome/120.0.0.0 Safari/537.36"
85.208.96.199 - - [03/Jul/2026:17:58:46 +0200] "GET /no/component/k2/item/1?start=1561590 HTTP/1.1" 404 - "-" "Mozilla/5.0 (compatible; SemrushBot/7~bl; +http://www.semrush.com/bot.html)"
185.191.171.18 - - [03/Jul/2026:17:58:59 +0200] "GET /no/component/k2/item/1?start=204060 HTTP/1.1" 404 - "-" "Mozilla/5.0 (compatible; SemrushBot/7~bl; +http://www.semrush.com/bot.html)"
85.208.96.206 - - [03/Jul/2026:17:59:12 +0200] "GET /no/component/k2/item/1?start=3139960 HTTP/1.1" 404 - "-" "Mozilla/5.0 (compatible; SemrushBot/7~bl; +http://www.semrush.com/bot.html)"
85.208.96.203 - - [03/Jul/2026:17:59:16 +0200] "GET /no/component/k2/item/1%3C?start=3909760 HTTP/1.1" 404 - "-" "Mozilla/5.0 (compatible; SemrushBot/7~bl; +http://www.semrush.com/bot.html)"
185.191.171.12 - - [03/Jul/2026:17:59:20 +0200] "GET /no/component/k2/item/1%3C?start=4226040 HTTP/1.1" 404 - "-" "Mozilla/5.0 (compatible; SemrushBot/7~bl; +http://www.semrush.com/bot.html)"
185.191.171.12 - - [03/Jul/2026:17:59:22 +0200] "GET /no/component/k2/item/1?start=399760 HTTP/1.1" 404 - "-" "Mozilla/5.0 (compatible; SemrushBot/7~bl; +http://www.semrush.com/bot.html)"
20.210.91.17 - - [03/Jul/2026:17:59:24 +0200] "GET /wp-content/plugins/hellopress/wp_filemanager.php HTTP/1.1" 404 - "-" "-"
20.210.91.17 - - [03/Jul/2026:17:59:24 +0200] "GET /this_is_a_new_hello_world.php HTTP/1.1" 404 - "-" "-"
20.210.91.17 - - [03/Jul/2026:17:59:24 +0200] "GET /x.php HTTP/1.1" 404 - "-" "-"
20.210.91.17 - - [03/Jul/2026:17:59:25 +0200] "GET /by.php HTTP/1.1" 404 - "-" "-"
20.210.91.17 - - [03/Jul/2026:17:59:25 +0200] "GET /cxs.php HTTP/1.1" 404 - "-" "-"
20.210.91.17 - - [03/Jul/2026:17:59:25 +0200] "GET /coffexium.php HTTP/1.1" 404 - "-" "-"
20.210.91.17 - - [03/Jul/2026:17:59:25 +0200] "GET /asdf.php HTTP/1.1" 404 - "-" "-"
20.210.91.17 - - [03/Jul/2026:17:59:26 +0200] "GET /red.php HTTP/1.1" 404 - "-" "-"
20.210.91.17 - - [03/Jul/2026:17:59:26 +0200] "GET /wp-includes/sodium_compat/ HTTP/1.1" 404 - "-" "-"
20.210.91.17 - - [03/Jul/2026:17:59:26 +0200] "GET /wp-admin/css/colors/coffee/wp-adochan.php HTTP/1.1" 404 - "-" "-"
20.210.91.17 - - [03/Jul/2026:17:59:26 +0200] "GET /wp-includes/Text/ HTTP/1.1" 404 - "-" "-"
20.210.91.17 - - [03/Jul/2026:17:59:27 +0200] "GET /footer.php HTTP/1.1" 404 - "-" "-"
20.210.91.17 - - [03/Jul/2026:17:59:27 +0200] "GET /wp-content/uploads/ HTTP/1.1" 404 - "-" "-"
20.210.91.17 - - [03/Jul/2026:17:59:27 +0200] "GET /wp-content/index.php HTTP/1.1" 404 - "-" "-"
20.210.91.17 - - [03/Jul/2026:17:59:27 +0200] "GET /zoro.php HTTP/1.1" 404 - "-" "-"
20.210.91.17 - - [03/Jul/2026:17:59:28 +0200] "GET /wm.php HTTP/1.1" 404 - "-" "-"
20.210.91.17 - - [03/Jul/2026:17:59:28 +0200] "GET /bajah.php HTTP/1.1" 404 - "-" "-"
20.210.91.17 - - [03/Jul/2026:17:59:28 +0200] "GET /cream1.php HTTP/1.1" 404 - "-" "-"
20.210.91.17 - - [03/Jul/2026:17:59:28 +0200] "GET /lim.php HTTP/1.1" 404 - "-" "-"
20.210.91.17 - - [03/Jul/2026:17:59:28 +0200] "GET /heat3.php HTTP/1.1" 404 - "-" "-"
20.210.91.17 - - [03/Jul/2026:17:59:29 +0200] "GET /greap.php HTTP/1.1" 404 - "-" "-"
20.210.91.17 - - [03/Jul/2026:17:59:29 +0200] "GET /177.php HTTP/1.1" 404 - "-" "-"
20.210.91.17 - - [03/Jul/2026:17:59:29 +0200] "GET /199.php HTTP/1.1" 404 - "-" "-"
20.210.91.17 - - [03/Jul/2026:17:59:30 +0200] "GET /file52.php HTTP/1.1" 404 - "-" "-"
85.208.96.212 - - [03/Jul/2026:17:59:30 +0200] "GET /no/component/k2/item/1?start=348020 HTTP/1.1" 404 - "-" "Mozilla/5.0 (compatible; SemrushBot/7~bl; +http://www.semrush.com/bot.html)"
20.210.91.17 - - [03/Jul/2026:17:59:30 +0200] "GET /122.php HTTP/1.1" 404 - "-" "-"
20.210.91.17 - - [03/Jul/2026:17:59:30 +0200] "GET /green1.php HTTP/1.1" 404 - "-" "-"
20.210.91.17 - - [03/Jul/2026:17:59:30 +0200] "GET /sukce.php HTTP/1.1" 404 - "-" "-"
20.210.91.17 - - [03/Jul/2026:17:59:30 +0200] "GET /xb.php HTTP/1.1" 404 - "-" "-"
20.210.91.17 - - [03/Jul/2026:17:59:31 +0200] "GET /biufile.php HTTP/1.1" 404 - "-" "-"
185.191.171.17 - - [03/Jul/2026:17:59:31 +0200] "GET /no/component/k2/item/1?start=1828190 HTTP/1.1" 404 - "-" "Mozilla/5.0 (compatible; SemrushBot/7~bl; +http://www.semrush.com/bot.html)"
20.210.91.17 - - [03/Jul/2026:17:59:31 +0200] "GET /wpconf.php HTTP/1.1" 404 - "-" "-"
20.210.91.17 - - [03/Jul/2026:17:59:31 +0200] "GET /ultradybbuks.php HTTP/1.1" 404 - "-" "-"
20.210.91.17 - - [03/Jul/2026:17:59:31 +0200] "GET /novax.php HTTP/1.1" 404 - "-" "-"
20.210.91.17 - - [03/Jul/2026:17:59:32 +0200] "GET /mosty.php HTTP/1.1" 404 - "-" "-"
20.210.91.17 - - [03/Jul/2026:17:59:32 +0200] "GET /dejavu.php HTTP/1.1" 404 - "-" "-"
20.210.91.17 - - [03/Jul/2026:17:59:32 +0200] "GET /aaf.php HTTP/1.1" 404 - "-" "-"
20.210.91.17 - - [03/Jul/2026:17:59:32 +0200] "GET /b00869ae6e.php HTTP/1.1" 404 - "-" "-"
20.210.91.17 - - [03/Jul/2026:17:59:33 +0200] "GET /term.php HTTP/1.1" 404 - "-" "-"
20.210.91.17 - - [03/Jul/2026:17:59:33 +0200] "GET /wander.php HTTP/1.1" 404 - "-" "-"
20.210.91.17 - - [03/Jul/2026:17:59:33 +0200] "GET /ha.php HTTP/1.1" 404 - "-" "-"
20.210.91.17 - - [03/Jul/2026:17:59:33 +0200] "GET /hur.php HTTP/1.1" 404 - "-" "-"
20.210.91.17 - - [03/Jul/2026:17:59:34 +0200] "GET /2222.php HTTP/1.1" 404 - "-" "-"
20.210.91.17 - - [03/Jul/2026:17:59:34 +0200] "GET /h02ugyh.php HTTP/1.1" 404 - "-" "-"
20.210.91.17 - - [03/Jul/2026:17:59:34 +0200] "GET /seiso.php HTTP/1.1" 404 - "-" "-"
20.210.91.17 - - [03/Jul/2026:17:59:34 +0200] "GET /155.php HTTP/1.1" 404 - "-" "-"
20.210.91.17 - - [03/Jul/2026:17:59:35 +0200] "GET /ppp.php HTTP/1.1" 404 - "-" "-"
20.210.91.17 - - [03/Jul/2026:17:59:35 +0200] "GET /201.php HTTP/1.1" 404 - "-" "-"
20.210.91.17 - - [03/Jul/2026:17:59:35 +0200] "GET /ops.php HTTP/1.1" 404 - "-" "-"
20.210.91.17 - - [03/Jul/2026:17:59:35 +0200] "GET /samll.php HTTP/1.1" 404 - "-" "-"
20.210.91.17 - - [03/Jul/2026:17:59:36 +0200] "GET /ingfo.php HTTP/1.1" 404 - "-" "-"
20.210.91.17 - - [03/Jul/2026:17:59:36 +0200] "GET /error_log.php HTTP/1.1" 404 - "-" "-"
20.210.91.17 - - [03/Jul/2026:17:59:36 +0200] "GET /xenon1337.php HTTP/1.1" 404 - "-" "-"
20.210.91.17 - - [03/Jul/2026:17:59:36 +0200] "GET /test11.php HTTP/1.1" 404 - "-" "-"
20.210.91.17 - - [03/Jul/2026:17:59:37 +0200] "GET /koala.php HTTP/1.1" 404 - "-" "-"
20.210.91.17 - - [03/Jul/2026:17:59:37 +0200] "GET /mac.php HTTP/1.1" 404 - "-" "-"
20.210.91.17 - - [03/Jul/2026:17:59:37 +0200] "GET /25d653587fdfd1.php HTTP/1.1" 404 - "-" "-"
20.210.91.17 - - [03/Jul/2026:17:59:37 +0200] "GET /wefile.php HTTP/1.1" 404 - "-" "-"
20.210.91.17 - - [03/Jul/2026:17:59:38 +0200] "GET /modules/mod_simplefileuploadv1.3/elements/filemanager.php?p= HTTP/1.1" 404 - "-" "-"
20.210.91.17 - - [03/Jul/2026:17:59:38 +0200] "GET /wp-includes/blocks/post-comments-form/ HTTP/1.1" 404 - "-" "-"
20.210.91.17 - - [03/Jul/2026:17:59:38 +0200] "GET /wp-admin/js/ HTTP/1.1" 404 - "-" "-"
20.210.91.17 - - [03/Jul/2026:17:59:38 +0200] "GET /wp-admin/css/colour.php HTTP/1.1" 404 - "-" "-"
20.210.91.17 - - [03/Jul/2026:17:59:39 +0200] "GET /2P.php HTTP/1.1" 404 - "-" "-"
20.210.91.17 - - [03/Jul/2026:17:59:39 +0200] "GET /tires.php HTTP/1.1" 404 - "-" "-"
20.210.91.17 - - [03/Jul/2026:17:59:39 +0200] "GET /wordpress/wp-admin/maint/ HTTP/1.1" 404 - "-" "-"
20.210.91.17 - - [03/Jul/2026:17:59:39 +0200] "GET /.well-known/about.php HTTP/1.1" 404 - "-" "-"
20.210.91.17 - - [03/Jul/2026:17:59:40 +0200] "GET /wp-includes/ID3/about.php HTTP/1.1" 404 - "-" "-"
20.210.91.17 - - [03/Jul/2026:17:59:40 +0200] "GET /bob.php HTTP/1.1" 404 - "-" "-"
20.210.91.17 - - [03/Jul/2026:17:59:40 +0200] "GET /t3s.php HTTP/1.1" 404 - "-" "-"
20.210.91.17 - - [03/Jul/2026:17:59:40 +0200] "GET /wp-admin/css/ HTTP/1.1" 404 - "-" "-"
20.210.91.17 - - [03/Jul/2026:17:59:41 +0200] "GET /wp-admin/css/colors/modern/ HTTP/1.1" 404 - "-" "-"
20.210.91.17 - - [03/Jul/2026:17:59:41 +0200] "GET /uwu.php HTTP/1.1" 404 - "-" "-"
20.210.91.17 - - [03/Jul/2026:17:59:41 +0200] "GET /uwa.php HTTP/1.1" 404 - "-" "-"
20.210.91.17 - - [03/Jul/2026:17:59:41 +0200] "GET /crgio.php HTTP/1.1" 404 - "-" "-"
20.210.91.17 - - [03/Jul/2026:17:59:42 +0200] "GET /geforce.php HTTP/1.1" 404 - "-" "-"
20.210.91.17 - - [03/Jul/2026:17:59:42 +0200] "GET /pucci.php HTTP/1.1" 404 - "-" "-"
