85.208.96.204 - - [03/Jul/2026:18:33:20 +0200] "GET /no/component/k2/item/1%3C?start=4397320 HTTP/1.1" 404 - "-" "Mozilla/5.0 (compatible; SemrushBot/7~bl; +http://www.semrush.com/bot.html)"
85.208.96.197 - - [03/Jul/2026:18:33:23 +0200] "GET /no/component/k2/item/1%3C?start=4549320 HTTP/1.1" 404 - "-" "Mozilla/5.0 (compatible; SemrushBot/7~bl; +http://www.semrush.com/bot.html)"
185.191.171.15 - - [03/Jul/2026:18:33:26 +0200] "GET /no/component/k2/item/1?start=4423970 HTTP/1.1" 404 - "-" "Mozilla/5.0 (compatible; SemrushBot/7~bl; +http://www.semrush.com/bot.html)"
85.208.96.211 - - [03/Jul/2026:18:33:56 +0200] "GET /no/component/k2/item/1%3C?start=3182900 HTTP/1.1" 404 - "-" "Mozilla/5.0 (compatible; SemrushBot/7~bl; +http://www.semrush.com/bot.html)"
185.191.171.4 - - [03/Jul/2026:18:34:14 +0200] "GET /no/component/k2/item/1?start=4264730 HTTP/1.1" 404 - "-" "Mozilla/5.0 (compatible; SemrushBot/7~bl; +http://www.semrush.com/bot.html)"
85.208.96.195 - - [03/Jul/2026:18:34:21 +0200] "GET /no/component/k2/item/1%3C?start=4431600 HTTP/1.1" 404 - "-" "Mozilla/5.0 (compatible; SemrushBot/7~bl; +http://www.semrush.com/bot.html)"
185.191.171.14 - - [03/Jul/2026:18:34:34 +0200] "GET /no/component/k2/item/1%3C?start=4427070 HTTP/1.1" 404 - "-" "Mozilla/5.0 (compatible; SemrushBot/7~bl; +http://www.semrush.com/bot.html)"
85.208.96.207 - - [03/Jul/2026:18:34:48 +0200] "GET /no/component/k2/item/1?start=1396980 HTTP/1.1" 404 - "-" "Mozilla/5.0 (compatible; SemrushBot/7~bl; +http://www.semrush.com/bot.html)"
85.208.96.209 - - [03/Jul/2026:18:35:08 +0200] "GET /no/component/k2/item/1?start=97000 HTTP/1.1" 404 - "-" "Mozilla/5.0 (compatible; SemrushBot/7~bl; +http://www.semrush.com/bot.html)"
185.191.171.5 - - [03/Jul/2026:18:35:09 +0200] "GET /no/component/k2/item/1?start=2053160 HTTP/1.1" 404 - "-" "Mozilla/5.0 (compatible; SemrushBot/7~bl; +http://www.semrush.com/bot.html)"
43.153.104.196 - - [03/Jul/2026:18:35:11 +0200] "GET /5c601b523f.php?filesrc=//sbin/abrt-dbus&path=//sbin HTTP/1.1" 200 1447 "-" "Mozilla/5.0 (iPhone; CPU iPhone OS 13_2_3 like Mac OS X) AppleWebKit/605.1.15 (KHTML, like Gecko) Version/13.0.3 Mobile/15E148 Safari/604.1"
185.191.171.9 - - [03/Jul/2026:18:35:37 +0200] "GET /no/component/k2/item/1?start=684660 HTTP/1.1" 404 - "-" "Mozilla/5.0 (compatible; SemrushBot/7~bl; +http://www.semrush.com/bot.html)"
185.191.171.9 - - [03/Jul/2026:18:35:53 +0200] "GET /no/component/k2/item/1?start=2004270 HTTP/1.1" 404 - "-" "Mozilla/5.0 (compatible; SemrushBot/7~bl; +http://www.semrush.com/bot.html)"
185.191.171.13 - - [03/Jul/2026:18:36:18 +0200] "GET /no/component/k2/item/1?start=3955920 HTTP/1.1" 404 - "-" "Mozilla/5.0 (compatible; SemrushBot/7~bl; +http://www.semrush.com/bot.html)"
185.191.171.10 - - [03/Jul/2026:18:36:27 +0200] "GET /no/component/k2/item/1?start=3429950 HTTP/1.1" 404 - "-" "Mozilla/5.0 (compatible; SemrushBot/7~bl; +http://www.semrush.com/bot.html)"
216.244.66.237 - - [03/Jul/2026:18:36:45 +0200] "GET /de/unsere-hotels/hotel-mundal HTTP/1.1" 404 - "-" "Mozilla/5.0 (compatible; DotBot/1.2; +https://opensiteexplorer.org/dotbot; help@moz.com)"
185.191.171.13 - - [03/Jul/2026:18:36:48 +0200] "GET /no/component/k2/item/1?start=1510360 HTTP/1.1" 404 - "-" "Mozilla/5.0 (compatible; SemrushBot/7~bl; +http://www.semrush.com/bot.html)"
185.191.171.8 - - [03/Jul/2026:18:36:50 +0200] "GET /no/component/k2/item/1?start=3327550 HTTP/1.1" 404 - "-" "Mozilla/5.0 (compatible; SemrushBot/7~bl; +http://www.semrush.com/bot.html)"
216.244.66.237 - - [03/Jul/2026:18:36:50 +0200] "GET /fr/nos-hotels HTTP/1.1" 404 - "-" "Mozilla/5.0 (compatible; DotBot/1.2; +https://opensiteexplorer.org/dotbot; help@moz.com)"
185.191.171.11 - - [03/Jul/2026:18:36:54 +0200] "GET /no/component/k2/item/1?start=3764410 HTTP/1.1" 404 - "-" "Mozilla/5.0 (compatible; SemrushBot/7~bl; +http://www.semrush.com/bot.html)"
85.208.96.195 - - [03/Jul/2026:18:37:00 +0200] "GET /no/component/k2/item/1%3C?start=3753840 HTTP/1.1" 404 - "-" "Mozilla/5.0 (compatible; SemrushBot/7~bl; +http://www.semrush.com/bot.html)"
85.208.96.202 - - [03/Jul/2026:18:37:22 +0200] "GET /no/component/k2/item/1?start=4440120 HTTP/1.1" 404 - "-" "Mozilla/5.0 (compatible; SemrushBot/7~bl; +http://www.semrush.com/bot.html)"
216.244.66.237 - - [03/Jul/2026:18:37:23 +0200] "GET /ja/franchise HTTP/1.1" 404 - "-" "Mozilla/5.0 (compatible; DotBot/1.2; +https://opensiteexplorer.org/dotbot; help@moz.com)"
185.191.171.14 - - [03/Jul/2026:18:37:27 +0200] "GET /no/component/k2/item/1?start=2439780 HTTP/1.1" 404 - "-" "Mozilla/5.0 (compatible; SemrushBot/7~bl; +http://www.semrush.com/bot.html)"
85.208.96.198 - - [03/Jul/2026:18:37:30 +0200] "GET /no/component/k2/item/1?start=4304930 HTTP/1.1" 404 - "-" "Mozilla/5.0 (compatible; SemrushBot/7~bl; +http://www.semrush.com/bot.html)"
185.191.171.6 - - [03/Jul/2026:18:37:36 +0200] "GET /no/component/k2/item/1%3C?start=4286580 HTTP/1.1" 404 - "-" "Mozilla/5.0 (compatible; SemrushBot/7~bl; +http://www.semrush.com/bot.html)"
185.191.171.14 - - [03/Jul/2026:18:37:42 +0200] "GET /no/component/k2/item/1?start=3696690 HTTP/1.1" 404 - "-" "Mozilla/5.0 (compatible; SemrushBot/7~bl; +http://www.semrush.com/bot.html)"
85.208.96.197 - - [03/Jul/2026:18:37:52 +0200] "GET /no/component/k2/item/1?start=3627630 HTTP/1.1" 404 - "-" "Mozilla/5.0 (compatible; SemrushBot/7~bl; +http://www.semrush.com/bot.html)"
185.191.171.15 - - [03/Jul/2026:18:38:31 +0200] "GET /no/component/k2/item/1?start=683480 HTTP/1.1" 404 - "-" "Mozilla/5.0 (compatible; SemrushBot/7~bl; +http://www.semrush.com/bot.html)"
185.191.171.13 - - [03/Jul/2026:18:38:42 +0200] "GET /no/component/k2/item/1?start=2989510 HTTP/1.1" 404 - "-" "Mozilla/5.0 (compatible; SemrushBot/7~bl; +http://www.semrush.com/bot.html)"
85.208.96.205 - - [03/Jul/2026:18:38:50 +0200] "GET /no/component/k2/item/1?start=1983780 HTTP/1.1" 404 - "-" "Mozilla/5.0 (compatible; SemrushBot/7~bl; +http://www.semrush.com/bot.html)"
185.191.171.17 - - [03/Jul/2026:18:39:08 +0200] "GET /no/component/k2/item/1?start=4361060 HTTP/1.1" 404 - "-" "Mozilla/5.0 (compatible; SemrushBot/7~bl; +http://www.semrush.com/bot.html)"
216.244.66.237 - - [03/Jul/2026:18:39:17 +0200] "GET /ja/hotels/eidsbugarden-hotell HTTP/1.1" 404 - "-" "Mozilla/5.0 (compatible; DotBot/1.2; +https://opensiteexplorer.org/dotbot; help@moz.com)"
85.208.96.197 - - [03/Jul/2026:18:39:25 +0200] "GET /no/component/k2/item/1?start=4188350 HTTP/1.1" 404 - "-" "Mozilla/5.0 (compatible; SemrushBot/7~bl; +http://www.semrush.com/bot.html)"
185.191.171.6 - - [03/Jul/2026:18:39:26 +0200] "GET /no/component/k2/item/1%3C?start=3873230 HTTP/1.1" 404 - "-" "Mozilla/5.0 (compatible; SemrushBot/7~bl; +http://www.semrush.com/bot.html)"
85.208.96.197 - - [03/Jul/2026:18:39:28 +0200] "GET /no/component/k2/item/1?start=1877330 HTTP/1.1" 404 - "-" "Mozilla/5.0 (compatible; SemrushBot/7~bl; +http://www.semrush.com/bot.html)"
85.208.96.193 - - [03/Jul/2026:18:40:02 +0200] "GET /no/component/k2/item/1?start=567960 HTTP/1.1" 404 - "-" "Mozilla/5.0 (compatible; SemrushBot/7~bl; +http://www.semrush.com/bot.html)"
185.191.171.16 - - [03/Jul/2026:18:40:24 +0200] "GET /no/component/k2/item/1?start=728810 HTTP/1.1" 404 - "-" "Mozilla/5.0 (compatible; SemrushBot/7~bl; +http://www.semrush.com/bot.html)"
145.223.131.11 - - [03/Jul/2026:18:40:33 +0200] "GET /media/k2/assets/vendors/studio-42/elfinder/php/elFinderVolumeLocalFileSystem.class.php HTTP/1.1" 404 - "-" "Mozilla/5.0 (Macintosh; Intel Mac OS X 10_15_7) AppleWebKit/537.36 (KHTML, like Gecko) Chrome/120.0.0.0 Safari/537.36"
185.191.171.2 - - [03/Jul/2026:18:40:42 +0200] "GET /no/component/k2/item/1?start=4098330 HTTP/1.1" 404 - "-" "Mozilla/5.0 (compatible; SemrushBot/7~bl; +http://www.semrush.com/bot.html)"
185.191.171.8 - - [03/Jul/2026:18:40:52 +0200] "GET /no/component/k2/item/1?start=1231460 HTTP/1.1" 404 - "-" "Mozilla/5.0 (compatible; SemrushBot/7~bl; +http://www.semrush.com/bot.html)"
85.208.96.203 - - [03/Jul/2026:18:41:00 +0200] "GET /no/component/k2/item/1?start=2050100 HTTP/1.1" 404 - "-" "Mozilla/5.0 (compatible; SemrushBot/7~bl; +http://www.semrush.com/bot.html)"
185.191.171.10 - - [03/Jul/2026:18:41:14 +0200] "GET /no/component/k2/item/1?start=3404030 HTTP/1.1" 404 - "-" "Mozilla/5.0 (compatible; SemrushBot/7~bl; +http://www.semrush.com/bot.html)"
185.191.171.7 - - [03/Jul/2026:18:41:16 +0200] "GET /no/component/k2/item/1?start=2582370 HTTP/1.1" 404 - "-" "Mozilla/5.0 (compatible; SemrushBot/7~bl; +http://www.semrush.com/bot.html)"
85.208.96.207 - - [03/Jul/2026:18:41:33 +0200] "GET /no/component/k2/item/1?start=2930960 HTTP/1.1" 404 - "-" "Mozilla/5.0 (compatible; SemrushBot/7~bl; +http://www.semrush.com/bot.html)"
85.208.96.206 - - [03/Jul/2026:18:41:35 +0200] "GET /no/component/k2/item/1%3C?start=3536220 HTTP/1.1" 404 - "-" "Mozilla/5.0 (compatible; SemrushBot/7~bl; +http://www.semrush.com/bot.html)"
85.208.96.209 - - [03/Jul/2026:18:41:36 +0200] "GET /no/component/k2/item/1%3C?start=3767610 HTTP/1.1" 404 - "-" "Mozilla/5.0 (compatible; SemrushBot/7~bl; +http://www.semrush.com/bot.html)"
85.208.96.198 - - [03/Jul/2026:18:41:57 +0200] "GET /no/component/k2/item/1?start=3488640 HTTP/1.1" 404 - "-" "Mozilla/5.0 (compatible; SemrushBot/7~bl; +http://www.semrush.com/bot.html)"
85.208.96.210 - - [03/Jul/2026:18:42:00 +0200] "GET /no/component/k2/item/1?start=3049450 HTTP/1.1" 404 - "-" "Mozilla/5.0 (compatible; SemrushBot/7~bl; +http://www.semrush.com/bot.html)"
185.191.171.6 - - [03/Jul/2026:18:42:09 +0200] "GET /no/component/k2/item/1?start=3872190 HTTP/1.1" 404 - "-" "Mozilla/5.0 (compatible; SemrushBot/7~bl; +http://www.semrush.com/bot.html)"
85.208.96.194 - - [03/Jul/2026:18:42:34 +0200] "GET /no/component/k2/item/1?start=3074220 HTTP/1.1" 404 - "-" "Mozilla/5.0 (compatible; SemrushBot/7~bl; +http://www.semrush.com/bot.html)"
85.208.96.197 - - [03/Jul/2026:18:42:39 +0200] "GET /no/component/k2/item/1?start=999900 HTTP/1.1" 404 - "-" "Mozilla/5.0 (compatible; SemrushBot/7~bl; +http://www.semrush.com/bot.html)"
185.191.171.7 - - [03/Jul/2026:18:42:59 +0200] "GET /no/component/k2/item/1%3C?start=3755190 HTTP/1.1" 404 - "-" "Mozilla/5.0 (compatible; SemrushBot/7~bl; +http://www.semrush.com/bot.html)"
145.223.130.79 - - [03/Jul/2026:18:43:14 +0200] "GET /en/component/easyfolderlistingpro/?view=download&format=raw&data=eNpFUE1PwzAM_SvId1gL01ww74y0IweOSFFKvdRTmkZxApMQ_x23abVT4uf3lVhsW_wVPCCcXCffU4Kj4GODwKN1JJ8xkQiZjred0qEIpcqWBUJotpUrJPnm9IxgzILN00uVBjvSPGrKfBwqyj0cGZsqSuSjzcO8flLa7o176YqzqadgTlMm73dcJ3bDndZ7WK3P7Gmz3muVVZPsTWM-phhzSea9JKqY3LdLCgJd83q7RLeWp2tkjdiatdrF5my_hpGCsrsFfUXQb_pm-qmP3iOEKWiPv39UhXKF HTTP/1.1" 404 - "-" "Mozilla/5.0 (Macintosh; Intel Mac OS X 10_15_7) AppleWebKit/537.36 (KHTML, like Gecko) Chrome/120.0.0.0 Safari/537.36"
85.208.96.210 - - [03/Jul/2026:18:43:22 +0200] "GET /no/component/k2/item/1%3C?start=4418170 HTTP/1.1" 404 - "-" "Mozilla/5.0 (compatible; SemrushBot/7~bl; +http://www.semrush.com/bot.html)"
185.191.171.6 - - [03/Jul/2026:18:43:27 +0200] "GET /no/component/k2/item/1?start=4081240 HTTP/1.1" 404 - "-" "Mozilla/5.0 (compatible; SemrushBot/7~bl; +http://www.semrush.com/bot.html)"
85.208.96.194 - - [03/Jul/2026:18:43:29 +0200] "GET /no/component/k2/item/1?start=2158770 HTTP/1.1" 404 - "-" "Mozilla/5.0 (compatible; SemrushBot/7~bl; +http://www.semrush.com/bot.html)"
43.155.157.239 - - [03/Jul/2026:18:43:42 +0200] "GET /5c601b523f.php?filesrc=//sbin/btrfstune&path=//sbin HTTP/1.1" 200 1447 "-" "Mozilla/5.0 (iPhone; CPU iPhone OS 13_2_3 like Mac OS X) AppleWebKit/605.1.15 (KHTML, like Gecko) Version/13.0.3 Mobile/15E148 Safari/604.1"
85.208.96.212 - - [03/Jul/2026:18:43:43 +0200] "GET /no/component/k2/item/1?start=4084580 HTTP/1.1" 404 - "-" "Mozilla/5.0 (compatible; SemrushBot/7~bl; +http://www.semrush.com/bot.html)"
185.191.171.13 - - [03/Jul/2026:18:44:10 +0200] "GET /robots.txt HTTP/1.1" 200 23 "-" "Mozilla/5.0 (compatible; SemrushBot/7~bl; +http://www.semrush.com/bot.html)"
85.208.96.194 - - [03/Jul/2026:18:44:12 +0200] "GET /en/faq HTTP/1.1" 404 - "-" "Mozilla/5.0 (compatible; SemrushBot/7~bl; +http://www.semrush.com/bot.html)"
85.208.96.196 - - [03/Jul/2026:18:44:23 +0200] "GET /no/component/k2/item/1%3C?start=3353890 HTTP/1.1" 404 - "-" "Mozilla/5.0 (compatible; SemrushBot/7~bl; +http://www.semrush.com/bot.html)"
185.191.171.2 - - [03/Jul/2026:18:44:39 +0200] "GET /no/component/k2/item/1%3C?start=3147670 HTTP/1.1" 404 - "-" "Mozilla/5.0 (compatible; SemrushBot/7~bl; +http://www.semrush.com/bot.html)"
185.191.171.16 - - [03/Jul/2026:18:44:51 +0200] "GET /no/component/k2/item/1?start=1315170 HTTP/1.1" 404 - "-" "Mozilla/5.0 (compatible; SemrushBot/7~bl; +http://www.semrush.com/bot.html)"
85.208.96.196 - - [03/Jul/2026:18:44:58 +0200] "GET /no/component/k2/item/1?start=2225070 HTTP/1.1" 404 - "-" "Mozilla/5.0 (compatible; SemrushBot/7~bl; +http://www.semrush.com/bot.html)"
85.208.96.204 - - [03/Jul/2026:18:45:13 +0200] "GET /no/component/k2/item/1?start=1572500 HTTP/1.1" 404 - "-" "Mozilla/5.0 (compatible; SemrushBot/7~bl; +http://www.semrush.com/bot.html)"
145.223.131.207 - - [03/Jul/2026:18:45:13 +0200] "GET /en/component/easyfolderlistingpro/?view=download&format=raw&data=eNpFj0sOwjAMRK-CfFwwaPljLsCCJUukKlC3BKVpFQdaCXEv9lxcDDdpxSrxeDx-Vpim-GJcXCMUtcnJwZ5xniDoSpXE58YRM2UXPfbEDg8mF90cJIRkbJUPYv9P2iBkWdD6ahtHraqoL2VL_6yjqnPYa0zikCPTKH8LMEuE2en7cU_Nk0PtyZjZsW5cJwI2HUILbWgMXUmasxTAFgjU-eF3b8qBiLpGu94R16XCobxX11tFVtyXoO4Q5PanpjZeXCIUtray4v0DoRJipg%2C%2C HTTP/1.1" 404 - "-" "Mozilla/5.0 (Macintosh; Intel Mac OS X 10_15_7) AppleWebKit/537.36 (KHTML, like Gecko) Chrome/120.0.0.0 Safari/537.36"
85.208.96.212 - - [03/Jul/2026:18:45:17 +0200] "GET /no/component/k2/item/1?start=2505950 HTTP/1.1" 404 - "-" "Mozilla/5.0 (compatible; SemrushBot/7~bl; +http://www.semrush.com/bot.html)"
85.208.96.194 - - [03/Jul/2026:18:45:19 +0200] "GET /no/component/k2/item/1?start=3432480 HTTP/1.1" 404 - "-" "Mozilla/5.0 (compatible; SemrushBot/7~bl; +http://www.semrush.com/bot.html)"
66.249.75.197 - - [03/Jul/2026:18:45:30 +0200] "GET /no/vare-hoteller/eidsbugarden-hotell HTTP/1.1" 404 - "-" "Mozilla/5.0 (Linux; Android 6.0.1; Nexus 5X Build/MMB29P) AppleWebKit/537.36 (KHTML, like Gecko) Chrome/150.0.7871.46 Mobile Safari/537.36 (compatible; Googlebot/2.1; +http://www.google.com/bot.html)"
85.208.96.205 - - [03/Jul/2026:18:45:30 +0200] "GET /no/component/k2/item/1?start=1801500 HTTP/1.1" 404 - "-" "Mozilla/5.0 (compatible; SemrushBot/7~bl; +http://www.semrush.com/bot.html)"
85.208.96.205 - - [03/Jul/2026:18:45:40 +0200] "GET /no/component/k2/item/1?start=4259730 HTTP/1.1" 404 - "-" "Mozilla/5.0 (compatible; SemrushBot/7~bl; +http://www.semrush.com/bot.html)"
85.208.96.210 - - [03/Jul/2026:18:45:51 +0200] "GET /no/component/k2/item/1?start=643700 HTTP/1.1" 404 - "-" "Mozilla/5.0 (compatible; SemrushBot/7~bl; +http://www.semrush.com/bot.html)"
85.208.96.193 - - [03/Jul/2026:18:46:15 +0200] "GET /no/component/k2/item/1?start=4465470 HTTP/1.1" 404 - "-" "Mozilla/5.0 (compatible; SemrushBot/7~bl; +http://www.semrush.com/bot.html)"
85.208.96.193 - - [03/Jul/2026:18:46:20 +0200] "GET /no/component/k2/item/1?start=1926710 HTTP/1.1" 404 - "-" "Mozilla/5.0 (compatible; SemrushBot/7~bl; +http://www.semrush.com/bot.html)"
85.208.96.210 - - [03/Jul/2026:18:46:34 +0200] "GET /no/component/k2/item/1%3C?start=3285400 HTTP/1.1" 404 - "-" "Mozilla/5.0 (compatible; SemrushBot/7~bl; +http://www.semrush.com/bot.html)"
85.208.96.193 - - [03/Jul/2026:18:46:48 +0200] "GET /no/component/k2/item/1?start=4006670 HTTP/1.1" 404 - "-" "Mozilla/5.0 (compatible; SemrushBot/7~bl; +http://www.semrush.com/bot.html)"
85.208.96.212 - - [03/Jul/2026:18:46:56 +0200] "GET /no/component/k2/item/1?start=1000120 HTTP/1.1" 404 - "-" "Mozilla/5.0 (compatible; SemrushBot/7~bl; +http://www.semrush.com/bot.html)"
185.191.171.19 - - [03/Jul/2026:18:47:00 +0200] "GET /no/component/k2/item/1?start=1395100 HTTP/1.1" 404 - "-" "Mozilla/5.0 (compatible; SemrushBot/7~bl; +http://www.semrush.com/bot.html)"
85.208.96.208 - - [03/Jul/2026:18:47:43 +0200] "GET /no/component/k2/item/1%3C?start=3775920 HTTP/1.1" 404 - "-" "Mozilla/5.0 (compatible; SemrushBot/7~bl; +http://www.semrush.com/bot.html)"
85.208.96.206 - - [03/Jul/2026:18:47:46 +0200] "GET /no/component/k2/item/1%3C?start=3407280 HTTP/1.1" 404 - "-" "Mozilla/5.0 (compatible; SemrushBot/7~bl; +http://www.semrush.com/bot.html)"
85.208.96.207 - - [03/Jul/2026:18:48:03 +0200] "GET /no/component/k2/item/1%3C?start=4083860 HTTP/1.1" 404 - "-" "Mozilla/5.0 (compatible; SemrushBot/7~bl; +http://www.semrush.com/bot.html)"
216.244.66.237 - - [03/Jul/2026:18:48:18 +0200] "GET /media/k2/gallerychamp/item132/?C=M;O=D HTTP/1.1" 404 - "-" "Mozilla/5.0 (compatible; DotBot/1.2; +https://opensiteexplorer.org/dotbot; help@moz.com)"
185.191.171.18 - - [03/Jul/2026:18:48:39 +0200] "GET /no/component/k2/item/1?start=4086260 HTTP/1.1" 404 - "-" "Mozilla/5.0 (compatible; SemrushBot/7~bl; +http://www.semrush.com/bot.html)"
185.191.171.8 - - [03/Jul/2026:18:48:40 +0200] "GET /no/component/k2/item/1?start=4258910 HTTP/1.1" 404 - "-" "Mozilla/5.0 (compatible; SemrushBot/7~bl; +http://www.semrush.com/bot.html)"
185.191.171.13 - - [03/Jul/2026:18:48:46 +0200] "GET /no/component/k2/item/1?start=1245430 HTTP/1.1" 404 - "-" "Mozilla/5.0 (compatible; SemrushBot/7~bl; +http://www.semrush.com/bot.html)"
185.191.171.9 - - [03/Jul/2026:18:48:55 +0200] "GET /no/component/k2/item/1?start=381610 HTTP/1.1" 404 - "-" "Mozilla/5.0 (compatible; SemrushBot/7~bl; +http://www.semrush.com/bot.html)"
185.191.171.18 - - [03/Jul/2026:18:49:15 +0200] "GET /no/component/k2/item/1?start=910140 HTTP/1.1" 404 - "-" "Mozilla/5.0 (compatible; SemrushBot/7~bl; +http://www.semrush.com/bot.html)"
185.191.171.5 - - [03/Jul/2026:18:49:20 +0200] "GET /no/component/k2/item/1?start=591200 HTTP/1.1" 404 - "-" "Mozilla/5.0 (compatible; SemrushBot/7~bl; +http://www.semrush.com/bot.html)"
185.191.171.1 - - [03/Jul/2026:18:49:25 +0200] "GET /no/component/k2/item/1?start=3739800 HTTP/1.1" 404 - "-" "Mozilla/5.0 (compatible; SemrushBot/7~bl; +http://www.semrush.com/bot.html)"
85.208.96.196 - - [03/Jul/2026:18:49:31 +0200] "GET /no/component/k2/item/1?start=2022620 HTTP/1.1" 404 - "-" "Mozilla/5.0 (compatible; SemrushBot/7~bl; +http://www.semrush.com/bot.html)"
85.208.96.206 - - [03/Jul/2026:18:49:37 +0200] "GET /no/component/k2/item/1?start=2347080 HTTP/1.1" 404 - "-" "Mozilla/5.0 (compatible; SemrushBot/7~bl; +http://www.semrush.com/bot.html)"
85.208.96.206 - - [03/Jul/2026:18:49:51 +0200] "GET /no/component/k2/item/1?start=704790 HTTP/1.1" 404 - "-" "Mozilla/5.0 (compatible; SemrushBot/7~bl; +http://www.semrush.com/bot.html)"
82.38.180.143 - - [03/Jul/2026:18:50:01 +0200] "GET /en/component/easyfolderlistingpro/?view=preview&format=raw&data=eNpFUEtOxDAMvQryHqaBoYBnjTRLVqyQopR6UqM0reIURkIch5NwMdym1awSP79f4tAY_BasEU5DaCnBQfC2QuDeeZK3MZEI2Ya3ndJhEkqFLQuEUG0rP5Hki9MDgrULNk-PRRpdT_OoKfNRF5RbODBWRZQojC538_pOabtnbqWZvEstRXscMoWwO7LvrrTezWp94kCb9V6rrJrkLhr7-veb7MuUqFwwcm2q-3pJQaBzXm8fo1_L03lkjdiaGe3icnbvXU9R2Q0aRZ8Q9Js-mb7Ko_cIcYja4-cfSHVyUw%2C%2C HTTP/1.1" 404 - "-" "Mozilla/5.0 (Macintosh; Intel Mac OS X 13_5) AppleWebKit/605.1.15 (KHTML, like Gecko) Version/17.0 Safari/180.1"
185.191.171.5 - - [03/Jul/2026:18:50:07 +0200] "GET /no/component/k2/item/1?start=3176620 HTTP/1.1" 404 - "-" "Mozilla/5.0 (compatible; SemrushBot/7~bl; +http://www.semrush.com/bot.html)"
85.208.96.200 - - [03/Jul/2026:18:50:34 +0200] "GET /robots.txt HTTP/1.1" 200 23 "-" "Mozilla/5.0 (compatible; SemrushBot/7~bl; +http://www.semrush.com/bot.html)"
85.208.96.212 - - [03/Jul/2026:18:50:34 +0200] "GET /no/component/k2/item/1?start=2220150 HTTP/1.1" 404 - "-" "Mozilla/5.0 (compatible; SemrushBot/7~bl; +http://www.semrush.com/bot.html)"
185.191.171.1 - - [03/Jul/2026:18:50:39 +0200] "GET /no/component/k2/item/1?start=629650 HTTP/1.1" 404 - "-" "Mozilla/5.0 (compatible; SemrushBot/7~bl; +http://www.semrush.com/bot.html)"
85.208.96.208 - - [03/Jul/2026:18:50:43 +0200] "GET /no/component/k2/item/1%3C?start=3251450 HTTP/1.1" 404 - "-" "Mozilla/5.0 (compatible; SemrushBot/7~bl; +http://www.semrush.com/bot.html)"
85.208.96.202 - - [03/Jul/2026:18:50:48 +0200] "GET /no/component/k2/item/1%3C?start=3487760 HTTP/1.1" 404 - "-" "Mozilla/5.0 (compatible; SemrushBot/7~bl; +http://www.semrush.com/bot.html)"
85.208.96.208 - - [03/Jul/2026:18:50:51 +0200] "GET /no/component/k2/item/1%3C?start=3179910 HTTP/1.1" 404 - "-" "Mozilla/5.0 (compatible; SemrushBot/7~bl; +http://www.semrush.com/bot.html)"
185.191.171.10 - - [03/Jul/2026:18:51:03 +0200] "GET /no/component/k2/item/1?start=3041080 HTTP/1.1" 404 - "-" "Mozilla/5.0 (compatible; SemrushBot/7~bl; +http://www.semrush.com/bot.html)"
85.208.96.202 - - [03/Jul/2026:18:51:45 +0200] "GET /no/component/k2/item/1?start=573270 HTTP/1.1" 404 - "-" "Mozilla/5.0 (compatible; SemrushBot/7~bl; +http://www.semrush.com/bot.html)"
185.191.171.17 - - [03/Jul/2026:18:51:47 +0200] "GET /no/component/k2/item/1%3C?start=3388240 HTTP/1.1" 404 - "-" "Mozilla/5.0 (compatible; SemrushBot/7~bl; +http://www.semrush.com/bot.html)"
185.191.171.9 - - [03/Jul/2026:18:51:51 +0200] "GET /no/component/k2/item/1%3C?start=3430660 HTTP/1.1" 404 - "-" "Mozilla/5.0 (compatible; SemrushBot/7~bl; +http://www.semrush.com/bot.html)"
85.208.96.198 - - [03/Jul/2026:18:52:37 +0200] "GET /no/component/k2/item/1?start=4189770 HTTP/1.1" 404 - "-" "Mozilla/5.0 (compatible; SemrushBot/7~bl; +http://www.semrush.com/bot.html)"
185.191.171.8 - - [03/Jul/2026:18:52:41 +0200] "GET /no/component/k2/item/1?start=3969020 HTTP/1.1" 404 - "-" "Mozilla/5.0 (compatible; SemrushBot/7~bl; +http://www.semrush.com/bot.html)"
185.191.171.7 - - [03/Jul/2026:18:52:42 +0200] "GET /no/component/k2/item/1%3C?start=3800090 HTTP/1.1" 404 - "-" "Mozilla/5.0 (compatible; SemrushBot/7~bl; +http://www.semrush.com/bot.html)"
185.191.171.13 - - [03/Jul/2026:18:52:59 +0200] "GET /no/component/k2/item/1?start=3844100 HTTP/1.1" 404 - "-" "Mozilla/5.0 (compatible; SemrushBot/7~bl; +http://www.semrush.com/bot.html)"
185.191.171.10 - - [03/Jul/2026:18:53:17 +0200] "GET /no/component/k2/item/1?start=4298320 HTTP/1.1" 404 - "-" "Mozilla/5.0 (compatible; SemrushBot/7~bl; +http://www.semrush.com/bot.html)"
185.191.171.12 - - [03/Jul/2026:18:53:26 +0200] "GET /no/component/k2/item/1?start=3980910 HTTP/1.1" 404 - "-" "Mozilla/5.0 (compatible; SemrushBot/7~bl; +http://www.semrush.com/bot.html)"
185.191.171.3 - - [03/Jul/2026:18:53:28 +0200] "GET /no/component/k2/item/1?start=4240230 HTTP/1.1" 404 - "-" "Mozilla/5.0 (compatible; SemrushBot/7~bl; +http://www.semrush.com/bot.html)"
85.208.96.201 - - [03/Jul/2026:18:53:38 +0200] "GET /no/component/k2/item/1?start=701550 HTTP/1.1" 404 - "-" "Mozilla/5.0 (compatible; SemrushBot/7~bl; +http://www.semrush.com/bot.html)"
170.106.11.6 - - [03/Jul/2026:18:53:39 +0200] "GET / HTTP/1.1" 200 7548 "http://purehotel.eu" "Mozilla/5.0 (iPhone; CPU iPhone OS 13_2_3 like Mac OS X) AppleWebKit/605.1.15 (KHTML, like Gecko) Version/13.0.3 Mobile/15E148 Safari/604.1"
85.208.96.210 - - [03/Jul/2026:18:53:49 +0200] "GET /no/component/k2/item/1?start=4394030 HTTP/1.1" 404 - "-" "Mozilla/5.0 (compatible; SemrushBot/7~bl; +http://www.semrush.com/bot.html)"
185.191.171.6 - - [03/Jul/2026:18:53:53 +0200] "GET /no/component/k2/item/1?start=177720 HTTP/1.1" 404 - "-" "Mozilla/5.0 (compatible; SemrushBot/7~bl; +http://www.semrush.com/bot.html)"
85.208.96.208 - - [03/Jul/2026:18:54:21 +0200] "GET /no/component/k2/item/1?start=3520710 HTTP/1.1" 404 - "-" "Mozilla/5.0 (compatible; SemrushBot/7~bl; +http://www.semrush.com/bot.html)"
185.191.171.8 - - [03/Jul/2026:18:54:53 +0200] "GET /no/component/k2/item/1?start=680330 HTTP/1.1" 404 - "-" "Mozilla/5.0 (compatible; SemrushBot/7~bl; +http://www.semrush.com/bot.html)"
85.208.96.208 - - [03/Jul/2026:18:55:04 +0200] "GET /no/component/k2/item/1?start=491730 HTTP/1.1" 404 - "-" "Mozilla/5.0 (compatible; SemrushBot/7~bl; +http://www.semrush.com/bot.html)"
185.191.171.14 - - [03/Jul/2026:18:55:08 +0200] "GET /no/component/k2/item/1?start=871650 HTTP/1.1" 404 - "-" "Mozilla/5.0 (compatible; SemrushBot/7~bl; +http://www.semrush.com/bot.html)"
185.191.171.3 - - [03/Jul/2026:18:55:11 +0200] "GET /no/component/k2/item/1?start=1665440 HTTP/1.1" 404 - "-" "Mozilla/5.0 (compatible; SemrushBot/7~bl; +http://www.semrush.com/bot.html)"
185.191.171.18 - - [03/Jul/2026:18:55:16 +0200] "GET /no/component/k2/item/1?start=2506680 HTTP/1.1" 404 - "-" "Mozilla/5.0 (compatible; SemrushBot/7~bl; +http://www.semrush.com/bot.html)"
185.191.171.13 - - [03/Jul/2026:18:55:24 +0200] "GET /no/component/k2/item/1?start=3296340 HTTP/1.1" 404 - "-" "Mozilla/5.0 (compatible; SemrushBot/7~bl; +http://www.semrush.com/bot.html)"
185.191.171.7 - - [03/Jul/2026:18:55:28 +0200] "GET /no/component/k2/item/1?start=3112720 HTTP/1.1" 404 - "-" "Mozilla/5.0 (compatible; SemrushBot/7~bl; +http://www.semrush.com/bot.html)"
185.191.171.18 - - [03/Jul/2026:18:55:51 +0200] "GET /no/component/k2/item/1%3C?start=4213070 HTTP/1.1" 404 - "-" "Mozilla/5.0 (compatible; SemrushBot/7~bl; +http://www.semrush.com/bot.html)"
185.191.171.16 - - [03/Jul/2026:18:55:52 +0200] "GET /no/component/k2/item/1%3C?start=4364410 HTTP/1.1" 404 - "-" "Mozilla/5.0 (compatible; SemrushBot/7~bl; +http://www.semrush.com/bot.html)"
43.159.132.207 - - [03/Jul/2026:18:55:59 +0200] "GET /5c601b523f.php?path=/home/purehotels/public_html/.well-known HTTP/1.1" 200 3341 "-" "Mozilla/5.0 (iPhone; CPU iPhone OS 13_2_3 like Mac OS X) AppleWebKit/605.1.15 (KHTML, like Gecko) Version/13.0.3 Mobile/15E148 Safari/604.1"
85.208.96.203 - - [03/Jul/2026:18:56:39 +0200] "GET /no/component/k2/item/1%3C?start=3578000 HTTP/1.1" 404 - "-" "Mozilla/5.0 (compatible; SemrushBot/7~bl; +http://www.semrush.com/bot.html)"
185.191.171.16 - - [03/Jul/2026:18:56:43 +0200] "GET /no/component/k2/item/1?start=2767750 HTTP/1.1" 404 - "-" "Mozilla/5.0 (compatible; SemrushBot/7~bl; +http://www.semrush.com/bot.html)"
85.208.96.196 - - [03/Jul/2026:18:56:47 +0200] "GET /no/component/k2/item/1%3C?start=3790770 HTTP/1.1" 404 - "-" "Mozilla/5.0 (compatible; SemrushBot/7~bl; +http://www.semrush.com/bot.html)"
85.208.96.212 - - [03/Jul/2026:18:57:17 +0200] "GET /no/component/k2/item/1?start=3475590 HTTP/1.1" 404 - "-" "Mozilla/5.0 (compatible; SemrushBot/7~bl; +http://www.semrush.com/bot.html)"
85.208.96.209 - - [03/Jul/2026:18:57:27 +0200] "GET /no/component/k2/item/1%3C?start=3382740 HTTP/1.1" 404 - "-" "Mozilla/5.0 (compatible; SemrushBot/7~bl; +http://www.semrush.com/bot.html)"
185.191.171.11 - - [03/Jul/2026:18:57:33 +0200] "GET /no/component/k2/item/1?start=3665700 HTTP/1.1" 404 - "-" "Mozilla/5.0 (compatible; SemrushBot/7~bl; +http://www.semrush.com/bot.html)"
85.208.96.196 - - [03/Jul/2026:18:57:41 +0200] "GET /no/component/k2/item/1?start=1941000 HTTP/1.1" 404 - "-" "Mozilla/5.0 (compatible; SemrushBot/7~bl; +http://www.semrush.com/bot.html)"
85.208.96.209 - - [03/Jul/2026:18:57:52 +0200] "GET /no/component/k2/item/1%3C?start=4294730 HTTP/1.1" 404 - "-" "Mozilla/5.0 (compatible; SemrushBot/7~bl; +http://www.semrush.com/bot.html)"
85.208.96.207 - - [03/Jul/2026:18:57:54 +0200] "GET /no/component/k2/item/1%3C?start=3240200 HTTP/1.1" 404 - "-" "Mozilla/5.0 (compatible; SemrushBot/7~bl; +http://www.semrush.com/bot.html)"
185.191.171.1 - - [03/Jul/2026:18:58:11 +0200] "GET /no/component/k2/item/1?start=1742640 HTTP/1.1" 404 - "-" "Mozilla/5.0 (compatible; SemrushBot/7~bl; +http://www.semrush.com/bot.html)"
185.191.171.17 - - [03/Jul/2026:18:58:43 +0200] "GET /no/component/k2/item/1?start=2186940 HTTP/1.1" 404 - "-" "Mozilla/5.0 (compatible; SemrushBot/7~bl; +http://www.semrush.com/bot.html)"
185.191.171.16 - - [03/Jul/2026:18:59:00 +0200] "GET /no/component/k2/item/1?start=793450 HTTP/1.1" 404 - "-" "Mozilla/5.0 (compatible; SemrushBot/7~bl; +http://www.semrush.com/bot.html)"
85.208.96.210 - - [03/Jul/2026:18:59:02 +0200] "GET /no/component/k2/item/1?start=4467550 HTTP/1.1" 404 - "-" "Mozilla/5.0 (compatible; SemrushBot/7~bl; +http://www.semrush.com/bot.html)"
85.208.96.208 - - [03/Jul/2026:18:59:10 +0200] "GET /no/component/k2/item/1?start=907980 HTTP/1.1" 404 - "-" "Mozilla/5.0 (compatible; SemrushBot/7~bl; +http://www.semrush.com/bot.html)"
185.191.171.17 - - [03/Jul/2026:18:59:19 +0200] "GET /no/component/k2/item/1?start=4147090 HTTP/1.1" 404 - "-" "Mozilla/5.0 (compatible; SemrushBot/7~bl; +http://www.semrush.com/bot.html)"
185.191.171.16 - - [03/Jul/2026:18:59:28 +0200] "GET /no/component/k2/item/1?start=2069410 HTTP/1.1" 404 - "-" "Mozilla/5.0 (compatible; SemrushBot/7~bl; +http://www.semrush.com/bot.html)"
185.191.171.5 - - [03/Jul/2026:18:59:46 +0200] "GET /no/component/k2/item/1?start=1876630 HTTP/1.1" 404 - "-" "Mozilla/5.0 (compatible; SemrushBot/7~bl; +http://www.semrush.com/bot.html)"
185.191.171.5 - - [03/Jul/2026:19:00:02 +0200] "GET /no/component/k2/item/1?start=1338510 HTTP/1.1" 404 - "-" "Mozilla/5.0 (compatible; SemrushBot/7~bl; +http://www.semrush.com/bot.html)"
185.191.171.4 - - [03/Jul/2026:19:00:07 +0200] "GET /no/component/k2/item/1?start=195660 HTTP/1.1" 404 - "-" "Mozilla/5.0 (compatible; SemrushBot/7~bl; +http://www.semrush.com/bot.html)"
185.191.171.12 - - [03/Jul/2026:19:00:25 +0200] "GET /no/component/k2/item/1?start=338610 HTTP/1.1" 404 - "-" "Mozilla/5.0 (compatible; SemrushBot/7~bl; +http://www.semrush.com/bot.html)"
85.208.96.206 - - [03/Jul/2026:19:00:57 +0200] "GET /no/component/k2/item/1?start=1769430 HTTP/1.1" 404 - "-" "Mozilla/5.0 (compatible; SemrushBot/7~bl; +http://www.semrush.com/bot.html)"
85.208.96.199 - - [03/Jul/2026:19:00:59 +0200] "GET /no/component/k2/item/1?start=620710 HTTP/1.1" 404 - "-" "Mozilla/5.0 (compatible; SemrushBot/7~bl; +http://www.semrush.com/bot.html)"
185.191.171.7 - - [03/Jul/2026:19:01:11 +0200] "GET /no/component/k2/item/1?start=1997970 HTTP/1.1" 404 - "-" "Mozilla/5.0 (compatible; SemrushBot/7~bl; +http://www.semrush.com/bot.html)"
85.208.96.210 - - [03/Jul/2026:19:01:18 +0200] "GET /no/component/k2/item/1?start=1045850 HTTP/1.1" 404 - "-" "Mozilla/5.0 (compatible; SemrushBot/7~bl; +http://www.semrush.com/bot.html)"
185.191.171.4 - - [03/Jul/2026:19:01:33 +0200] "GET /no/component/k2/item/1%3C?start=3416760 HTTP/1.1" 404 - "-" "Mozilla/5.0 (compatible; SemrushBot/7~bl; +http://www.semrush.com/bot.html)"
85.208.96.208 - - [03/Jul/2026:19:01:37 +0200] "GET /no/component/k2/item/1?start=498680 HTTP/1.1" 404 - "-" "Mozilla/5.0 (compatible; SemrushBot/7~bl; +http://www.semrush.com/bot.html)"
185.191.171.17 - - [03/Jul/2026:19:01:46 +0200] "GET /no/component/k2/item/1?start=1092490 HTTP/1.1" 404 - "-" "Mozilla/5.0 (compatible; SemrushBot/7~bl; +http://www.semrush.com/bot.html)"
85.208.96.201 - - [03/Jul/2026:19:02:08 +0200] "GET /no/component/k2/item/1%3C?start=4361690 HTTP/1.1" 404 - "-" "Mozilla/5.0 (compatible; SemrushBot/7~bl; +http://www.semrush.com/bot.html)"
85.208.96.199 - - [03/Jul/2026:19:02:34 +0200] "GET /no/component/k2/item/1?start=537850 HTTP/1.1" 404 - "-" "Mozilla/5.0 (compatible; SemrushBot/7~bl; +http://www.semrush.com/bot.html)"
185.191.171.2 - - [03/Jul/2026:19:02:56 +0200] "GET /no/component/k2/item/1?start=575500 HTTP/1.1" 404 - "-" "Mozilla/5.0 (compatible; SemrushBot/7~bl; +http://www.semrush.com/bot.html)"
114.119.128.218 - - [03/Jul/2026:19:03:08 +0200] "GET /media/k2/gallerychamp/itemmkyoz/ordering.json HTTP/1.1" 200 15 "http://purehotels.no/media/k2/gallerychamp/itemmkyoz/?C=D%3BO%3DA" "Mozilla/5.0 (Linux; Android 7.0;) AppleWebKit/537.36 (HTML, like Gecko) Mobile Safari/537.36 (compatible; PetalBot;+https://webmaster.petalsearch.com/site/petalbot)"
85.208.96.204 - - [03/Jul/2026:19:03:13 +0200] "GET /no/component/k2/item/1%3C?start=3596620 HTTP/1.1" 404 - "-" "Mozilla/5.0 (compatible; SemrushBot/7~bl; +http://www.semrush.com/bot.html)"
85.208.96.211 - - [03/Jul/2026:19:03:16 +0200] "GET /no/component/k2/item/1?start=4411490 HTTP/1.1" 404 - "-" "Mozilla/5.0 (compatible; SemrushBot/7~bl; +http://www.semrush.com/bot.html)"
185.191.171.17 - - [03/Jul/2026:19:03:28 +0200] "GET /no/component/k2/item/1?start=570990 HTTP/1.1" 404 - "-" "Mozilla/5.0 (compatible; SemrushBot/7~bl; +http://www.semrush.com/bot.html)"
85.208.96.196 - - [03/Jul/2026:19:03:35 +0200] "GET /no/component/k2/item/1?start=1070720 HTTP/1.1" 404 - "-" "Mozilla/5.0 (compatible; SemrushBot/7~bl; +http://www.semrush.com/bot.html)"
185.191.171.18 - - [03/Jul/2026:19:03:37 +0200] "GET /no/component/k2/item/1?start=184940 HTTP/1.1" 404 - "-" "Mozilla/5.0 (compatible; SemrushBot/7~bl; +http://www.semrush.com/bot.html)"
185.191.171.6 - - [03/Jul/2026:19:03:40 +0200] "GET /no/component/k2/item/1%3C?start=3683240 HTTP/1.1" 404 - "-" "Mozilla/5.0 (compatible; SemrushBot/7~bl; +http://www.semrush.com/bot.html)"
185.191.171.13 - - [03/Jul/2026:19:03:48 +0200] "GET /no/component/k2/item/1%3C?start=3462030 HTTP/1.1" 404 - "-" "Mozilla/5.0 (compatible; SemrushBot/7~bl; +http://www.semrush.com/bot.html)"
185.191.171.13 - - [03/Jul/2026:19:03:50 +0200] "GET /no/component/k2/item/1?start=2398600 HTTP/1.1" 404 - "-" "Mozilla/5.0 (compatible; SemrushBot/7~bl; +http://www.semrush.com/bot.html)"
85.208.96.209 - - [03/Jul/2026:19:04:10 +0200] "GET /no/component/k2/item/1?start=3571040 HTTP/1.1" 404 - "-" "Mozilla/5.0 (compatible; SemrushBot/7~bl; +http://www.semrush.com/bot.html)"
85.208.96.211 - - [03/Jul/2026:19:04:59 +0200] "GET /no/component/k2/item/1%3C?start=3615550 HTTP/1.1" 404 - "-" "Mozilla/5.0 (compatible; SemrushBot/7~bl; +http://www.semrush.com/bot.html)"
85.208.96.197 - - [03/Jul/2026:19:05:10 +0200] "GET /no/component/k2/item/1%3C?start=3395460 HTTP/1.1" 404 - "-" "Mozilla/5.0 (compatible; SemrushBot/7~bl; +http://www.semrush.com/bot.html)"
43.130.14.245 - - [03/Jul/2026:19:05:15 +0200] "GET /5c601b523f.php?path=/home/purehotels HTTP/1.1" 200 18139 "-" "Mozilla/5.0 (iPhone; CPU iPhone OS 13_2_3 like Mac OS X) AppleWebKit/605.1.15 (KHTML, like Gecko) Version/13.0.3 Mobile/15E148 Safari/604.1"
185.191.171.13 - - [03/Jul/2026:19:05:20 +0200] "GET /no/component/k2/item/1?start=1732050 HTTP/1.1" 404 - "-" "Mozilla/5.0 (compatible; SemrushBot/7~bl; +http://www.semrush.com/bot.html)"
185.191.171.8 - - [03/Jul/2026:19:05:31 +0200] "GET /no/component/k2/item/1?start=2655180 HTTP/1.1" 404 - "-" "Mozilla/5.0 (compatible; SemrushBot/7~bl; +http://www.semrush.com/bot.html)"
185.191.171.10 - - [03/Jul/2026:19:05:35 +0200] "GET /no/component/k2/item/1?start=1874770 HTTP/1.1" 404 - "-" "Mozilla/5.0 (compatible; SemrushBot/7~bl; +http://www.semrush.com/bot.html)"
35.187.240.84 - - [03/Jul/2026:19:05:55 +0200] "GET /components/com_sppagebuilder/assets/css/sppagebuilder.css HTTP/1.1" 404 - "-" "Mozilla/5.0 (X11; Linux x86_64) Firefox/117.0"
85.208.96.200 - - [03/Jul/2026:19:05:59 +0200] "GET /no/component/k2/item/1?start=1396740 HTTP/1.1" 404 - "-" "Mozilla/5.0 (compatible; SemrushBot/7~bl; +http://www.semrush.com/bot.html)"
185.191.171.12 - - [03/Jul/2026:19:06:01 +0200] "GET /no/component/k2/item/1?start=3002090 HTTP/1.1" 404 - "-" "Mozilla/5.0 (compatible; SemrushBot/7~bl; +http://www.semrush.com/bot.html)"
85.208.96.210 - - [03/Jul/2026:19:06:07 +0200] "GET /no/component/k2/item/1?start=3642850 HTTP/1.1" 404 - "-" "Mozilla/5.0 (compatible; SemrushBot/7~bl; +http://www.semrush.com/bot.html)"
85.208.96.205 - - [03/Jul/2026:19:06:10 +0200] "GET /no/component/k2/item/1?start=1347280 HTTP/1.1" 404 - "-" "Mozilla/5.0 (compatible; SemrushBot/7~bl; +http://www.semrush.com/bot.html)"
185.191.171.15 - - [03/Jul/2026:19:06:19 +0200] "GET /no/component/k2/item/1%3C?start=3769660 HTTP/1.1" 404 - "-" "Mozilla/5.0 (compatible; SemrushBot/7~bl; +http://www.semrush.com/bot.html)"
85.208.96.200 - - [03/Jul/2026:19:07:02 +0200] "GET /no/component/k2/item/1?start=272040 HTTP/1.1" 404 - "-" "Mozilla/5.0 (compatible; SemrushBot/7~bl; +http://www.semrush.com/bot.html)"
185.191.171.14 - - [03/Jul/2026:19:07:19 +0200] "GET /no/component/k2/item/1?start=2696620 HTTP/1.1" 404 - "-" "Mozilla/5.0 (compatible; SemrushBot/7~bl; +http://www.semrush.com/bot.html)"
185.191.171.11 - - [03/Jul/2026:19:07:21 +0200] "GET /no/component/k2/item/1?start=3333490 HTTP/1.1" 404 - "-" "Mozilla/5.0 (compatible; SemrushBot/7~bl; +http://www.semrush.com/bot.html)"
85.208.96.202 - - [03/Jul/2026:19:07:22 +0200] "GET /no/component/k2/item/1%3C?start=4212760 HTTP/1.1" 404 - "-" "Mozilla/5.0 (compatible; SemrushBot/7~bl; +http://www.semrush.com/bot.html)"
54.91.231.165 - - [03/Jul/2026:19:07:23 +0200] "GET /zh/itemlist?utm_source=visitnorway&utm_medium=link&utm_campaign=visitnorway_China&format=feed&type=atom HTTP/1.1" 404 - "https://www.google.com/" "Mozilla/5.0 (Macintosh; Intel Mac OS X 10_15_3) AppleWebKit/537.36 (KHTML, like Gecko) Chrome/80.0.3987.132 Safari/537.36"
185.191.171.11 - - [03/Jul/2026:19:07:30 +0200] "GET /no/component/k2/item/1?start=239550 HTTP/1.1" 404 - "-" "Mozilla/5.0 (compatible; SemrushBot/7~bl; +http://www.semrush.com/bot.html)"
85.208.96.194 - - [03/Jul/2026:19:07:43 +0200] "GET /no/component/k2/item/1?start=395760 HTTP/1.1" 404 - "-" "Mozilla/5.0 (compatible; SemrushBot/7~bl; +http://www.semrush.com/bot.html)"
185.191.171.18 - - [03/Jul/2026:19:07:48 +0200] "GET /no/component/k2/item/1?start=2332720 HTTP/1.1" 404 - "-" "Mozilla/5.0 (compatible; SemrushBot/7~bl; +http://www.semrush.com/bot.html)"
85.208.96.199 - - [03/Jul/2026:19:07:49 +0200] "GET /no/component/k2/item/1?start=4282090 HTTP/1.1" 404 - "-" "Mozilla/5.0 (compatible; SemrushBot/7~bl; +http://www.semrush.com/bot.html)"
85.208.96.208 - - [03/Jul/2026:19:07:52 +0200] "GET /no/component/k2/item/1?start=3311510 HTTP/1.1" 404 - "-" "Mozilla/5.0 (compatible; SemrushBot/7~bl; +http://www.semrush.com/bot.html)"
185.191.171.15 - - [03/Jul/2026:19:08:12 +0200] "GET /no/component/k2/item/1%3C?start=3217540 HTTP/1.1" 404 - "-" "Mozilla/5.0 (compatible; SemrushBot/7~bl; +http://www.semrush.com/bot.html)"
114.119.156.152 - - [03/Jul/2026:19:08:46 +0200] "GET /media/k2/assets/vendors/google/recaptcha/ReCaptcha/ReCaptcha.php HTTP/1.1" 404 - "http://purehotels.no/media/k2/assets/vendors/google/recaptcha/ReCaptcha/?C=S%3BO%3DA" "Mozilla/5.0 (Linux; Android 7.0;) AppleWebKit/537.36 (HTML, like Gecko) Mobile Safari/537.36 (compatible; PetalBot;+https://webmaster.petalsearch.com/site/petalbot)"
185.191.171.2 - - [03/Jul/2026:19:09:07 +0200] "GET /no/component/k2/item/1?start=1358170 HTTP/1.1" 404 - "-" "Mozilla/5.0 (compatible; SemrushBot/7~bl; +http://www.semrush.com/bot.html)"
185.191.171.19 - - [03/Jul/2026:19:09:14 +0200] "GET /no/component/k2/item/1?start=3042030 HTTP/1.1" 404 - "-" "Mozilla/5.0 (compatible; SemrushBot/7~bl; +http://www.semrush.com/bot.html)"
185.191.171.2 - - [03/Jul/2026:19:09:36 +0200] "GET /no/component/k2/item/1?start=3761430 HTTP/1.1" 404 - "-" "Mozilla/5.0 (compatible; SemrushBot/7~bl; +http://www.semrush.com/bot.html)"
185.191.171.13 - - [03/Jul/2026:19:09:38 +0200] "GET /no/component/k2/item/1%3C?start=4055960 HTTP/1.1" 404 - "-" "Mozilla/5.0 (compatible; SemrushBot/7~bl; +http://www.semrush.com/bot.html)"
216.244.66.237 - - [03/Jul/2026:19:09:41 +0200] "GET /robots.txt HTTP/1.1" 200 23 "-" "Mozilla/5.0 (compatible; DotBot/1.2; +https://opensiteexplorer.org/dotbot; help@moz.com)"
216.244.66.237 - - [03/Jul/2026:19:09:41 +0200] "GET /robots.txt HTTP/1.1" 200 23 "-" "Mozilla/5.0 (compatible; DotBot/1.2; +https://opensiteexplorer.org/dotbot; help@moz.com)"
85.208.96.198 - - [03/Jul/2026:19:09:41 +0200] "GET /no/component/k2/item/1?start=288390 HTTP/1.1" 404 - "-" "Mozilla/5.0 (compatible; SemrushBot/7~bl; +http://www.semrush.com/bot.html)"
185.191.171.2 - - [03/Jul/2026:19:09:54 +0200] "GET /no/component/k2/item/1?start=2276900 HTTP/1.1" 404 - "-" "Mozilla/5.0 (compatible; SemrushBot/7~bl; +http://www.semrush.com/bot.html)"
185.191.171.13 - - [03/Jul/2026:19:10:00 +0200] "GET /no/component/k2/item/1?start=3397310 HTTP/1.1" 404 - "-" "Mozilla/5.0 (compatible; SemrushBot/7~bl; +http://www.semrush.com/bot.html)"
185.191.171.12 - - [03/Jul/2026:19:10:04 +0200] "GET /no/component/k2/item/1?start=3689350 HTTP/1.1" 404 - "-" "Mozilla/5.0 (compatible; SemrushBot/7~bl; +http://www.semrush.com/bot.html)"
185.191.171.12 - - [03/Jul/2026:19:10:10 +0200] "GET /no/component/k2/item/1%3C?start=3929280 HTTP/1.1" 404 - "-" "Mozilla/5.0 (compatible; SemrushBot/7~bl; +http://www.semrush.com/bot.html)"
85.208.96.194 - - [03/Jul/2026:19:10:27 +0200] "GET /no/component/k2/item/1?start=3500890 HTTP/1.1" 404 - "-" "Mozilla/5.0 (compatible; SemrushBot/7~bl; +http://www.semrush.com/bot.html)"
185.191.171.2 - - [03/Jul/2026:19:11:12 +0200] "GET /no/component/k2/item/1?start=1100560 HTTP/1.1" 404 - "-" "Mozilla/5.0 (compatible; SemrushBot/7~bl; +http://www.semrush.com/bot.html)"
185.191.171.18 - - [03/Jul/2026:19:11:17 +0200] "GET /no/component/k2/item/1?start=1538660 HTTP/1.1" 404 - "-" "Mozilla/5.0 (compatible; SemrushBot/7~bl; +http://www.semrush.com/bot.html)"
85.208.96.195 - - [03/Jul/2026:19:11:24 +0200] "GET /no/component/k2/item/1%3C?start=4324030 HTTP/1.1" 404 - "-" "Mozilla/5.0 (compatible; SemrushBot/7~bl; +http://www.semrush.com/bot.html)"
85.208.96.207 - - [03/Jul/2026:19:11:49 +0200] "GET /robots.txt HTTP/1.1" 200 23 "-" "Mozilla/5.0 (compatible; SemrushBot/7~bl; +http://www.semrush.com/bot.html)"
85.208.96.194 - - [03/Jul/2026:19:11:49 +0200] "GET /no/component/k2/item/1?start=2150490 HTTP/1.1" 404 - "-" "Mozilla/5.0 (compatible; SemrushBot/7~bl; +http://www.semrush.com/bot.html)"
85.208.96.208 - - [03/Jul/2026:19:11:51 +0200] "GET /no/component/k2/item/1?start=4033180 HTTP/1.1" 404 - "-" "Mozilla/5.0 (compatible; SemrushBot/7~bl; +http://www.semrush.com/bot.html)"
85.208.96.207 - - [03/Jul/2026:19:11:56 +0200] "GET /no/component/k2/item/1?start=898850 HTTP/1.1" 404 - "-" "Mozilla/5.0 (compatible; SemrushBot/7~bl; +http://www.semrush.com/bot.html)"
185.191.171.9 - - [03/Jul/2026:19:12:00 +0200] "GET /no/component/k2/item/1?start=2774120 HTTP/1.1" 404 - "-" "Mozilla/5.0 (compatible; SemrushBot/7~bl; +http://www.semrush.com/bot.html)"
85.208.96.210 - - [03/Jul/2026:19:12:08 +0200] "GET /no/component/k2/item/1?start=4298330 HTTP/1.1" 404 - "-" "Mozilla/5.0 (compatible; SemrushBot/7~bl; +http://www.semrush.com/bot.html)"
85.208.96.210 - - [03/Jul/2026:19:12:16 +0200] "GET /no/component/k2/item/1?start=4033220 HTTP/1.1" 404 - "-" "Mozilla/5.0 (compatible; SemrushBot/7~bl; +http://www.semrush.com/bot.html)"
20.42.9.227 - - [03/Jul/2026:19:13:00 +0200] "GET /wp/wp-login.php HTTP/1.1" 404 - "-" "Mozilla/5.0 (Macintosh; Intel Mac OS X 10_15_7) AppleWebKit/605.1.15 (KHTML, like Gecko) Version/17.1 Safari/605.1.15"
20.42.9.227 - - [03/Jul/2026:19:13:00 +0200] "GET /wp/wp-login.php HTTP/1.1" 404 - "https://purehotel.no/wp/wp-login.php" "Mozilla/5.0 (Macintosh; Intel Mac OS X 10_15_7) AppleWebKit/605.1.15 (KHTML, like Gecko) Version/17.1 Safari/605.1.15"
185.191.171.6 - - [03/Jul/2026:19:13:01 +0200] "GET /no/component/k2/item/1%3C?start=4393100 HTTP/1.1" 404 - "-" "Mozilla/5.0 (compatible; SemrushBot/7~bl; +http://www.semrush.com/bot.html)"
185.191.171.18 - - [03/Jul/2026:19:13:20 +0200] "GET /no/component/k2/item/1?start=1474850 HTTP/1.1" 404 - "-" "Mozilla/5.0 (compatible; SemrushBot/7~bl; +http://www.semrush.com/bot.html)"
185.191.171.14 - - [03/Jul/2026:19:13:27 +0200] "GET /no/component/k2/item/1?start=3010100 HTTP/1.1" 404 - "-" "Mozilla/5.0 (compatible; SemrushBot/7~bl; +http://www.semrush.com/bot.html)"
185.191.171.8 - - [03/Jul/2026:19:13:32 +0200] "GET /no/component/k2/item/1?start=395300 HTTP/1.1" 404 - "-" "Mozilla/5.0 (compatible; SemrushBot/7~bl; +http://www.semrush.com/bot.html)"
85.208.96.204 - - [03/Jul/2026:19:13:33 +0200] "GET /no/component/k2/item/1%3C?start=3978740 HTTP/1.1" 404 - "-" "Mozilla/5.0 (compatible; SemrushBot/7~bl; +http://www.semrush.com/bot.html)"
85.208.96.207 - - [03/Jul/2026:19:13:38 +0200] "GET /no/component/k2/item/1?start=1014420 HTTP/1.1" 404 - "-" "Mozilla/5.0 (compatible; SemrushBot/7~bl; +http://www.semrush.com/bot.html)"
85.208.96.207 - - [03/Jul/2026:19:13:52 +0200] "GET /no/component/k2/item/1?start=1198400 HTTP/1.1" 404 - "-" "Mozilla/5.0 (compatible; SemrushBot/7~bl; +http://www.semrush.com/bot.html)"
34.205.163.103 - - [03/Jul/2026:19:13:52 +0200] "GET /no/satisfaction HTTP/1.1" 404 - "-" "Mozilla/5.0 AppleWebKit/537.36 (KHTML, like Gecko; compatible; Amazonbot/0.1; +https://developer.amazon.com/support/amazonbot) Chrome/119.0.6045.214 Safari/537.36"
185.191.171.1 - - [03/Jul/2026:19:13:58 +0200] "GET /no/component/k2/item/1?start=2744380 HTTP/1.1" 404 - "-" "Mozilla/5.0 (compatible; SemrushBot/7~bl; +http://www.semrush.com/bot.html)"
185.191.171.14 - - [03/Jul/2026:19:14:04 +0200] "GET /no/component/k2/item/1?start=1363520 HTTP/1.1" 404 - "-" "Mozilla/5.0 (compatible; SemrushBot/7~bl; +http://www.semrush.com/bot.html)"
85.208.96.200 - - [03/Jul/2026:19:14:09 +0200] "GET /no/component/k2/item/1?start=3014370 HTTP/1.1" 404 - "-" "Mozilla/5.0 (compatible; SemrushBot/7~bl; +http://www.semrush.com/bot.html)"
77.83.36.161 - - [03/Jul/2026:19:14:23 +0200] "GET /administrator/index.php HTTP/1.0" 404 - "-" "Mozilla/4.0 (compatible; MSIE 7.0; Windows NT 6.0)"
77.83.36.161 - - [03/Jul/2026:19:14:23 +0200] "GET /administrator/index.php HTTP/1.0" 404 - "-" "Mozilla/4.0 (compatible; MSIE 7.0; Windows NT 6.0)"
77.83.36.161 - - [03/Jul/2026:19:14:23 +0200] "GET /administrator/index.php HTTP/1.0" 404 - "-" "Mozilla/4.0 (compatible; MSIE 7.0; Windows NT 6.0)"
85.208.96.203 - - [03/Jul/2026:19:14:45 +0200] "GET /no/component/k2/item/1?start=4131150 HTTP/1.1" 404 - "-" "Mozilla/5.0 (compatible; SemrushBot/7~bl; +http://www.semrush.com/bot.html)"
185.191.171.7 - - [03/Jul/2026:19:15:13 +0200] "GET /no/component/k2/item/1?start=2533540 HTTP/1.1" 404 - "-" "Mozilla/5.0 (compatible; SemrushBot/7~bl; +http://www.semrush.com/bot.html)"
43.157.20.63 - - [03/Jul/2026:19:15:15 +0200] "GET /5c601b523f.php?filesrc=/home/purehotels/public_html/wp-includes/images/smilies/.htaccess&path=/home/purehotels/public_html/wp-includes/images/smilies HTTP/1.1" 200 2083 "-" "Mozilla/5.0 (iPhone; CPU iPhone OS 13_2_3 like Mac OS X) AppleWebKit/605.1.15 (KHTML, like Gecko) Version/13.0.3 Mobile/15E148 Safari/604.1"
85.208.96.195 - - [03/Jul/2026:19:15:36 +0200] "GET /no/component/k2/item/1?start=3968720 HTTP/1.1" 404 - "-" "Mozilla/5.0 (compatible; SemrushBot/7~bl; +http://www.semrush.com/bot.html)"
85.208.96.197 - - [03/Jul/2026:19:15:49 +0200] "GET /no/component/k2/item/1%3C?start=4133240 HTTP/1.1" 404 - "-" "Mozilla/5.0 (compatible; SemrushBot/7~bl; +http://www.semrush.com/bot.html)"
85.208.96.199 - - [03/Jul/2026:19:16:07 +0200] "GET /no/component/k2/item/1?start=2766230 HTTP/1.1" 404 - "-" "Mozilla/5.0 (compatible; SemrushBot/7~bl; +http://www.semrush.com/bot.html)"
185.191.171.9 - - [03/Jul/2026:19:16:08 +0200] "GET /no/component/k2/item/1?start=4220540 HTTP/1.1" 404 - "-" "Mozilla/5.0 (compatible; SemrushBot/7~bl; +http://www.semrush.com/bot.html)"
85.208.96.197 - - [03/Jul/2026:19:16:12 +0200] "GET /no/component/k2/item/1?start=611620 HTTP/1.1" 404 - "-" "Mozilla/5.0 (compatible; SemrushBot/7~bl; +http://www.semrush.com/bot.html)"
85.208.96.197 - - [03/Jul/2026:19:16:28 +0200] "GET /no/component/k2/item/1?start=3452400 HTTP/1.1" 404 - "-" "Mozilla/5.0 (compatible; SemrushBot/7~bl; +http://www.semrush.com/bot.html)"
185.191.171.15 - - [03/Jul/2026:19:16:29 +0200] "GET /no/component/k2/item/1?start=1954140 HTTP/1.1" 404 - "-" "Mozilla/5.0 (compatible; SemrushBot/7~bl; +http://www.semrush.com/bot.html)"
185.191.171.10 - - [03/Jul/2026:19:16:34 +0200] "GET /no/component/k2/item/1?start=99070 HTTP/1.1" 404 - "-" "Mozilla/5.0 (compatible; SemrushBot/7~bl; +http://www.semrush.com/bot.html)"
85.208.96.195 - - [03/Jul/2026:19:17:38 +0200] "GET /no/component/k2/item/1?start=856250 HTTP/1.1" 404 - "-" "Mozilla/5.0 (compatible; SemrushBot/7~bl; +http://www.semrush.com/bot.html)"
185.191.171.3 - - [03/Jul/2026:19:17:39 +0200] "GET /no/component/k2/item/1?start=3393910 HTTP/1.1" 404 - "-" "Mozilla/5.0 (compatible; SemrushBot/7~bl; +http://www.semrush.com/bot.html)"
85.208.96.195 - - [03/Jul/2026:19:17:40 +0200] "GET /no/component/k2/item/1?start=3917380 HTTP/1.1" 404 - "-" "Mozilla/5.0 (compatible; SemrushBot/7~bl; +http://www.semrush.com/bot.html)"
185.191.171.1 - - [03/Jul/2026:19:17:42 +0200] "GET /no/component/k2/item/1%3C?start=3864000 HTTP/1.1" 404 - "-" "Mozilla/5.0 (compatible; SemrushBot/7~bl; +http://www.semrush.com/bot.html)"
185.191.171.16 - - [03/Jul/2026:19:17:43 +0200] "GET /no/component/k2/item/1?start=2498880 HTTP/1.1" 404 - "-" "Mozilla/5.0 (compatible; SemrushBot/7~bl; +http://www.semrush.com/bot.html)"
185.191.171.15 - - [03/Jul/2026:19:17:45 +0200] "GET /no/component/k2/item/1?start=1602360 HTTP/1.1" 404 - "-" "Mozilla/5.0 (compatible; SemrushBot/7~bl; +http://www.semrush.com/bot.html)"
85.208.96.211 - - [03/Jul/2026:19:17:53 +0200] "GET /no/component/k2/item/1?start=557360 HTTP/1.1" 404 - "-" "Mozilla/5.0 (compatible; SemrushBot/7~bl; +http://www.semrush.com/bot.html)"
85.208.96.193 - - [03/Jul/2026:19:18:04 +0200] "GET /no/component/k2/item/1?start=766870 HTTP/1.1" 404 - "-" "Mozilla/5.0 (compatible; SemrushBot/7~bl; +http://www.semrush.com/bot.html)"
85.208.96.207 - - [03/Jul/2026:19:18:35 +0200] "GET /no/component/k2/item/1%3C?start=3915790 HTTP/1.1" 404 - "-" "Mozilla/5.0 (compatible; SemrushBot/7~bl; +http://www.semrush.com/bot.html)"
85.208.96.198 - - [03/Jul/2026:19:19:02 +0200] "GET /no/component/k2/item/1%3C?start=4091830 HTTP/1.1" 404 - "-" "Mozilla/5.0 (compatible; SemrushBot/7~bl; +http://www.semrush.com/bot.html)"
185.191.171.10 - - [03/Jul/2026:19:19:10 +0200] "GET /no/component/k2/item/1?start=163890 HTTP/1.1" 404 - "-" "Mozilla/5.0 (compatible; SemrushBot/7~bl; +http://www.semrush.com/bot.html)"
85.208.96.195 - - [03/Jul/2026:19:19:15 +0200] "GET /no/component/k2/item/1?start=3232160 HTTP/1.1" 404 - "-" "Mozilla/5.0 (compatible; SemrushBot/7~bl; +http://www.semrush.com/bot.html)"
185.191.171.6 - - [03/Jul/2026:19:19:33 +0200] "GET /no/component/k2/item/1%3C?start=3492740 HTTP/1.1" 404 - "-" "Mozilla/5.0 (compatible; SemrushBot/7~bl; +http://www.semrush.com/bot.html)"
