[Sat Jul 04 03:02:47.014296 2026] [:error] [pid 3003:tid 3009] [client 216.73.216.41:5228] PHP:  syntax error, unexpected '=' in ./php.ini on line 1
[Sat Jul 04 03:02:47.103115 2026] [:error] [pid 2943:tid 2954] [client 216.73.216.41:56073] PHP:  syntax error, unexpected '=' in /home/purehotels/public_html/php.ini on line 1
[Sat Jul 04 03:02:47.103967 2026] [:error] [pid 2943:tid 2954] [client 216.73.216.41:56073] PHP:  syntax error, unexpected '=' in ./php.ini on line 1
[Sat Jul 04 03:02:47.193880 2026] [:error] [pid 3003:tid 3009] [client 216.73.216.41:5228] PHP:  syntax error, unexpected '=' in /home/purehotels/public_html/php.ini on line 1
[Sat Jul 04 03:02:47.194672 2026] [:error] [pid 3003:tid 3009] [client 216.73.216.41:5228] PHP:  syntax error, unexpected '=' in ./php.ini on line 1
[Sat Jul 04 03:02:47.290588 2026] [:error] [pid 2943:tid 2954] [client 216.73.216.41:56073] PHP:  syntax error, unexpected '=' in /home/purehotels/public_html/php.ini on line 1
[Sat Jul 04 03:02:47.291400 2026] [:error] [pid 2943:tid 2954] [client 216.73.216.41:56073] PHP:  syntax error, unexpected '=' in ./php.ini on line 1
[Sat Jul 04 03:02:47.383218 2026] [:error] [pid 3003:tid 3009] [client 216.73.216.41:5228] PHP:  syntax error, unexpected '=' in /home/purehotels/public_html/php.ini on line 1
[Sat Jul 04 03:02:47.384179 2026] [:error] [pid 3003:tid 3009] [client 216.73.216.41:5228] PHP:  syntax error, unexpected '=' in ./php.ini on line 1
[Sat Jul 04 03:02:47.473718 2026] [:error] [pid 2943:tid 2954] [client 216.73.216.41:56073] PHP:  syntax error, unexpected '=' in /home/purehotels/public_html/php.ini on line 1
[Sat Jul 04 03:02:47.474520 2026] [:error] [pid 2943:tid 2954] [client 216.73.216.41:56073] PHP:  syntax error, unexpected '=' in ./php.ini on line 1
[Sat Jul 04 03:02:47.563660 2026] [:error] [pid 3003:tid 3009] [client 216.73.216.41:5228] PHP:  syntax error, unexpected '=' in /home/purehotels/public_html/php.ini on line 1
[Sat Jul 04 03:02:47.564480 2026] [:error] [pid 3003:tid 3009] [client 216.73.216.41:5228] PHP:  syntax error, unexpected '=' in ./php.ini on line 1
[Sat Jul 04 03:02:47.658051 2026] [:error] [pid 2943:tid 2954] [client 216.73.216.41:56073] PHP:  syntax error, unexpected '=' in /home/purehotels/public_html/php.ini on line 1
[Sat Jul 04 03:02:47.658890 2026] [:error] [pid 2943:tid 2954] [client 216.73.216.41:56073] PHP:  syntax error, unexpected '=' in ./php.ini on line 1
[Sat Jul 04 03:02:47.753244 2026] [:error] [pid 3003:tid 3009] [client 216.73.216.41:5228] PHP:  syntax error, unexpected '=' in /home/purehotels/public_html/php.ini on line 1
[Sat Jul 04 03:02:47.754174 2026] [:error] [pid 3003:tid 3009] [client 216.73.216.41:5228] PHP:  syntax error, unexpected '=' in ./php.ini on line 1
[Sat Jul 04 03:02:47.845337 2026] [:error] [pid 2943:tid 2954] [client 216.73.216.41:56073] PHP:  syntax error, unexpected '=' in /home/purehotels/public_html/php.ini on line 1
[Sat Jul 04 03:02:47.846833 2026] [:error] [pid 2943:tid 2954] [client 216.73.216.41:56073] PHP:  syntax error, unexpected '=' in ./php.ini on line 1
[Sat Jul 04 03:02:47.934054 2026] [:error] [pid 3003:tid 3009] [client 216.73.216.41:5228] PHP:  syntax error, unexpected '=' in /home/purehotels/public_html/php.ini on line 1
[Sat Jul 04 03:02:47.934855 2026] [:error] [pid 3003:tid 3009] [client 216.73.216.41:5228] PHP:  syntax error, unexpected '=' in ./php.ini on line 1
[Sat Jul 04 03:02:48.033114 2026] [:error] [pid 2943:tid 2954] [client 216.73.216.41:56073] PHP:  syntax error, unexpected '=' in /home/purehotels/public_html/php.ini on line 1
[Sat Jul 04 03:02:48.033953 2026] [:error] [pid 2943:tid 2954] [client 216.73.216.41:56073] PHP:  syntax error, unexpected '=' in ./php.ini on line 1
[Sat Jul 04 03:02:48.122929 2026] [:error] [pid 3003:tid 3009] [client 216.73.216.41:5228] PHP:  syntax error, unexpected '=' in /home/purehotels/public_html/php.ini on line 1
[Sat Jul 04 03:02:48.123747 2026] [:error] [pid 3003:tid 3009] [client 216.73.216.41:5228] PHP:  syntax error, unexpected '=' in ./php.ini on line 1
[Sat Jul 04 03:02:48.214140 2026] [:error] [pid 2943:tid 2954] [client 216.73.216.41:56073] PHP:  syntax error, unexpected '=' in /home/purehotels/public_html/php.ini on line 1
[Sat Jul 04 03:02:48.214952 2026] [:error] [pid 2943:tid 2954] [client 216.73.216.41:56073] PHP:  syntax error, unexpected '=' in ./php.ini on line 1
[Sat Jul 04 03:02:48.314063 2026] [:error] [pid 3036:tid 3038] [client 216.73.216.41:15872] PHP:  syntax error, unexpected '=' in /home/purehotels/public_html/php.ini on line 1
[Sat Jul 04 03:02:48.314840 2026] [:error] [pid 3036:tid 3038] [client 216.73.216.41:15872] PHP:  syntax error, unexpected '=' in ./php.ini on line 1
[Sat Jul 04 03:02:48.399578 2026] [:error] [pid 2943:tid 2954] [client 216.73.216.41:56073] PHP:  syntax error, unexpected '=' in /home/purehotels/public_html/php.ini on line 1
[Sat Jul 04 03:02:48.400407 2026] [:error] [pid 2943:tid 2954] [client 216.73.216.41:56073] PHP:  syntax error, unexpected '=' in ./php.ini on line 1
[Sat Jul 04 03:02:48.498262 2026] [:error] [pid 3036:tid 3038] [client 216.73.216.41:15872] PHP:  syntax error, unexpected '=' in /home/purehotels/public_html/php.ini on line 1
[Sat Jul 04 03:02:48.499095 2026] [:error] [pid 3036:tid 3038] [client 216.73.216.41:15872] PHP:  syntax error, unexpected '=' in ./php.ini on line 1
[Sat Jul 04 03:02:48.515507 2026] [:error] [pid 3068:tid 3071] [client 85.208.96.194:11226] File does not exist: /home/purehotels/public_html/index.php
[Sat Jul 04 03:02:48.515582 2026] [:error] [pid 3068:tid 3071] [client 85.208.96.194:11226] File does not exist: /home/purehotels/public_html/index.php
[Sat Jul 04 03:02:48.581674 2026] [:error] [pid 2943:tid 2954] [client 216.73.216.41:56073] PHP:  syntax error, unexpected '=' in /home/purehotels/public_html/php.ini on line 1
[Sat Jul 04 03:02:48.582490 2026] [:error] [pid 2943:tid 2954] [client 216.73.216.41:56073] PHP:  syntax error, unexpected '=' in ./php.ini on line 1
[Sat Jul 04 03:02:48.680704 2026] [:error] [pid 3036:tid 3038] [client 216.73.216.41:15872] PHP:  syntax error, unexpected '=' in /home/purehotels/public_html/php.ini on line 1
[Sat Jul 04 03:02:48.681490 2026] [:error] [pid 3036:tid 3038] [client 216.73.216.41:15872] PHP:  syntax error, unexpected '=' in ./php.ini on line 1
[Sat Jul 04 03:02:48.764348 2026] [:error] [pid 2943:tid 2954] [client 216.73.216.41:56073] PHP:  syntax error, unexpected '=' in /home/purehotels/public_html/php.ini on line 1
[Sat Jul 04 03:02:48.765156 2026] [:error] [pid 2943:tid 2954] [client 216.73.216.41:56073] PHP:  syntax error, unexpected '=' in ./php.ini on line 1
[Sat Jul 04 03:02:48.868084 2026] [:error] [pid 3036:tid 3038] [client 216.73.216.41:15872] PHP:  syntax error, unexpected '=' in /home/purehotels/public_html/php.ini on line 1
[Sat Jul 04 03:02:48.868931 2026] [:error] [pid 3036:tid 3038] [client 216.73.216.41:15872] PHP:  syntax error, unexpected '=' in ./php.ini on line 1
[Sat Jul 04 03:02:48.950271 2026] [:error] [pid 2943:tid 2954] [client 216.73.216.41:56073] PHP:  syntax error, unexpected '=' in /home/purehotels/public_html/php.ini on line 1
[Sat Jul 04 03:02:48.951075 2026] [:error] [pid 2943:tid 2954] [client 216.73.216.41:56073] PHP:  syntax error, unexpected '=' in ./php.ini on line 1
[Sat Jul 04 03:02:49.052105 2026] [:error] [pid 3036:tid 3038] [client 216.73.216.41:15872] PHP:  syntax error, unexpected '=' in /home/purehotels/public_html/php.ini on line 1
[Sat Jul 04 03:02:49.052897 2026] [:error] [pid 3036:tid 3038] [client 216.73.216.41:15872] PHP:  syntax error, unexpected '=' in ./php.ini on line 1
[Sat Jul 04 03:02:49.134707 2026] [:error] [pid 2943:tid 2954] [client 216.73.216.41:56073] PHP:  syntax error, unexpected '=' in /home/purehotels/public_html/php.ini on line 1
[Sat Jul 04 03:02:49.135554 2026] [:error] [pid 2943:tid 2954] [client 216.73.216.41:56073] PHP:  syntax error, unexpected '=' in ./php.ini on line 1
[Sat Jul 04 03:02:49.232187 2026] [:error] [pid 3036:tid 3038] [client 216.73.216.41:15872] PHP:  syntax error, unexpected '=' in /home/purehotels/public_html/php.ini on line 1
[Sat Jul 04 03:02:49.232973 2026] [:error] [pid 3036:tid 3038] [client 216.73.216.41:15872] PHP:  syntax error, unexpected '=' in ./php.ini on line 1
[Sat Jul 04 03:02:49.316823 2026] [:error] [pid 2943:tid 2954] [client 216.73.216.41:56073] PHP:  syntax error, unexpected '=' in /home/purehotels/public_html/php.ini on line 1
[Sat Jul 04 03:02:49.317666 2026] [:error] [pid 2943:tid 2954] [client 216.73.216.41:56073] PHP:  syntax error, unexpected '=' in ./php.ini on line 1
[Sat Jul 04 03:02:49.417404 2026] [:error] [pid 3036:tid 3038] [client 216.73.216.41:15872] PHP:  syntax error, unexpected '=' in /home/purehotels/public_html/php.ini on line 1
[Sat Jul 04 03:02:49.418195 2026] [:error] [pid 3036:tid 3038] [client 216.73.216.41:15872] PHP:  syntax error, unexpected '=' in ./php.ini on line 1
[Sat Jul 04 03:02:49.499338 2026] [:error] [pid 2943:tid 2954] [client 216.73.216.41:56073] PHP:  syntax error, unexpected '=' in /home/purehotels/public_html/php.ini on line 1
[Sat Jul 04 03:02:49.500142 2026] [:error] [pid 2943:tid 2954] [client 216.73.216.41:56073] PHP:  syntax error, unexpected '=' in ./php.ini on line 1
[Sat Jul 04 03:02:49.601715 2026] [:error] [pid 3036:tid 3038] [client 216.73.216.41:15872] PHP:  syntax error, unexpected '=' in /home/purehotels/public_html/php.ini on line 1
[Sat Jul 04 03:02:49.601817 2026] [:error] [pid 3036:tid 3038] [client 216.73.216.41:15872] PHP:  syntax error, unexpected '=' in ./php.ini on line 1
[Sat Jul 04 03:02:49.683052 2026] [:error] [pid 2943:tid 2954] [client 216.73.216.41:56073] PHP:  syntax error, unexpected '=' in /home/purehotels/public_html/php.ini on line 1
[Sat Jul 04 03:02:49.683890 2026] [:error] [pid 2943:tid 2954] [client 216.73.216.41:56073] PHP:  syntax error, unexpected '=' in ./php.ini on line 1
[Sat Jul 04 03:02:49.790471 2026] [:error] [pid 3036:tid 3038] [client 216.73.216.41:15872] PHP:  syntax error, unexpected '=' in /home/purehotels/public_html/php.ini on line 1
[Sat Jul 04 03:02:49.791225 2026] [:error] [pid 3036:tid 3038] [client 216.73.216.41:15872] PHP:  syntax error, unexpected '=' in ./php.ini on line 1
[Sat Jul 04 03:02:49.872356 2026] [:error] [pid 2943:tid 2954] [client 216.73.216.41:56073] PHP:  syntax error, unexpected '=' in /home/purehotels/public_html/php.ini on line 1
[Sat Jul 04 03:02:49.873153 2026] [:error] [pid 2943:tid 2954] [client 216.73.216.41:56073] PHP:  syntax error, unexpected '=' in ./php.ini on line 1
[Sat Jul 04 03:02:49.970195 2026] [:error] [pid 3036:tid 3038] [client 216.73.216.41:15872] PHP:  syntax error, unexpected '=' in /home/purehotels/public_html/php.ini on line 1
[Sat Jul 04 03:02:49.971013 2026] [:error] [pid 3036:tid 3038] [client 216.73.216.41:15872] PHP:  syntax error, unexpected '=' in ./php.ini on line 1
[Sat Jul 04 03:02:50.063488 2026] [:error] [pid 2943:tid 2954] [client 216.73.216.41:56073] PHP:  syntax error, unexpected '=' in /home/purehotels/public_html/php.ini on line 1
[Sat Jul 04 03:02:50.064309 2026] [:error] [pid 2943:tid 2954] [client 216.73.216.41:56073] PHP:  syntax error, unexpected '=' in ./php.ini on line 1
[Sat Jul 04 03:02:50.162625 2026] [:error] [pid 3036:tid 3038] [client 216.73.216.41:15872] PHP:  syntax error, unexpected '=' in /home/purehotels/public_html/php.ini on line 1
[Sat Jul 04 03:02:50.163490 2026] [:error] [pid 3036:tid 3038] [client 216.73.216.41:15872] PHP:  syntax error, unexpected '=' in ./php.ini on line 1
[Sat Jul 04 03:02:50.248298 2026] [:error] [pid 2943:tid 2954] [client 216.73.216.41:56073] PHP:  syntax error, unexpected '=' in /home/purehotels/public_html/php.ini on line 1
[Sat Jul 04 03:02:50.249148 2026] [:error] [pid 2943:tid 2954] [client 216.73.216.41:56073] PHP:  syntax error, unexpected '=' in ./php.ini on line 1
[Sat Jul 04 03:02:50.348731 2026] [:error] [pid 3036:tid 3038] [client 216.73.216.41:15872] PHP:  syntax error, unexpected '=' in /home/purehotels/public_html/php.ini on line 1
[Sat Jul 04 03:02:50.349538 2026] [:error] [pid 3036:tid 3038] [client 216.73.216.41:15872] PHP:  syntax error, unexpected '=' in ./php.ini on line 1
[Sat Jul 04 03:02:50.442862 2026] [:error] [pid 2943:tid 2954] [client 216.73.216.41:56073] PHP:  syntax error, unexpected '=' in /home/purehotels/public_html/php.ini on line 1
[Sat Jul 04 03:02:50.443704 2026] [:error] [pid 2943:tid 2954] [client 216.73.216.41:56073] PHP:  syntax error, unexpected '=' in ./php.ini on line 1
[Sat Jul 04 03:02:50.541768 2026] [:error] [pid 3036:tid 3038] [client 216.73.216.41:15872] PHP:  syntax error, unexpected '=' in /home/purehotels/public_html/php.ini on line 1
[Sat Jul 04 03:02:50.542578 2026] [:error] [pid 3036:tid 3038] [client 216.73.216.41:15872] PHP:  syntax error, unexpected '=' in ./php.ini on line 1
[Sat Jul 04 03:02:50.625328 2026] [:error] [pid 2943:tid 2954] [client 216.73.216.41:56073] PHP:  syntax error, unexpected '=' in /home/purehotels/public_html/php.ini on line 1
[Sat Jul 04 03:02:50.626155 2026] [:error] [pid 2943:tid 2954] [client 216.73.216.41:56073] PHP:  syntax error, unexpected '=' in ./php.ini on line 1
[Sat Jul 04 03:02:50.715888 2026] [:error] [pid 3003:tid 3009] [client 216.73.216.41:5228] PHP:  syntax error, unexpected '=' in /home/purehotels/public_html/php.ini on line 1
[Sat Jul 04 03:02:50.716750 2026] [:error] [pid 3003:tid 3009] [client 216.73.216.41:5228] PHP:  syntax error, unexpected '=' in ./php.ini on line 1
[Sat Jul 04 03:02:50.788415 2026] [:error] [pid 2943:tid 2952] [client 20.151.225.63:5470] File does not exist: /var/www/html/this_is_a_new_hello_world.php
[Sat Jul 04 03:02:50.806531 2026] [:error] [pid 2943:tid 2954] [client 216.73.216.41:56073] PHP:  syntax error, unexpected '=' in /home/purehotels/public_html/php.ini on line 1
[Sat Jul 04 03:02:50.807302 2026] [:error] [pid 2943:tid 2954] [client 216.73.216.41:56073] PHP:  syntax error, unexpected '=' in ./php.ini on line 1
[Sat Jul 04 03:02:50.888393 2026] [:error] [pid 2943:tid 2952] [client 20.151.225.63:5470] File does not exist: /var/www/html/x.php
[Sat Jul 04 03:02:50.900701 2026] [:error] [pid 3003:tid 3009] [client 216.73.216.41:5228] PHP:  syntax error, unexpected '=' in /home/purehotels/public_html/php.ini on line 1
[Sat Jul 04 03:02:50.901540 2026] [:error] [pid 3003:tid 3009] [client 216.73.216.41:5228] PHP:  syntax error, unexpected '=' in ./php.ini on line 1
[Sat Jul 04 03:02:50.991290 2026] [:error] [pid 2943:tid 2952] [client 20.151.225.63:5470] File does not exist: /var/www/html/wss.php
[Sat Jul 04 03:02:50.993856 2026] [:error] [pid 2943:tid 2954] [client 216.73.216.41:56073] PHP:  syntax error, unexpected '=' in /home/purehotels/public_html/php.ini on line 1
[Sat Jul 04 03:02:50.994676 2026] [:error] [pid 2943:tid 2954] [client 216.73.216.41:56073] PHP:  syntax error, unexpected '=' in ./php.ini on line 1
[Sat Jul 04 03:02:51.091129 2026] [:error] [pid 2943:tid 2952] [client 20.151.225.63:5470] File does not exist: /var/www/html/ty.php
[Sat Jul 04 03:02:51.097371 2026] [:error] [pid 3003:tid 3009] [client 216.73.216.41:5228] PHP:  syntax error, unexpected '=' in /home/purehotels/public_html/php.ini on line 1
[Sat Jul 04 03:02:51.098143 2026] [:error] [pid 3003:tid 3009] [client 216.73.216.41:5228] PHP:  syntax error, unexpected '=' in ./php.ini on line 1
[Sat Jul 04 03:02:51.188161 2026] [:error] [pid 2943:tid 2954] [client 216.73.216.41:56073] PHP:  syntax error, unexpected '=' in /home/purehotels/public_html/php.ini on line 1
[Sat Jul 04 03:02:51.189013 2026] [:error] [pid 2943:tid 2954] [client 216.73.216.41:56073] PHP:  syntax error, unexpected '=' in ./php.ini on line 1
[Sat Jul 04 03:02:51.191217 2026] [:error] [pid 2943:tid 2952] [client 20.151.225.63:5470] File does not exist: /var/www/html/155.php
[Sat Jul 04 03:02:51.288876 2026] [:error] [pid 3036:tid 3038] [client 216.73.216.41:15872] PHP:  syntax error, unexpected '=' in /home/purehotels/public_html/php.ini on line 1
[Sat Jul 04 03:02:51.289701 2026] [:error] [pid 3036:tid 3038] [client 216.73.216.41:15872] PHP:  syntax error, unexpected '=' in ./php.ini on line 1
[Sat Jul 04 03:02:51.291078 2026] [:error] [pid 2943:tid 2952] [client 20.151.225.63:5470] File does not exist: /var/www/html/ops.php
[Sat Jul 04 03:02:51.372953 2026] [:error] [pid 2943:tid 2954] [client 216.73.216.41:56073] PHP:  syntax error, unexpected '=' in /home/purehotels/public_html/php.ini on line 1
[Sat Jul 04 03:02:51.373785 2026] [:error] [pid 2943:tid 2954] [client 216.73.216.41:56073] PHP:  syntax error, unexpected '=' in ./php.ini on line 1
[Sat Jul 04 03:02:51.405985 2026] [:error] [pid 2943:tid 2952] [client 20.151.225.63:5470] File does not exist: /var/www/html/ingfo.php
[Sat Jul 04 03:02:51.465931 2026] [:error] [pid 3003:tid 3009] [client 216.73.216.41:5228] PHP:  syntax error, unexpected '=' in /home/purehotels/public_html/php.ini on line 1
[Sat Jul 04 03:02:51.466767 2026] [:error] [pid 3003:tid 3009] [client 216.73.216.41:5228] PHP:  syntax error, unexpected '=' in ./php.ini on line 1
[Sat Jul 04 03:02:51.506079 2026] [:error] [pid 2943:tid 2952] [client 20.151.225.63:5470] File does not exist: /var/www/html/error_log.php
[Sat Jul 04 03:02:51.564505 2026] [:error] [pid 3036:tid 3038] [client 216.73.216.41:15872] PHP:  syntax error, unexpected '=' in /home/purehotels/public_html/php.ini on line 1
[Sat Jul 04 03:02:51.565283 2026] [:error] [pid 3036:tid 3038] [client 216.73.216.41:15872] PHP:  syntax error, unexpected '=' in ./php.ini on line 1
[Sat Jul 04 03:02:51.606031 2026] [:error] [pid 2943:tid 2952] [client 20.151.225.63:5470] File does not exist: /var/www/html/ok.php
[Sat Jul 04 03:02:51.652929 2026] [:error] [pid 3003:tid 3009] [client 216.73.216.41:5228] PHP:  syntax error, unexpected '=' in /home/purehotels/public_html/php.ini on line 1
[Sat Jul 04 03:02:51.653810 2026] [:error] [pid 3003:tid 3009] [client 216.73.216.41:5228] PHP:  syntax error, unexpected '=' in ./php.ini on line 1
[Sat Jul 04 03:02:51.706841 2026] [:error] [pid 2943:tid 2952] [client 20.151.225.63:5470] File does not exist: /var/www/html/mac.php
[Sat Jul 04 03:02:51.750211 2026] [:error] [pid 3036:tid 3038] [client 216.73.216.41:15872] PHP:  syntax error, unexpected '=' in /home/purehotels/public_html/php.ini on line 1
[Sat Jul 04 03:02:51.751035 2026] [:error] [pid 3036:tid 3038] [client 216.73.216.41:15872] PHP:  syntax error, unexpected '=' in ./php.ini on line 1
[Sat Jul 04 03:02:51.834010 2026] [:error] [pid 3003:tid 3009] [client 216.73.216.41:5228] PHP:  syntax error, unexpected '=' in /home/purehotels/public_html/php.ini on line 1
[Sat Jul 04 03:02:51.834821 2026] [:error] [pid 3003:tid 3009] [client 216.73.216.41:5228] PHP:  syntax error, unexpected '=' in ./php.ini on line 1
[Sat Jul 04 03:02:51.847085 2026] [:error] [pid 2943:tid 2952] [client 20.151.225.63:5470] File does not exist: /var/www/html/25d653587fdfd1.php
[Sat Jul 04 03:02:51.932744 2026] [:error] [pid 3036:tid 3038] [client 216.73.216.41:15872] PHP:  syntax error, unexpected '=' in /home/purehotels/public_html/php.ini on line 1
[Sat Jul 04 03:02:51.933549 2026] [:error] [pid 3036:tid 3038] [client 216.73.216.41:15872] PHP:  syntax error, unexpected '=' in ./php.ini on line 1
[Sat Jul 04 03:02:51.950216 2026] [:error] [pid 2943:tid 2952] [client 20.151.225.63:5470] File does not exist: /var/www/html/wefile.php
[Sat Jul 04 03:02:52.017673 2026] [:error] [pid 3003:tid 3009] [client 216.73.216.41:5228] PHP:  syntax error, unexpected '=' in /home/purehotels/public_html/php.ini on line 1
[Sat Jul 04 03:02:52.018492 2026] [:error] [pid 3003:tid 3009] [client 216.73.216.41:5228] PHP:  syntax error, unexpected '=' in ./php.ini on line 1
[Sat Jul 04 03:02:52.120036 2026] [:error] [pid 3036:tid 3038] [client 216.73.216.41:15872] PHP:  syntax error, unexpected '=' in /home/purehotels/public_html/php.ini on line 1
[Sat Jul 04 03:02:52.120828 2026] [:error] [pid 3036:tid 3038] [client 216.73.216.41:15872] PHP:  syntax error, unexpected '=' in ./php.ini on line 1
[Sat Jul 04 03:02:52.203188 2026] [:error] [pid 3003:tid 3009] [client 216.73.216.41:5228] PHP:  syntax error, unexpected '=' in /home/purehotels/public_html/php.ini on line 1
[Sat Jul 04 03:02:52.204208 2026] [:error] [pid 3003:tid 3009] [client 216.73.216.41:5228] PHP:  syntax error, unexpected '=' in ./php.ini on line 1
[Sat Jul 04 03:02:52.320550 2026] [:error] [pid 3036:tid 3038] [client 216.73.216.41:15872] PHP:  syntax error, unexpected '=' in /home/purehotels/public_html/php.ini on line 1
[Sat Jul 04 03:02:52.321352 2026] [:error] [pid 3036:tid 3038] [client 216.73.216.41:15872] PHP:  syntax error, unexpected '=' in ./php.ini on line 1
[Sat Jul 04 03:02:52.403235 2026] [:error] [pid 3003:tid 3009] [client 216.73.216.41:5228] PHP:  syntax error, unexpected '=' in /home/purehotels/public_html/php.ini on line 1
[Sat Jul 04 03:02:52.404052 2026] [:error] [pid 3003:tid 3009] [client 216.73.216.41:5228] PHP:  syntax error, unexpected '=' in ./php.ini on line 1
[Sat Jul 04 03:02:52.501964 2026] [:error] [pid 3036:tid 3038] [client 216.73.216.41:15872] PHP:  syntax error, unexpected '=' in /home/purehotels/public_html/php.ini on line 1
[Sat Jul 04 03:02:52.502836 2026] [:error] [pid 3036:tid 3038] [client 216.73.216.41:15872] PHP:  syntax error, unexpected '=' in ./php.ini on line 1
[Sat Jul 04 03:02:52.592020 2026] [:error] [pid 3003:tid 3009] [client 216.73.216.41:5228] PHP:  syntax error, unexpected '=' in /home/purehotels/public_html/php.ini on line 1
[Sat Jul 04 03:02:52.592836 2026] [:error] [pid 3003:tid 3009] [client 216.73.216.41:5228] PHP:  syntax error, unexpected '=' in ./php.ini on line 1
[Sat Jul 04 03:02:52.673742 2026] [:error] [pid 2943:tid 2952] [client 20.151.225.63:5470] File does not exist: /var/www/html/like.php
[Sat Jul 04 03:02:52.691749 2026] [:error] [pid 3036:tid 3038] [client 216.73.216.41:15872] PHP:  syntax error, unexpected '=' in /home/purehotels/public_html/php.ini on line 1
[Sat Jul 04 03:02:52.692558 2026] [:error] [pid 3036:tid 3038] [client 216.73.216.41:15872] PHP:  syntax error, unexpected '=' in ./php.ini on line 1
[Sat Jul 04 03:02:52.773986 2026] [:error] [pid 3003:tid 3009] [client 216.73.216.41:5228] PHP:  syntax error, unexpected '=' in /home/purehotels/public_html/php.ini on line 1
[Sat Jul 04 03:02:52.774810 2026] [:error] [pid 3003:tid 3009] [client 216.73.216.41:5228] PHP:  syntax error, unexpected '=' in ./php.ini on line 1
[Sat Jul 04 03:02:52.775671 2026] [:error] [pid 2943:tid 2952] [client 20.151.225.63:5470] File does not exist: /var/www/html/.well-known/about.php
[Sat Jul 04 03:02:52.872828 2026] [:error] [pid 3036:tid 3038] [client 216.73.216.41:15872] PHP:  syntax error, unexpected '=' in /home/purehotels/public_html/php.ini on line 1
[Sat Jul 04 03:02:52.873650 2026] [:error] [pid 3036:tid 3038] [client 216.73.216.41:15872] PHP:  syntax error, unexpected '=' in ./php.ini on line 1
[Sat Jul 04 03:02:52.957716 2026] [:error] [pid 3003:tid 3009] [client 216.73.216.41:5228] PHP:  syntax error, unexpected '=' in /home/purehotels/public_html/php.ini on line 1
[Sat Jul 04 03:02:52.958525 2026] [:error] [pid 3003:tid 3009] [client 216.73.216.41:5228] PHP:  syntax error, unexpected '=' in ./php.ini on line 1
[Sat Jul 04 03:02:53.056247 2026] [:error] [pid 3036:tid 3038] [client 216.73.216.41:15872] PHP:  syntax error, unexpected '=' in /home/purehotels/public_html/php.ini on line 1
[Sat Jul 04 03:02:53.057037 2026] [:error] [pid 3036:tid 3038] [client 216.73.216.41:15872] PHP:  syntax error, unexpected '=' in ./php.ini on line 1
[Sat Jul 04 03:02:53.142505 2026] [:error] [pid 3003:tid 3009] [client 216.73.216.41:5228] PHP:  syntax error, unexpected '=' in /home/purehotels/public_html/php.ini on line 1
[Sat Jul 04 03:02:53.143301 2026] [:error] [pid 3003:tid 3009] [client 216.73.216.41:5228] PHP:  syntax error, unexpected '=' in ./php.ini on line 1
[Sat Jul 04 03:02:53.244154 2026] [:error] [pid 3036:tid 3038] [client 216.73.216.41:15872] PHP:  syntax error, unexpected '=' in /home/purehotels/public_html/php.ini on line 1
[Sat Jul 04 03:02:53.244967 2026] [:error] [pid 3036:tid 3038] [client 216.73.216.41:15872] PHP:  syntax error, unexpected '=' in ./php.ini on line 1
[Sat Jul 04 03:02:53.280012 2026] [:error] [pid 2943:tid 2952] [client 20.151.225.63:5470] File does not exist: /var/www/html/pucci.php
[Sat Jul 04 03:02:53.327624 2026] [:error] [pid 3003:tid 3009] [client 216.73.216.41:5228] PHP:  syntax error, unexpected '=' in /home/purehotels/public_html/php.ini on line 1
[Sat Jul 04 03:02:53.328437 2026] [:error] [pid 3003:tid 3009] [client 216.73.216.41:5228] PHP:  syntax error, unexpected '=' in ./php.ini on line 1
[Sat Jul 04 03:02:53.426628 2026] [:error] [pid 3036:tid 3038] [client 216.73.216.41:15872] PHP:  syntax error, unexpected '=' in /home/purehotels/public_html/php.ini on line 1
[Sat Jul 04 03:02:53.427420 2026] [:error] [pid 3036:tid 3038] [client 216.73.216.41:15872] PHP:  syntax error, unexpected '=' in ./php.ini on line 1
[Sat Jul 04 03:02:53.511030 2026] [:error] [pid 3003:tid 3009] [client 216.73.216.41:5228] PHP:  syntax error, unexpected '=' in /home/purehotels/public_html/php.ini on line 1
[Sat Jul 04 03:02:53.511838 2026] [:error] [pid 3003:tid 3009] [client 216.73.216.41:5228] PHP:  syntax error, unexpected '=' in ./php.ini on line 1
[Sat Jul 04 03:02:53.615023 2026] [:error] [pid 3036:tid 3038] [client 216.73.216.41:15872] PHP:  syntax error, unexpected '=' in /home/purehotels/public_html/php.ini on line 1
[Sat Jul 04 03:02:53.615844 2026] [:error] [pid 3036:tid 3038] [client 216.73.216.41:15872] PHP:  syntax error, unexpected '=' in ./php.ini on line 1
[Sat Jul 04 03:02:53.714386 2026] [:error] [pid 3003:tid 3009] [client 216.73.216.41:5228] PHP:  syntax error, unexpected '=' in /home/purehotels/public_html/php.ini on line 1
[Sat Jul 04 03:02:53.715291 2026] [:error] [pid 3003:tid 3009] [client 216.73.216.41:5228] PHP:  syntax error, unexpected '=' in ./php.ini on line 1
[Sat Jul 04 03:02:53.738606 2026] [:error] [pid 2943:tid 2952] [client 20.151.225.63:5470] File does not exist: /var/www/html/wp-temp.php
[Sat Jul 04 03:02:53.813062 2026] [:error] [pid 3036:tid 3038] [client 216.73.216.41:15872] PHP:  syntax error, unexpected '=' in /home/purehotels/public_html/php.ini on line 1
[Sat Jul 04 03:02:53.813855 2026] [:error] [pid 3036:tid 3038] [client 216.73.216.41:15872] PHP:  syntax error, unexpected '=' in ./php.ini on line 1
[Sat Jul 04 03:02:53.904663 2026] [:error] [pid 3003:tid 3009] [client 216.73.216.41:5228] PHP:  syntax error, unexpected '=' in /home/purehotels/public_html/php.ini on line 1
[Sat Jul 04 03:02:53.905549 2026] [:error] [pid 3003:tid 3009] [client 216.73.216.41:5228] PHP:  syntax error, unexpected '=' in ./php.ini on line 1
[Sat Jul 04 03:02:54.011393 2026] [:error] [pid 3036:tid 3038] [client 216.73.216.41:15872] PHP:  syntax error, unexpected '=' in /home/purehotels/public_html/php.ini on line 1
[Sat Jul 04 03:02:54.012167 2026] [:error] [pid 3036:tid 3038] [client 216.73.216.41:15872] PHP:  syntax error, unexpected '=' in ./php.ini on line 1
[Sat Jul 04 03:02:54.098502 2026] [:error] [pid 3003:tid 3009] [client 216.73.216.41:5228] PHP:  syntax error, unexpected '=' in /home/purehotels/public_html/php.ini on line 1
[Sat Jul 04 03:02:54.099290 2026] [:error] [pid 3003:tid 3009] [client 216.73.216.41:5228] PHP:  syntax error, unexpected '=' in ./php.ini on line 1
[Sat Jul 04 03:02:54.104072 2026] [:error] [pid 2943:tid 2952] [client 20.151.225.63:5470] File does not exist: /var/www/html/xmu.php
[Sat Jul 04 03:02:54.197204 2026] [:error] [pid 3036:tid 3038] [client 216.73.216.41:15872] PHP:  syntax error, unexpected '=' in /home/purehotels/public_html/php.ini on line 1
[Sat Jul 04 03:02:54.198005 2026] [:error] [pid 3036:tid 3038] [client 216.73.216.41:15872] PHP:  syntax error, unexpected '=' in ./php.ini on line 1
[Sat Jul 04 03:02:54.283414 2026] [:error] [pid 3003:tid 3009] [client 216.73.216.41:5228] PHP:  syntax error, unexpected '=' in /home/purehotels/public_html/php.ini on line 1
[Sat Jul 04 03:02:54.284184 2026] [:error] [pid 3003:tid 3009] [client 216.73.216.41:5228] PHP:  syntax error, unexpected '=' in ./php.ini on line 1
[Sat Jul 04 03:02:54.304108 2026] [:error] [pid 2943:tid 2952] [client 20.151.225.63:5470] File does not exist: /var/www/html/puc.php
[Sat Jul 04 03:02:54.382609 2026] [:error] [pid 3036:tid 3038] [client 216.73.216.41:15872] PHP:  syntax error, unexpected '=' in /home/purehotels/public_html/php.ini on line 1
[Sat Jul 04 03:02:54.383419 2026] [:error] [pid 3036:tid 3038] [client 216.73.216.41:15872] PHP:  syntax error, unexpected '=' in ./php.ini on line 1
[Sat Jul 04 03:02:54.406104 2026] [:error] [pid 2943:tid 2952] [client 20.151.225.63:5470] File does not exist: /var/www/html/themes.php
[Sat Jul 04 03:02:54.485528 2026] [:error] [pid 3003:tid 3009] [client 216.73.216.41:5228] PHP:  syntax error, unexpected '=' in /home/purehotels/public_html/php.ini on line 1
[Sat Jul 04 03:02:54.486296 2026] [:error] [pid 3003:tid 3009] [client 216.73.216.41:5228] PHP:  syntax error, unexpected '=' in ./php.ini on line 1
[Sat Jul 04 03:02:54.590616 2026] [:error] [pid 3036:tid 3038] [client 216.73.216.41:15872] PHP:  syntax error, unexpected '=' in /home/purehotels/public_html/php.ini on line 1
[Sat Jul 04 03:02:54.591411 2026] [:error] [pid 3036:tid 3038] [client 216.73.216.41:15872] PHP:  syntax error, unexpected '=' in ./php.ini on line 1
[Sat Jul 04 03:02:54.683471 2026] [:error] [pid 3003:tid 3009] [client 216.73.216.41:5228] PHP:  syntax error, unexpected '=' in /home/purehotels/public_html/php.ini on line 1
[Sat Jul 04 03:02:54.684302 2026] [:error] [pid 3003:tid 3009] [client 216.73.216.41:5228] PHP:  syntax error, unexpected '=' in ./php.ini on line 1
[Sat Jul 04 03:02:54.782141 2026] [:error] [pid 2943:tid 2954] [client 216.73.216.41:56073] PHP:  syntax error, unexpected '=' in /home/purehotels/public_html/php.ini on line 1
[Sat Jul 04 03:02:54.782980 2026] [:error] [pid 2943:tid 2954] [client 216.73.216.41:56073] PHP:  syntax error, unexpected '=' in ./php.ini on line 1
[Sat Jul 04 03:02:54.873475 2026] [:error] [pid 3003:tid 3009] [client 216.73.216.41:5228] PHP:  syntax error, unexpected '=' in /home/purehotels/public_html/php.ini on line 1
[Sat Jul 04 03:02:54.874241 2026] [:error] [pid 3003:tid 3009] [client 216.73.216.41:5228] PHP:  syntax error, unexpected '=' in ./php.ini on line 1
[Sat Jul 04 03:02:54.901118 2026] [:error] [pid 2943:tid 2952] [client 20.151.225.63:5470] File does not exist: /var/www/html/8.php
[Sat Jul 04 03:02:54.972699 2026] [:error] [pid 3036:tid 3038] [client 216.73.216.41:15872] PHP:  syntax error, unexpected '=' in /home/purehotels/public_html/php.ini on line 1
[Sat Jul 04 03:02:54.973504 2026] [:error] [pid 3036:tid 3038] [client 216.73.216.41:15872] PHP:  syntax error, unexpected '=' in ./php.ini on line 1
[Sat Jul 04 03:02:55.001517 2026] [:error] [pid 2943:tid 2952] [client 20.151.225.63:5470] File does not exist: /var/www/html/1.php
[Sat Jul 04 03:02:55.064773 2026] [:error] [pid 3003:tid 3009] [client 216.73.216.41:5228] PHP:  syntax error, unexpected '=' in /home/purehotels/public_html/php.ini on line 1
[Sat Jul 04 03:02:55.066131 2026] [:error] [pid 3003:tid 3009] [client 216.73.216.41:5228] PHP:  syntax error, unexpected '=' in ./php.ini on line 1
[Sat Jul 04 03:02:55.123729 2026] [:error] [pid 2943:tid 2952] [client 20.151.225.63:5470] File does not exist: /var/www/html/100.php
[Sat Jul 04 03:02:55.203908 2026] [:error] [pid 3036:tid 3038] [client 216.73.216.41:15872] PHP:  syntax error, unexpected '=' in /home/purehotels/public_html/php.ini on line 1
[Sat Jul 04 03:02:55.204775 2026] [:error] [pid 3036:tid 3038] [client 216.73.216.41:15872] PHP:  syntax error, unexpected '=' in ./php.ini on line 1
[Sat Jul 04 03:02:55.223852 2026] [:error] [pid 2943:tid 2952] [client 20.151.225.63:5470] File does not exist: /var/www/html/about.php
[Sat Jul 04 03:02:55.285644 2026] [:error] [pid 3003:tid 3009] [client 216.73.216.41:5228] PHP:  syntax error, unexpected '=' in /home/purehotels/public_html/php.ini on line 1
[Sat Jul 04 03:02:55.286460 2026] [:error] [pid 3003:tid 3009] [client 216.73.216.41:5228] PHP:  syntax error, unexpected '=' in ./php.ini on line 1
[Sat Jul 04 03:02:55.323794 2026] [:error] [pid 2943:tid 2952] [client 20.151.225.63:5470] File does not exist: /var/www/html/about.php
[Sat Jul 04 03:02:55.425003 2026] [:error] [pid 2943:tid 2952] [client 20.151.225.63:5470] File does not exist: /var/www/html/admin.php
[Sat Jul 04 03:02:55.467402 2026] [:error] [pid 3036:tid 3038] [client 216.73.216.41:15872] PHP:  syntax error, unexpected '=' in /home/purehotels/public_html/php.ini on line 1
[Sat Jul 04 03:02:55.468190 2026] [:error] [pid 3036:tid 3038] [client 216.73.216.41:15872] PHP:  syntax error, unexpected '=' in ./php.ini on line 1
[Sat Jul 04 03:02:55.525443 2026] [:error] [pid 2943:tid 2952] [client 20.151.225.63:5470] File does not exist: /var/www/html/admin.php
[Sat Jul 04 03:02:55.563397 2026] [:error] [pid 3003:tid 3009] [client 216.73.216.41:5228] PHP:  syntax error, unexpected '=' in /home/purehotels/public_html/php.ini on line 1
[Sat Jul 04 03:02:55.564225 2026] [:error] [pid 3003:tid 3009] [client 216.73.216.41:5228] PHP:  syntax error, unexpected '=' in ./php.ini on line 1
[Sat Jul 04 03:02:55.625383 2026] [:error] [pid 2943:tid 2952] [client 20.151.225.63:5470] File does not exist: /var/www/html/edit.php
[Sat Jul 04 03:02:55.661547 2026] [:error] [pid 3036:tid 3038] [client 216.73.216.41:15872] PHP:  syntax error, unexpected '=' in /home/purehotels/public_html/php.ini on line 1
[Sat Jul 04 03:02:55.662338 2026] [:error] [pid 3036:tid 3038] [client 216.73.216.41:15872] PHP:  syntax error, unexpected '=' in ./php.ini on line 1
[Sat Jul 04 03:02:55.745933 2026] [:error] [pid 3003:tid 3009] [client 216.73.216.41:5228] PHP:  syntax error, unexpected '=' in /home/purehotels/public_html/php.ini on line 1
[Sat Jul 04 03:02:55.746731 2026] [:error] [pid 3003:tid 3009] [client 216.73.216.41:5228] PHP:  syntax error, unexpected '=' in ./php.ini on line 1
[Sat Jul 04 03:02:55.826073 2026] [:error] [pid 2943:tid 2952] [client 20.151.225.63:5470] File does not exist: /var/www/html/f6.php
[Sat Jul 04 03:02:55.848106 2026] [:error] [pid 3036:tid 3038] [client 216.73.216.41:15872] PHP:  syntax error, unexpected '=' in /home/purehotels/public_html/php.ini on line 1
[Sat Jul 04 03:02:55.848907 2026] [:error] [pid 3036:tid 3038] [client 216.73.216.41:15872] PHP:  syntax error, unexpected '=' in ./php.ini on line 1
[Sat Jul 04 03:02:55.925971 2026] [:error] [pid 2943:tid 2952] [client 20.151.225.63:5470] File does not exist: /var/www/html/inputs.php
[Sat Jul 04 03:02:55.939628 2026] [:error] [pid 3003:tid 3009] [client 216.73.216.41:5228] PHP:  syntax error, unexpected '=' in /home/purehotels/public_html/php.ini on line 1
[Sat Jul 04 03:02:55.940435 2026] [:error] [pid 3003:tid 3009] [client 216.73.216.41:5228] PHP:  syntax error, unexpected '=' in ./php.ini on line 1
[Sat Jul 04 03:02:56.025851 2026] [:error] [pid 2943:tid 2952] [client 20.151.225.63:5470] File does not exist: /var/www/html/inputs.php
[Sat Jul 04 03:02:56.038858 2026] [:error] [pid 3036:tid 3038] [client 216.73.216.41:15872] PHP:  syntax error, unexpected '=' in /home/purehotels/public_html/php.ini on line 1
[Sat Jul 04 03:02:56.039669 2026] [:error] [pid 3036:tid 3038] [client 216.73.216.41:15872] PHP:  syntax error, unexpected '=' in ./php.ini on line 1
[Sat Jul 04 03:02:56.123754 2026] [:error] [pid 3003:tid 3009] [client 216.73.216.41:5228] PHP:  syntax error, unexpected '=' in /home/purehotels/public_html/php.ini on line 1
[Sat Jul 04 03:02:56.124594 2026] [:error] [pid 3003:tid 3009] [client 216.73.216.41:5228] PHP:  syntax error, unexpected '=' in ./php.ini on line 1
[Sat Jul 04 03:02:56.125877 2026] [:error] [pid 2943:tid 2952] [client 20.151.225.63:5470] File does not exist: /var/www/html/av.php
[Sat Jul 04 03:02:56.232057 2026] [:error] [pid 3036:tid 3038] [client 216.73.216.41:15872] PHP:  syntax error, unexpected '=' in /home/purehotels/public_html/php.ini on line 1
[Sat Jul 04 03:02:56.232857 2026] [:error] [pid 3036:tid 3038] [client 216.73.216.41:15872] PHP:  syntax error, unexpected '=' in ./php.ini on line 1
[Sat Jul 04 03:02:56.249880 2026] [:error] [pid 2943:tid 2952] [client 20.151.225.63:5470] File does not exist: /var/www/html/classwithtostring.php
[Sat Jul 04 03:02:56.320375 2026] [:error] [pid 3003:tid 3009] [client 216.73.216.41:5228] PHP:  syntax error, unexpected '=' in /home/purehotels/public_html/php.ini on line 1
[Sat Jul 04 03:02:56.321179 2026] [:error] [pid 3003:tid 3009] [client 216.73.216.41:5228] PHP:  syntax error, unexpected '=' in ./php.ini on line 1
[Sat Jul 04 03:02:56.409728 2026] [:error] [pid 3036:tid 3038] [client 216.73.216.41:15872] PHP:  syntax error, unexpected '=' in /home/purehotels/public_html/php.ini on line 1
[Sat Jul 04 03:02:56.410529 2026] [:error] [pid 3036:tid 3038] [client 216.73.216.41:15872] PHP:  syntax error, unexpected '=' in ./php.ini on line 1
[Sat Jul 04 03:02:56.486074 2026] [:error] [pid 2943:tid 2952] [client 20.151.225.63:5470] File does not exist: /var/www/html/wp-blog.php
[Sat Jul 04 03:02:56.496533 2026] [:error] [pid 3003:tid 3009] [client 216.73.216.41:5228] PHP:  syntax error, unexpected '=' in /home/purehotels/public_html/php.ini on line 1
[Sat Jul 04 03:02:56.497420 2026] [:error] [pid 3003:tid 3009] [client 216.73.216.41:5228] PHP:  syntax error, unexpected '=' in ./php.ini on line 1
[Sat Jul 04 03:02:56.605916 2026] [:error] [pid 3036:tid 3038] [client 216.73.216.41:15872] PHP:  syntax error, unexpected '=' in /home/purehotels/public_html/php.ini on line 1
[Sat Jul 04 03:02:56.606708 2026] [:error] [pid 3036:tid 3038] [client 216.73.216.41:15872] PHP:  syntax error, unexpected '=' in ./php.ini on line 1
[Sat Jul 04 03:02:56.693714 2026] [:error] [pid 3003:tid 3009] [client 216.73.216.41:5228] PHP:  syntax error, unexpected '=' in /home/purehotels/public_html/php.ini on line 1
[Sat Jul 04 03:02:56.694604 2026] [:error] [pid 3003:tid 3009] [client 216.73.216.41:5228] PHP:  syntax error, unexpected '=' in ./php.ini on line 1
[Sat Jul 04 03:02:56.806936 2026] [:error] [pid 3036:tid 3038] [client 216.73.216.41:15872] PHP:  syntax error, unexpected '=' in /home/purehotels/public_html/php.ini on line 1
[Sat Jul 04 03:02:56.808098 2026] [:error] [pid 3036:tid 3038] [client 216.73.216.41:15872] PHP:  syntax error, unexpected '=' in ./php.ini on line 1
[Sat Jul 04 03:02:56.851692 2026] [:error] [pid 2943:tid 2952] [client 20.151.225.63:5470] File does not exist: /var/www/html/adminfuns.php
[Sat Jul 04 03:02:56.886865 2026] [:error] [pid 3003:tid 3009] [client 216.73.216.41:5228] PHP:  syntax error, unexpected '=' in /home/purehotels/public_html/php.ini on line 1
[Sat Jul 04 03:02:56.887674 2026] [:error] [pid 3003:tid 3009] [client 216.73.216.41:5228] PHP:  syntax error, unexpected '=' in ./php.ini on line 1
[Sat Jul 04 03:02:56.952308 2026] [:error] [pid 2943:tid 2952] [client 20.151.225.63:5470] File does not exist: /var/www/html/goods.php
[Sat Jul 04 03:02:56.990683 2026] [:error] [pid 3036:tid 3038] [client 216.73.216.41:15872] PHP:  syntax error, unexpected '=' in /home/purehotels/public_html/php.ini on line 1
[Sat Jul 04 03:02:56.991485 2026] [:error] [pid 3036:tid 3038] [client 216.73.216.41:15872] PHP:  syntax error, unexpected '=' in ./php.ini on line 1
[Sat Jul 04 03:02:57.052488 2026] [:error] [pid 2943:tid 2952] [client 20.151.225.63:5470] File does not exist: /var/www/html/ms-edit.php
[Sat Jul 04 03:02:57.074489 2026] [:error] [pid 3003:tid 3009] [client 216.73.216.41:5228] PHP:  syntax error, unexpected '=' in /home/purehotels/public_html/php.ini on line 1
[Sat Jul 04 03:02:57.075266 2026] [:error] [pid 3003:tid 3009] [client 216.73.216.41:5228] PHP:  syntax error, unexpected '=' in ./php.ini on line 1
[Sat Jul 04 03:02:57.154720 2026] [:error] [pid 2943:tid 2952] [client 20.151.225.63:5470] File does not exist: /var/www/html/222.php
[Sat Jul 04 03:02:57.175175 2026] [:error] [pid 3036:tid 3038] [client 216.73.216.41:15872] PHP:  syntax error, unexpected '=' in /home/purehotels/public_html/php.ini on line 1
[Sat Jul 04 03:02:57.175992 2026] [:error] [pid 3036:tid 3038] [client 216.73.216.41:15872] PHP:  syntax error, unexpected '=' in ./php.ini on line 1
[Sat Jul 04 03:02:57.262633 2026] [:error] [pid 3003:tid 3009] [client 216.73.216.41:5228] PHP:  syntax error, unexpected '=' in /home/purehotels/public_html/php.ini on line 1
[Sat Jul 04 03:02:57.263454 2026] [:error] [pid 3003:tid 3009] [client 216.73.216.41:5228] PHP:  syntax error, unexpected '=' in ./php.ini on line 1
[Sat Jul 04 03:02:57.361512 2026] [:error] [pid 3036:tid 3038] [client 216.73.216.41:15872] PHP:  syntax error, unexpected '=' in /home/purehotels/public_html/php.ini on line 1
[Sat Jul 04 03:02:57.362281 2026] [:error] [pid 3036:tid 3038] [client 216.73.216.41:15872] PHP:  syntax error, unexpected '=' in ./php.ini on line 1
[Sat Jul 04 03:02:57.452427 2026] [:error] [pid 3003:tid 3009] [client 216.73.216.41:5228] PHP:  syntax error, unexpected '=' in /home/purehotels/public_html/php.ini on line 1
[Sat Jul 04 03:02:57.453213 2026] [:error] [pid 3003:tid 3009] [client 216.73.216.41:5228] PHP:  syntax error, unexpected '=' in ./php.ini on line 1
[Sat Jul 04 03:02:57.506531 2026] [:error] [pid 2943:tid 2952] [client 20.151.225.63:5470] File does not exist: /var/www/html/BDKR28WP.php
[Sat Jul 04 03:02:57.545669 2026] [:error] [pid 3036:tid 3038] [client 216.73.216.41:15872] PHP:  syntax error, unexpected '=' in /home/purehotels/public_html/php.ini on line 1
[Sat Jul 04 03:02:57.546494 2026] [:error] [pid 3036:tid 3038] [client 216.73.216.41:15872] PHP:  syntax error, unexpected '=' in ./php.ini on line 1
[Sat Jul 04 03:02:57.632452 2026] [:error] [pid 3003:tid 3009] [client 216.73.216.41:5228] PHP:  syntax error, unexpected '=' in /home/purehotels/public_html/php.ini on line 1
[Sat Jul 04 03:02:57.633292 2026] [:error] [pid 3003:tid 3009] [client 216.73.216.41:5228] PHP:  syntax error, unexpected '=' in ./php.ini on line 1
[Sat Jul 04 03:02:57.730513 2026] [:error] [pid 3036:tid 3038] [client 216.73.216.41:15872] PHP:  syntax error, unexpected '=' in /home/purehotels/public_html/php.ini on line 1
[Sat Jul 04 03:02:57.731452 2026] [:error] [pid 3036:tid 3038] [client 216.73.216.41:15872] PHP:  syntax error, unexpected '=' in ./php.ini on line 1
[Sat Jul 04 03:02:57.817923 2026] [:error] [pid 3003:tid 3009] [client 216.73.216.41:5228] PHP:  syntax error, unexpected '=' in /home/purehotels/public_html/php.ini on line 1
[Sat Jul 04 03:02:57.818736 2026] [:error] [pid 3003:tid 3009] [client 216.73.216.41:5228] PHP:  syntax error, unexpected '=' in ./php.ini on line 1
[Sat Jul 04 03:02:57.843949 2026] [:error] [pid 2943:tid 2952] [client 20.151.225.63:5470] File does not exist: /var/www/html/raw.php
[Sat Jul 04 03:02:57.920630 2026] [:error] [pid 3036:tid 3038] [client 216.73.216.41:15872] PHP:  syntax error, unexpected '=' in /home/purehotels/public_html/php.ini on line 1
[Sat Jul 04 03:02:57.921430 2026] [:error] [pid 3036:tid 3038] [client 216.73.216.41:15872] PHP:  syntax error, unexpected '=' in ./php.ini on line 1
[Sat Jul 04 03:02:57.955876 2026] [:error] [pid 2943:tid 2952] [client 20.151.225.63:5470] File does not exist: /var/www/html/abcd.php
[Sat Jul 04 03:02:58.003413 2026] [:error] [pid 3003:tid 3009] [client 216.73.216.41:5228] PHP:  syntax error, unexpected '=' in /home/purehotels/public_html/php.ini on line 1
[Sat Jul 04 03:02:58.004214 2026] [:error] [pid 3003:tid 3009] [client 216.73.216.41:5228] PHP:  syntax error, unexpected '=' in ./php.ini on line 1
[Sat Jul 04 03:02:58.056531 2026] [:error] [pid 2943:tid 2952] [client 20.151.225.63:5470] File does not exist: /var/www/html/a1.php
[Sat Jul 04 03:02:58.110519 2026] [:error] [pid 3036:tid 3038] [client 216.73.216.41:15872] PHP:  syntax error, unexpected '=' in /home/purehotels/public_html/php.ini on line 1
[Sat Jul 04 03:02:58.111314 2026] [:error] [pid 3036:tid 3038] [client 216.73.216.41:15872] PHP:  syntax error, unexpected '=' in ./php.ini on line 1
[Sat Jul 04 03:02:58.196656 2026] [:error] [pid 3003:tid 3009] [client 216.73.216.41:5228] PHP:  syntax error, unexpected '=' in /home/purehotels/public_html/php.ini on line 1
[Sat Jul 04 03:02:58.197462 2026] [:error] [pid 3003:tid 3009] [client 216.73.216.41:5228] PHP:  syntax error, unexpected '=' in ./php.ini on line 1
[Sat Jul 04 03:02:58.297987 2026] [:error] [pid 3036:tid 3038] [client 216.73.216.41:15872] PHP:  syntax error, unexpected '=' in /home/purehotels/public_html/php.ini on line 1
[Sat Jul 04 03:02:58.298780 2026] [:error] [pid 3036:tid 3038] [client 216.73.216.41:15872] PHP:  syntax error, unexpected '=' in ./php.ini on line 1
[Sat Jul 04 03:02:58.382994 2026] [:error] [pid 3003:tid 3009] [client 216.73.216.41:5228] PHP:  syntax error, unexpected '=' in /home/purehotels/public_html/php.ini on line 1
[Sat Jul 04 03:02:58.383820 2026] [:error] [pid 3003:tid 3009] [client 216.73.216.41:5228] PHP:  syntax error, unexpected '=' in ./php.ini on line 1
[Sat Jul 04 03:02:58.483606 2026] [:error] [pid 3036:tid 3038] [client 216.73.216.41:15872] PHP:  syntax error, unexpected '=' in /home/purehotels/public_html/php.ini on line 1
[Sat Jul 04 03:02:58.484407 2026] [:error] [pid 3036:tid 3038] [client 216.73.216.41:15872] PHP:  syntax error, unexpected '=' in ./php.ini on line 1
[Sat Jul 04 03:02:58.568634 2026] [:error] [pid 3003:tid 3009] [client 216.73.216.41:5228] PHP:  syntax error, unexpected '=' in /home/purehotels/public_html/php.ini on line 1
[Sat Jul 04 03:02:58.569872 2026] [:error] [pid 3003:tid 3009] [client 216.73.216.41:5228] PHP:  syntax error, unexpected '=' in ./php.ini on line 1
[Sat Jul 04 03:02:58.670718 2026] [:error] [pid 3036:tid 3038] [client 216.73.216.41:15872] PHP:  syntax error, unexpected '=' in /home/purehotels/public_html/php.ini on line 1
[Sat Jul 04 03:02:58.671509 2026] [:error] [pid 3036:tid 3038] [client 216.73.216.41:15872] PHP:  syntax error, unexpected '=' in ./php.ini on line 1
[Sat Jul 04 03:02:58.717466 2026] [:error] [pid 2943:tid 2952] [client 20.151.225.63:5470] File does not exist: /var/www/html/simple.php
[Sat Jul 04 03:02:58.754370 2026] [:error] [pid 3003:tid 3009] [client 216.73.216.41:5228] PHP:  syntax error, unexpected '=' in /home/purehotels/public_html/php.ini on line 1
[Sat Jul 04 03:02:58.755354 2026] [:error] [pid 3003:tid 3009] [client 216.73.216.41:5228] PHP:  syntax error, unexpected '=' in ./php.ini on line 1
[Sat Jul 04 03:02:58.829580 2026] [:error] [pid 2943:tid 2952] [client 20.151.225.63:5470] File does not exist: /var/www/html/xxx.php
[Sat Jul 04 03:02:58.859913 2026] [:error] [pid 3036:tid 3038] [client 216.73.216.41:15872] PHP:  syntax error, unexpected '=' in /home/purehotels/public_html/php.ini on line 1
[Sat Jul 04 03:02:58.860716 2026] [:error] [pid 3036:tid 3038] [client 216.73.216.41:15872] PHP:  syntax error, unexpected '=' in ./php.ini on line 1
[Sat Jul 04 03:02:58.935109 2026] [:error] [pid 2943:tid 2952] [client 20.151.225.63:5470] File does not exist: /var/www/html/hypo.php
[Sat Jul 04 03:02:58.952827 2026] [:error] [pid 3003:tid 3009] [client 216.73.216.41:5228] PHP:  syntax error, unexpected '=' in /home/purehotels/public_html/php.ini on line 1
[Sat Jul 04 03:02:58.953631 2026] [:error] [pid 3003:tid 3009] [client 216.73.216.41:5228] PHP:  syntax error, unexpected '=' in ./php.ini on line 1
[Sat Jul 04 03:02:59.051707 2026] [:error] [pid 3036:tid 3038] [client 216.73.216.41:15872] PHP:  syntax error, unexpected '=' in /home/purehotels/public_html/php.ini on line 1
[Sat Jul 04 03:02:59.052580 2026] [:error] [pid 3036:tid 3038] [client 216.73.216.41:15872] PHP:  syntax error, unexpected '=' in ./php.ini on line 1
[Sat Jul 04 03:02:59.135230 2026] [:error] [pid 3003:tid 3009] [client 216.73.216.41:5228] PHP:  syntax error, unexpected '=' in /home/purehotels/public_html/php.ini on line 1
[Sat Jul 04 03:02:59.136058 2026] [:error] [pid 3003:tid 3009] [client 216.73.216.41:5228] PHP:  syntax error, unexpected '=' in ./php.ini on line 1
[Sat Jul 04 03:02:59.167351 2026] [:error] [pid 2943:tid 2952] [client 20.151.225.63:5470] File does not exist: /var/www/html/chosen.php
[Sat Jul 04 03:02:59.233036 2026] [:error] [pid 3036:tid 3038] [client 216.73.216.41:15872] PHP:  syntax error, unexpected '=' in /home/purehotels/public_html/php.ini on line 1
[Sat Jul 04 03:02:59.233887 2026] [:error] [pid 3036:tid 3038] [client 216.73.216.41:15872] PHP:  syntax error, unexpected '=' in ./php.ini on line 1
[Sat Jul 04 03:02:59.317571 2026] [:error] [pid 3003:tid 3009] [client 216.73.216.41:5228] PHP:  syntax error, unexpected '=' in /home/purehotels/public_html/php.ini on line 1
[Sat Jul 04 03:02:59.318429 2026] [:error] [pid 3003:tid 3009] [client 216.73.216.41:5228] PHP:  syntax error, unexpected '=' in ./php.ini on line 1
[Sat Jul 04 03:02:59.389265 2026] [:error] [pid 2943:tid 2952] [client 20.151.225.63:5470] File does not exist: /var/www/html/file5.php
[Sat Jul 04 03:02:59.427570 2026] [:error] [pid 3036:tid 3038] [client 216.73.216.41:15872] PHP:  syntax error, unexpected '=' in /home/purehotels/public_html/php.ini on line 1
[Sat Jul 04 03:02:59.428382 2026] [:error] [pid 3036:tid 3038] [client 216.73.216.41:15872] PHP:  syntax error, unexpected '=' in ./php.ini on line 1
[Sat Jul 04 03:02:59.489444 2026] [:error] [pid 2943:tid 2952] [client 20.151.225.63:5470] File does not exist: /var/www/html/file.php
[Sat Jul 04 03:02:59.512789 2026] [:error] [pid 3003:tid 3009] [client 216.73.216.41:5228] PHP:  syntax error, unexpected '=' in /home/purehotels/public_html/php.ini on line 1
[Sat Jul 04 03:02:59.513625 2026] [:error] [pid 3003:tid 3009] [client 216.73.216.41:5228] PHP:  syntax error, unexpected '=' in ./php.ini on line 1
