[Sat Jul 04 03:04:21.800672 2026] [:error] [pid 3003:tid 3028] [client 216.73.216.41:47782] PHP:  syntax error, unexpected '=' in ./php.ini on line 1
[Sat Jul 04 03:04:21.957989 2026] [:error] [pid 3003:tid 3026] [client 216.73.216.41:19610] PHP:  syntax error, unexpected '=' in /home/purehotels/public_html/php.ini on line 1
[Sat Jul 04 03:04:21.958797 2026] [:error] [pid 3003:tid 3026] [client 216.73.216.41:19610] PHP:  syntax error, unexpected '=' in ./php.ini on line 1
[Sat Jul 04 03:04:22.049504 2026] [:error] [pid 3068:tid 3090] [client 216.73.216.41:12630] PHP:  syntax error, unexpected '=' in /home/purehotels/public_html/php.ini on line 1
[Sat Jul 04 03:04:22.050275 2026] [:error] [pid 3068:tid 3090] [client 216.73.216.41:12630] PHP:  syntax error, unexpected '=' in ./php.ini on line 1
[Sat Jul 04 03:04:22.086580 2026] [:error] [pid 3003:tid 3028] [client 216.73.216.41:47782] PHP:  syntax error, unexpected '=' in /home/purehotels/public_html/php.ini on line 1
[Sat Jul 04 03:04:22.087373 2026] [:error] [pid 3003:tid 3028] [client 216.73.216.41:47782] PHP:  syntax error, unexpected '=' in ./php.ini on line 1
[Sat Jul 04 03:04:22.176753 2026] [:error] [pid 3003:tid 3026] [client 216.73.216.41:19610] PHP:  syntax error, unexpected '=' in /home/purehotels/public_html/php.ini on line 1
[Sat Jul 04 03:04:22.177574 2026] [:error] [pid 3003:tid 3026] [client 216.73.216.41:19610] PHP:  syntax error, unexpected '=' in ./php.ini on line 1
[Sat Jul 04 03:04:22.269842 2026] [:error] [pid 3003:tid 3028] [client 216.73.216.41:47782] PHP:  syntax error, unexpected '=' in /home/purehotels/public_html/php.ini on line 1
[Sat Jul 04 03:04:22.270753 2026] [:error] [pid 3003:tid 3028] [client 216.73.216.41:47782] PHP:  syntax error, unexpected '=' in ./php.ini on line 1
[Sat Jul 04 03:04:22.533565 2026] [:error] [pid 2943:tid 2958] [client 85.208.96.193:36490] File does not exist: /home/purehotels/public_html/index.php
[Sat Jul 04 03:04:22.533668 2026] [:error] [pid 2943:tid 2958] [client 85.208.96.193:36490] File does not exist: /home/purehotels/public_html/index.php
[Sat Jul 04 03:04:23.481854 2026] [:error] [pid 3003:tid 3008] [client 216.73.216.41:35153] PHP:  syntax error, unexpected '=' in /home/purehotels/public_html/php.ini on line 1
[Sat Jul 04 03:04:23.482662 2026] [:error] [pid 3003:tid 3008] [client 216.73.216.41:35153] PHP:  syntax error, unexpected '=' in ./php.ini on line 1
[Sat Jul 04 03:04:23.581752 2026] [:error] [pid 3068:tid 3089] [client 216.73.216.41:37364] PHP:  syntax error, unexpected '=' in /home/purehotels/public_html/php.ini on line 1
[Sat Jul 04 03:04:23.582559 2026] [:error] [pid 3068:tid 3089] [client 216.73.216.41:37364] PHP:  syntax error, unexpected '=' in ./php.ini on line 1
[Sat Jul 04 03:04:23.626930 2026] [:error] [pid 3003:tid 3008] [client 216.73.216.41:35153] PHP:  syntax error, unexpected '=' in /home/purehotels/public_html/php.ini on line 1
[Sat Jul 04 03:04:23.627737 2026] [:error] [pid 3003:tid 3008] [client 216.73.216.41:35153] PHP:  syntax error, unexpected '=' in ./php.ini on line 1
[Sat Jul 04 03:04:23.678635 2026] [:error] [pid 3036:tid 3057] [client 216.73.216.41:5442] PHP:  syntax error, unexpected '=' in /home/purehotels/public_html/php.ini on line 1
[Sat Jul 04 03:04:23.679437 2026] [:error] [pid 3036:tid 3057] [client 216.73.216.41:5442] PHP:  syntax error, unexpected '=' in ./php.ini on line 1
[Sat Jul 04 03:04:23.725680 2026] [:error] [pid 3068:tid 3089] [client 216.73.216.41:37364] PHP:  syntax error, unexpected '=' in /home/purehotels/public_html/php.ini on line 1
[Sat Jul 04 03:04:23.726474 2026] [:error] [pid 3068:tid 3089] [client 216.73.216.41:37364] PHP:  syntax error, unexpected '=' in ./php.ini on line 1
[Sat Jul 04 03:04:23.756877 2026] [:error] [pid 2943:tid 2950] [client 216.73.216.41:22537] PHP:  syntax error, unexpected '=' in /home/purehotels/public_html/php.ini on line 1
[Sat Jul 04 03:04:23.757809 2026] [:error] [pid 2943:tid 2950] [client 216.73.216.41:22537] PHP:  syntax error, unexpected '=' in ./php.ini on line 1
[Sat Jul 04 03:04:23.814998 2026] [:error] [pid 3003:tid 3008] [client 216.73.216.41:35153] PHP:  syntax error, unexpected '=' in /home/purehotels/public_html/php.ini on line 1
[Sat Jul 04 03:04:23.815894 2026] [:error] [pid 3003:tid 3008] [client 216.73.216.41:35153] PHP:  syntax error, unexpected '=' in ./php.ini on line 1
[Sat Jul 04 03:04:23.907213 2026] [:error] [pid 2943:tid 2950] [client 216.73.216.41:22537] PHP:  syntax error, unexpected '=' in /home/purehotels/public_html/php.ini on line 1
[Sat Jul 04 03:04:23.908021 2026] [:error] [pid 2943:tid 2950] [client 216.73.216.41:22537] PHP:  syntax error, unexpected '=' in ./php.ini on line 1
[Sat Jul 04 03:04:23.997311 2026] [:error] [pid 3003:tid 3008] [client 216.73.216.41:35153] PHP:  syntax error, unexpected '=' in /home/purehotels/public_html/php.ini on line 1
[Sat Jul 04 03:04:23.998124 2026] [:error] [pid 3003:tid 3008] [client 216.73.216.41:35153] PHP:  syntax error, unexpected '=' in ./php.ini on line 1
[Sat Jul 04 03:04:24.089018 2026] [:error] [pid 2943:tid 2950] [client 216.73.216.41:22537] PHP:  syntax error, unexpected '=' in /home/purehotels/public_html/php.ini on line 1
[Sat Jul 04 03:04:24.089809 2026] [:error] [pid 2943:tid 2950] [client 216.73.216.41:22537] PHP:  syntax error, unexpected '=' in ./php.ini on line 1
[Sat Jul 04 03:04:24.179038 2026] [:error] [pid 3003:tid 3008] [client 216.73.216.41:35153] PHP:  syntax error, unexpected '=' in /home/purehotels/public_html/php.ini on line 1
[Sat Jul 04 03:04:24.179870 2026] [:error] [pid 3003:tid 3008] [client 216.73.216.41:35153] PHP:  syntax error, unexpected '=' in ./php.ini on line 1
[Sat Jul 04 03:04:24.272845 2026] [:error] [pid 2943:tid 2950] [client 216.73.216.41:22537] PHP:  syntax error, unexpected '=' in /home/purehotels/public_html/php.ini on line 1
[Sat Jul 04 03:04:24.273661 2026] [:error] [pid 2943:tid 2950] [client 216.73.216.41:22537] PHP:  syntax error, unexpected '=' in ./php.ini on line 1
[Sat Jul 04 03:04:24.363590 2026] [:error] [pid 3003:tid 3008] [client 216.73.216.41:35153] PHP:  syntax error, unexpected '=' in /home/purehotels/public_html/php.ini on line 1
[Sat Jul 04 03:04:24.364402 2026] [:error] [pid 3003:tid 3008] [client 216.73.216.41:35153] PHP:  syntax error, unexpected '=' in ./php.ini on line 1
[Sat Jul 04 03:04:24.458071 2026] [:error] [pid 2943:tid 2950] [client 216.73.216.41:22537] PHP:  syntax error, unexpected '=' in /home/purehotels/public_html/php.ini on line 1
[Sat Jul 04 03:04:24.458873 2026] [:error] [pid 2943:tid 2950] [client 216.73.216.41:22537] PHP:  syntax error, unexpected '=' in ./php.ini on line 1
[Sat Jul 04 03:04:24.549944 2026] [:error] [pid 3003:tid 3008] [client 216.73.216.41:35153] PHP:  syntax error, unexpected '=' in /home/purehotels/public_html/php.ini on line 1
[Sat Jul 04 03:04:24.551238 2026] [:error] [pid 3003:tid 3008] [client 216.73.216.41:35153] PHP:  syntax error, unexpected '=' in ./php.ini on line 1
[Sat Jul 04 03:04:24.644550 2026] [:error] [pid 2943:tid 2950] [client 216.73.216.41:22537] PHP:  syntax error, unexpected '=' in /home/purehotels/public_html/php.ini on line 1
[Sat Jul 04 03:04:24.645318 2026] [:error] [pid 2943:tid 2950] [client 216.73.216.41:22537] PHP:  syntax error, unexpected '=' in ./php.ini on line 1
[Sat Jul 04 03:04:24.734401 2026] [:error] [pid 3003:tid 3008] [client 216.73.216.41:35153] PHP:  syntax error, unexpected '=' in /home/purehotels/public_html/php.ini on line 1
[Sat Jul 04 03:04:24.735166 2026] [:error] [pid 3003:tid 3008] [client 216.73.216.41:35153] PHP:  syntax error, unexpected '=' in ./php.ini on line 1
[Sat Jul 04 03:04:24.834023 2026] [:error] [pid 2943:tid 2950] [client 216.73.216.41:22537] PHP:  syntax error, unexpected '=' in /home/purehotels/public_html/php.ini on line 1
[Sat Jul 04 03:04:24.834840 2026] [:error] [pid 2943:tid 2950] [client 216.73.216.41:22537] PHP:  syntax error, unexpected '=' in ./php.ini on line 1
[Sat Jul 04 03:04:24.924022 2026] [:error] [pid 3003:tid 3008] [client 216.73.216.41:35153] PHP:  syntax error, unexpected '=' in /home/purehotels/public_html/php.ini on line 1
[Sat Jul 04 03:04:24.924842 2026] [:error] [pid 3003:tid 3008] [client 216.73.216.41:35153] PHP:  syntax error, unexpected '=' in ./php.ini on line 1
[Sat Jul 04 03:04:25.027396 2026] [:error] [pid 2943:tid 2950] [client 216.73.216.41:22537] PHP:  syntax error, unexpected '=' in /home/purehotels/public_html/php.ini on line 1
[Sat Jul 04 03:04:25.028258 2026] [:error] [pid 2943:tid 2950] [client 216.73.216.41:22537] PHP:  syntax error, unexpected '=' in ./php.ini on line 1
[Sat Jul 04 03:04:25.114315 2026] [:error] [pid 3003:tid 3008] [client 216.73.216.41:35153] PHP:  syntax error, unexpected '=' in /home/purehotels/public_html/php.ini on line 1
[Sat Jul 04 03:04:25.115129 2026] [:error] [pid 3003:tid 3008] [client 216.73.216.41:35153] PHP:  syntax error, unexpected '=' in ./php.ini on line 1
[Sat Jul 04 03:04:25.207039 2026] [:error] [pid 2943:tid 2950] [client 216.73.216.41:22537] PHP:  syntax error, unexpected '=' in /home/purehotels/public_html/php.ini on line 1
[Sat Jul 04 03:04:25.207854 2026] [:error] [pid 2943:tid 2950] [client 216.73.216.41:22537] PHP:  syntax error, unexpected '=' in ./php.ini on line 1
[Sat Jul 04 03:04:25.249883 2026] [:error] [pid 3036:tid 3043] [client 20.104.50.116:4038] File does not exist: /var/www/html/this_is_a_new_hello_world.php
[Sat Jul 04 03:04:25.295695 2026] [:error] [pid 3003:tid 3008] [client 216.73.216.41:35153] PHP:  syntax error, unexpected '=' in /home/purehotels/public_html/php.ini on line 1
[Sat Jul 04 03:04:25.296505 2026] [:error] [pid 3003:tid 3008] [client 216.73.216.41:35153] PHP:  syntax error, unexpected '=' in ./php.ini on line 1
[Sat Jul 04 03:04:25.388044 2026] [:error] [pid 2943:tid 2950] [client 216.73.216.41:22537] PHP:  syntax error, unexpected '=' in /home/purehotels/public_html/php.ini on line 1
[Sat Jul 04 03:04:25.388885 2026] [:error] [pid 2943:tid 2950] [client 216.73.216.41:22537] PHP:  syntax error, unexpected '=' in ./php.ini on line 1
[Sat Jul 04 03:04:25.480860 2026] [:error] [pid 3003:tid 3008] [client 216.73.216.41:35153] PHP:  syntax error, unexpected '=' in /home/purehotels/public_html/php.ini on line 1
[Sat Jul 04 03:04:25.481925 2026] [:error] [pid 3003:tid 3008] [client 216.73.216.41:35153] PHP:  syntax error, unexpected '=' in ./php.ini on line 1
[Sat Jul 04 03:04:25.530047 2026] [:error] [pid 3036:tid 3043] [client 20.104.50.116:4038] File does not exist: /var/www/html/x.php
[Sat Jul 04 03:04:25.574129 2026] [:error] [pid 2943:tid 2950] [client 216.73.216.41:22537] PHP:  syntax error, unexpected '=' in /home/purehotels/public_html/php.ini on line 1
[Sat Jul 04 03:04:25.575350 2026] [:error] [pid 2943:tid 2950] [client 216.73.216.41:22537] PHP:  syntax error, unexpected '=' in ./php.ini on line 1
[Sat Jul 04 03:04:25.629763 2026] [:error] [pid 3036:tid 3043] [client 20.104.50.116:4038] File does not exist: /var/www/html/file.php
[Sat Jul 04 03:04:25.667075 2026] [:error] [pid 3003:tid 3008] [client 216.73.216.41:35153] PHP:  syntax error, unexpected '=' in /home/purehotels/public_html/php.ini on line 1
[Sat Jul 04 03:04:25.667892 2026] [:error] [pid 3003:tid 3008] [client 216.73.216.41:35153] PHP:  syntax error, unexpected '=' in ./php.ini on line 1
[Sat Jul 04 03:04:25.729676 2026] [:error] [pid 3036:tid 3043] [client 20.104.50.116:4038] File does not exist: /var/www/html/error_log.php
[Sat Jul 04 03:04:25.758946 2026] [:error] [pid 2943:tid 2950] [client 216.73.216.41:22537] PHP:  syntax error, unexpected '=' in /home/purehotels/public_html/php.ini on line 1
[Sat Jul 04 03:04:25.759778 2026] [:error] [pid 2943:tid 2950] [client 216.73.216.41:22537] PHP:  syntax error, unexpected '=' in ./php.ini on line 1
[Sat Jul 04 03:04:25.836347 2026] [:error] [pid 3036:tid 3043] [client 20.104.50.116:4038] File does not exist: /var/www/html/aaa.php
[Sat Jul 04 03:04:25.852445 2026] [:error] [pid 3003:tid 3008] [client 216.73.216.41:35153] PHP:  syntax error, unexpected '=' in /home/purehotels/public_html/php.ini on line 1
[Sat Jul 04 03:04:25.853275 2026] [:error] [pid 3003:tid 3008] [client 216.73.216.41:35153] PHP:  syntax error, unexpected '=' in ./php.ini on line 1
[Sat Jul 04 03:04:25.942247 2026] [:error] [pid 3036:tid 3043] [client 20.104.50.116:4038] File does not exist: /var/www/html/155.php
[Sat Jul 04 03:04:25.946001 2026] [:error] [pid 2943:tid 2950] [client 216.73.216.41:22537] PHP:  syntax error, unexpected '=' in /home/purehotels/public_html/php.ini on line 1
[Sat Jul 04 03:04:25.947257 2026] [:error] [pid 2943:tid 2950] [client 216.73.216.41:22537] PHP:  syntax error, unexpected '=' in ./php.ini on line 1
[Sat Jul 04 03:04:25.968696 2026] [:error] [pid 2943:tid 2960] [client 185.191.171.8:13872] File does not exist: /home/purehotels/public_html/index.php
[Sat Jul 04 03:04:25.968765 2026] [:error] [pid 2943:tid 2960] [client 185.191.171.8:13872] File does not exist: /home/purehotels/public_html/index.php
[Sat Jul 04 03:04:26.035781 2026] [:error] [pid 3003:tid 3008] [client 216.73.216.41:35153] PHP:  syntax error, unexpected '=' in /home/purehotels/public_html/php.ini on line 1
[Sat Jul 04 03:04:26.037056 2026] [:error] [pid 3003:tid 3008] [client 216.73.216.41:35153] PHP:  syntax error, unexpected '=' in ./php.ini on line 1
[Sat Jul 04 03:04:26.061846 2026] [:error] [pid 3036:tid 3043] [client 20.104.50.116:4038] File does not exist: /var/www/html/7.php
[Sat Jul 04 03:04:26.128269 2026] [:error] [pid 2943:tid 2950] [client 216.73.216.41:22537] PHP:  syntax error, unexpected '=' in /home/purehotels/public_html/php.ini on line 1
[Sat Jul 04 03:04:26.129082 2026] [:error] [pid 2943:tid 2950] [client 216.73.216.41:22537] PHP:  syntax error, unexpected '=' in ./php.ini on line 1
[Sat Jul 04 03:04:26.174776 2026] [:error] [pid 3036:tid 3043] [client 20.104.50.116:4038] File does not exist: /var/www/html/get.php
[Sat Jul 04 03:04:26.217803 2026] [:error] [pid 3003:tid 3008] [client 216.73.216.41:35153] PHP:  syntax error, unexpected '=' in /home/purehotels/public_html/php.ini on line 1
[Sat Jul 04 03:04:26.218606 2026] [:error] [pid 3003:tid 3008] [client 216.73.216.41:35153] PHP:  syntax error, unexpected '=' in ./php.ini on line 1
[Sat Jul 04 03:04:26.283429 2026] [:error] [pid 3036:tid 3043] [client 20.104.50.116:4038] File does not exist: /var/www/html/puc.php
[Sat Jul 04 03:04:26.330745 2026] [:error] [pid 2943:tid 2950] [client 216.73.216.41:22537] PHP:  syntax error, unexpected '=' in /home/purehotels/public_html/php.ini on line 1
[Sat Jul 04 03:04:26.331546 2026] [:error] [pid 2943:tid 2950] [client 216.73.216.41:22537] PHP:  syntax error, unexpected '=' in ./php.ini on line 1
[Sat Jul 04 03:04:26.396942 2026] [:error] [pid 3036:tid 3043] [client 20.104.50.116:4038] File does not exist: /var/www/html/222.php
[Sat Jul 04 03:04:26.400668 2026] [:error] [pid 3003:tid 3008] [client 216.73.216.41:35153] PHP:  syntax error, unexpected '=' in /home/purehotels/public_html/php.ini on line 1
[Sat Jul 04 03:04:26.401929 2026] [:error] [pid 3003:tid 3008] [client 216.73.216.41:35153] PHP:  syntax error, unexpected '=' in ./php.ini on line 1
[Sat Jul 04 03:04:26.493775 2026] [:error] [pid 2943:tid 2950] [client 216.73.216.41:22537] PHP:  syntax error, unexpected '=' in /home/purehotels/public_html/php.ini on line 1
[Sat Jul 04 03:04:26.495035 2026] [:error] [pid 2943:tid 2950] [client 216.73.216.41:22537] PHP:  syntax error, unexpected '=' in ./php.ini on line 1
[Sat Jul 04 03:04:26.513000 2026] [:error] [pid 3036:tid 3043] [client 20.104.50.116:4038] File does not exist: /var/www/html/red.php
[Sat Jul 04 03:04:26.583143 2026] [:error] [pid 3003:tid 3008] [client 216.73.216.41:35153] PHP:  syntax error, unexpected '=' in /home/purehotels/public_html/php.ini on line 1
[Sat Jul 04 03:04:26.583960 2026] [:error] [pid 3003:tid 3008] [client 216.73.216.41:35153] PHP:  syntax error, unexpected '=' in ./php.ini on line 1
[Sat Jul 04 03:04:26.612955 2026] [:error] [pid 3036:tid 3043] [client 20.104.50.116:4038] File does not exist: /var/www/html/term.php
[Sat Jul 04 03:04:26.676097 2026] [:error] [pid 2943:tid 2950] [client 216.73.216.41:22537] PHP:  syntax error, unexpected '=' in /home/purehotels/public_html/php.ini on line 1
[Sat Jul 04 03:04:26.676956 2026] [:error] [pid 2943:tid 2950] [client 216.73.216.41:22537] PHP:  syntax error, unexpected '=' in ./php.ini on line 1
[Sat Jul 04 03:04:26.717017 2026] [:error] [pid 3036:tid 3043] [client 20.104.50.116:4038] File does not exist: /var/www/html/simple.php
[Sat Jul 04 03:04:26.765213 2026] [:error] [pid 3003:tid 3008] [client 216.73.216.41:35153] PHP:  syntax error, unexpected '=' in /home/purehotels/public_html/php.ini on line 1
[Sat Jul 04 03:04:26.766067 2026] [:error] [pid 3003:tid 3008] [client 216.73.216.41:35153] PHP:  syntax error, unexpected '=' in ./php.ini on line 1
[Sat Jul 04 03:04:26.824558 2026] [:error] [pid 3036:tid 3043] [client 20.104.50.116:4038] File does not exist: /var/www/html/177.php
[Sat Jul 04 03:04:26.857592 2026] [:error] [pid 2943:tid 2950] [client 216.73.216.41:22537] PHP:  syntax error, unexpected '=' in /home/purehotels/public_html/php.ini on line 1
[Sat Jul 04 03:04:26.858430 2026] [:error] [pid 2943:tid 2950] [client 216.73.216.41:22537] PHP:  syntax error, unexpected '=' in ./php.ini on line 1
[Sat Jul 04 03:04:26.936231 2026] [:error] [pid 3036:tid 3043] [client 20.104.50.116:4038] File does not exist: /var/www/html/1.php
[Sat Jul 04 03:04:26.946740 2026] [:error] [pid 3003:tid 3008] [client 216.73.216.41:35153] PHP:  syntax error, unexpected '=' in /home/purehotels/public_html/php.ini on line 1
[Sat Jul 04 03:04:26.947585 2026] [:error] [pid 3003:tid 3008] [client 216.73.216.41:35153] PHP:  syntax error, unexpected '=' in ./php.ini on line 1
[Sat Jul 04 03:04:27.041388 2026] [:error] [pid 2943:tid 2950] [client 216.73.216.41:22537] PHP:  syntax error, unexpected '=' in /home/purehotels/public_html/php.ini on line 1
[Sat Jul 04 03:04:27.042190 2026] [:error] [pid 2943:tid 2950] [client 216.73.216.41:22537] PHP:  syntax error, unexpected '=' in ./php.ini on line 1
[Sat Jul 04 03:04:27.046922 2026] [:error] [pid 3036:tid 3043] [client 20.104.50.116:4038] File does not exist: /var/www/html/122.php
[Sat Jul 04 03:04:27.129296 2026] [:error] [pid 3003:tid 3008] [client 216.73.216.41:35153] PHP:  syntax error, unexpected '=' in /home/purehotels/public_html/php.ini on line 1
[Sat Jul 04 03:04:27.130108 2026] [:error] [pid 3003:tid 3008] [client 216.73.216.41:35153] PHP:  syntax error, unexpected '=' in ./php.ini on line 1
[Sat Jul 04 03:04:27.222749 2026] [:error] [pid 2943:tid 2950] [client 216.73.216.41:22537] PHP:  syntax error, unexpected '=' in /home/purehotels/public_html/php.ini on line 1
[Sat Jul 04 03:04:27.223561 2026] [:error] [pid 2943:tid 2950] [client 216.73.216.41:22537] PHP:  syntax error, unexpected '=' in ./php.ini on line 1
[Sat Jul 04 03:04:27.253774 2026] [:error] [pid 3036:tid 3043] [client 20.104.50.116:4038] File does not exist: /var/www/html/abcd.php
[Sat Jul 04 03:04:27.317152 2026] [:error] [pid 3003:tid 3008] [client 216.73.216.41:35153] PHP:  syntax error, unexpected '=' in /home/purehotels/public_html/php.ini on line 1
[Sat Jul 04 03:04:27.317975 2026] [:error] [pid 3003:tid 3008] [client 216.73.216.41:35153] PHP:  syntax error, unexpected '=' in ./php.ini on line 1
[Sat Jul 04 03:04:27.359526 2026] [:error] [pid 3036:tid 3043] [client 20.104.50.116:4038] File does not exist: /var/www/html/wp_filemanager.php
[Sat Jul 04 03:04:27.415452 2026] [:error] [pid 2943:tid 2950] [client 216.73.216.41:22537] PHP:  syntax error, unexpected '=' in /home/purehotels/public_html/php.ini on line 1
[Sat Jul 04 03:04:27.416215 2026] [:error] [pid 2943:tid 2950] [client 216.73.216.41:22537] PHP:  syntax error, unexpected '=' in ./php.ini on line 1
[Sat Jul 04 03:04:27.485508 2026] [:error] [pid 3036:tid 3043] [client 20.104.50.116:4038] File does not exist: /var/www/html/jsstrings.php
[Sat Jul 04 03:04:27.509558 2026] [:error] [pid 3003:tid 3008] [client 216.73.216.41:35153] PHP:  syntax error, unexpected '=' in /home/purehotels/public_html/php.ini on line 1
[Sat Jul 04 03:04:27.510324 2026] [:error] [pid 3003:tid 3008] [client 216.73.216.41:35153] PHP:  syntax error, unexpected '=' in ./php.ini on line 1
[Sat Jul 04 03:04:27.585202 2026] [:error] [pid 3036:tid 3043] [client 20.104.50.116:4038] File does not exist: /var/www/html/k.php
[Sat Jul 04 03:04:27.601919 2026] [:error] [pid 2943:tid 2950] [client 216.73.216.41:22537] PHP:  syntax error, unexpected '=' in /home/purehotels/public_html/php.ini on line 1
[Sat Jul 04 03:04:27.602723 2026] [:error] [pid 2943:tid 2950] [client 216.73.216.41:22537] PHP:  syntax error, unexpected '=' in ./php.ini on line 1
[Sat Jul 04 03:04:27.692496 2026] [:error] [pid 3003:tid 3008] [client 216.73.216.41:35153] PHP:  syntax error, unexpected '=' in /home/purehotels/public_html/php.ini on line 1
[Sat Jul 04 03:04:27.693177 2026] [:error] [pid 3036:tid 3043] [client 20.104.50.116:4038] File does not exist: /var/www/html/edit.php
[Sat Jul 04 03:04:27.693269 2026] [:error] [pid 3003:tid 3008] [client 216.73.216.41:35153] PHP:  syntax error, unexpected '=' in ./php.ini on line 1
[Sat Jul 04 03:04:27.786654 2026] [:error] [pid 2943:tid 2950] [client 216.73.216.41:22537] PHP:  syntax error, unexpected '=' in /home/purehotels/public_html/php.ini on line 1
[Sat Jul 04 03:04:27.787448 2026] [:error] [pid 2943:tid 2950] [client 216.73.216.41:22537] PHP:  syntax error, unexpected '=' in ./php.ini on line 1
[Sat Jul 04 03:04:27.807567 2026] [:error] [pid 3036:tid 3043] [client 20.104.50.116:4038] File does not exist: /var/www/html/seiso.php
[Sat Jul 04 03:04:27.875684 2026] [:error] [pid 3003:tid 3008] [client 216.73.216.41:35153] PHP:  syntax error, unexpected '=' in /home/purehotels/public_html/php.ini on line 1
[Sat Jul 04 03:04:27.876500 2026] [:error] [pid 3003:tid 3008] [client 216.73.216.41:35153] PHP:  syntax error, unexpected '=' in ./php.ini on line 1
[Sat Jul 04 03:04:27.919964 2026] [:error] [pid 3036:tid 3043] [client 20.104.50.116:4038] File does not exist: /var/www/html/themes.php
[Sat Jul 04 03:04:27.968640 2026] [:error] [pid 2943:tid 2950] [client 216.73.216.41:22537] PHP:  syntax error, unexpected '=' in /home/purehotels/public_html/php.ini on line 1
[Sat Jul 04 03:04:27.969493 2026] [:error] [pid 2943:tid 2950] [client 216.73.216.41:22537] PHP:  syntax error, unexpected '=' in ./php.ini on line 1
[Sat Jul 04 03:04:28.059374 2026] [:error] [pid 3003:tid 3008] [client 216.73.216.41:35153] PHP:  syntax error, unexpected '=' in /home/purehotels/public_html/php.ini on line 1
[Sat Jul 04 03:04:28.060226 2026] [:error] [pid 3003:tid 3008] [client 216.73.216.41:35153] PHP:  syntax error, unexpected '=' in ./php.ini on line 1
[Sat Jul 04 03:04:28.124875 2026] [:error] [pid 3036:tid 3043] [client 20.104.50.116:4038] File does not exist: /var/www/html/a2.php
[Sat Jul 04 03:04:28.151596 2026] [:error] [pid 2943:tid 2950] [client 216.73.216.41:22537] PHP:  syntax error, unexpected '=' in /home/purehotels/public_html/php.ini on line 1
[Sat Jul 04 03:04:28.152401 2026] [:error] [pid 2943:tid 2950] [client 216.73.216.41:22537] PHP:  syntax error, unexpected '=' in ./php.ini on line 1
[Sat Jul 04 03:04:28.253938 2026] [:error] [pid 3003:tid 3008] [client 216.73.216.41:35153] PHP:  syntax error, unexpected '=' in /home/purehotels/public_html/php.ini on line 1
[Sat Jul 04 03:04:28.254761 2026] [:error] [pid 3003:tid 3008] [client 216.73.216.41:35153] PHP:  syntax error, unexpected '=' in ./php.ini on line 1
[Sat Jul 04 03:04:28.324364 2026] [:error] [pid 3036:tid 3043] [client 20.104.50.116:4038] File does not exist: /var/www/html/bless.php
[Sat Jul 04 03:04:28.334724 2026] [:error] [pid 2943:tid 2950] [client 216.73.216.41:22537] PHP:  syntax error, unexpected '=' in /home/purehotels/public_html/php.ini on line 1
[Sat Jul 04 03:04:28.335511 2026] [:error] [pid 2943:tid 2950] [client 216.73.216.41:22537] PHP:  syntax error, unexpected '=' in ./php.ini on line 1
[Sat Jul 04 03:04:28.423962 2026] [:error] [pid 3036:tid 3043] [client 20.104.50.116:4038] File does not exist: /var/www/html/xwpg.php
[Sat Jul 04 03:04:28.425017 2026] [:error] [pid 3003:tid 3008] [client 216.73.216.41:35153] PHP:  syntax error, unexpected '=' in /home/purehotels/public_html/php.ini on line 1
[Sat Jul 04 03:04:28.425866 2026] [:error] [pid 3003:tid 3008] [client 216.73.216.41:35153] PHP:  syntax error, unexpected '=' in ./php.ini on line 1
[Sat Jul 04 03:04:28.517683 2026] [:error] [pid 2943:tid 2950] [client 216.73.216.41:22537] PHP:  syntax error, unexpected '=' in /home/purehotels/public_html/php.ini on line 1
[Sat Jul 04 03:04:28.518502 2026] [:error] [pid 2943:tid 2950] [client 216.73.216.41:22537] PHP:  syntax error, unexpected '=' in ./php.ini on line 1
[Sat Jul 04 03:04:28.606424 2026] [:error] [pid 3003:tid 3008] [client 216.73.216.41:35153] PHP:  syntax error, unexpected '=' in /home/purehotels/public_html/php.ini on line 1
[Sat Jul 04 03:04:28.607218 2026] [:error] [pid 3003:tid 3008] [client 216.73.216.41:35153] PHP:  syntax error, unexpected '=' in ./php.ini on line 1
[Sat Jul 04 03:04:28.673857 2026] [:error] [pid 3036:tid 3043] [client 20.104.50.116:4038] File does not exist: /var/www/html/wefile.php
[Sat Jul 04 03:04:28.701646 2026] [:error] [pid 2943:tid 2950] [client 216.73.216.41:22537] PHP:  syntax error, unexpected '=' in /home/purehotels/public_html/php.ini on line 1
[Sat Jul 04 03:04:28.702451 2026] [:error] [pid 2943:tid 2950] [client 216.73.216.41:22537] PHP:  syntax error, unexpected '=' in ./php.ini on line 1
[Sat Jul 04 03:04:28.793468 2026] [:error] [pid 3068:tid 3072] [client 216.73.216.41:22912] PHP:  syntax error, unexpected '=' in /home/purehotels/public_html/php.ini on line 1
[Sat Jul 04 03:04:28.794254 2026] [:error] [pid 3068:tid 3072] [client 216.73.216.41:22912] PHP:  syntax error, unexpected '=' in ./php.ini on line 1
[Sat Jul 04 03:04:28.885685 2026] [:error] [pid 3003:tid 3008] [client 216.73.216.41:35153] PHP:  syntax error, unexpected '=' in /home/purehotels/public_html/php.ini on line 1
[Sat Jul 04 03:04:28.886489 2026] [:error] [pid 3003:tid 3008] [client 216.73.216.41:35153] PHP:  syntax error, unexpected '=' in ./php.ini on line 1
[Sat Jul 04 03:04:28.975965 2026] [:error] [pid 3068:tid 3072] [client 216.73.216.41:22912] PHP:  syntax error, unexpected '=' in /home/purehotels/public_html/php.ini on line 1
[Sat Jul 04 03:04:28.976770 2026] [:error] [pid 3068:tid 3072] [client 216.73.216.41:22912] PHP:  syntax error, unexpected '=' in ./php.ini on line 1
[Sat Jul 04 03:04:28.995497 2026] [:error] [pid 3036:tid 3043] [client 20.104.50.116:4038] File does not exist: /var/www/html/xxx.php
[Sat Jul 04 03:04:29.071419 2026] [:error] [pid 3003:tid 3008] [client 216.73.216.41:35153] PHP:  syntax error, unexpected '=' in /home/purehotels/public_html/php.ini on line 1
[Sat Jul 04 03:04:29.072225 2026] [:error] [pid 3003:tid 3008] [client 216.73.216.41:35153] PHP:  syntax error, unexpected '=' in ./php.ini on line 1
[Sat Jul 04 03:04:29.127762 2026] [:error] [pid 3036:tid 3043] [client 20.104.50.116:4038] File does not exist: /var/www/html/fpwch.php
[Sat Jul 04 03:04:29.163672 2026] [:error] [pid 3068:tid 3072] [client 216.73.216.41:22912] PHP:  syntax error, unexpected '=' in /home/purehotels/public_html/php.ini on line 1
[Sat Jul 04 03:04:29.164469 2026] [:error] [pid 3068:tid 3072] [client 216.73.216.41:22912] PHP:  syntax error, unexpected '=' in ./php.ini on line 1
[Sat Jul 04 03:04:29.246037 2026] [:error] [pid 3036:tid 3043] [client 20.104.50.116:4038] File does not exist: /var/www/html/footer.php
[Sat Jul 04 03:04:29.272636 2026] [:error] [pid 3003:tid 3008] [client 216.73.216.41:35153] PHP:  syntax error, unexpected '=' in /home/purehotels/public_html/php.ini on line 1
[Sat Jul 04 03:04:29.273439 2026] [:error] [pid 3003:tid 3008] [client 216.73.216.41:35153] PHP:  syntax error, unexpected '=' in ./php.ini on line 1
[Sat Jul 04 03:04:29.367408 2026] [:error] [pid 2943:tid 2950] [client 216.73.216.41:22537] PHP:  syntax error, unexpected '=' in /home/purehotels/public_html/php.ini on line 1
[Sat Jul 04 03:04:29.368176 2026] [:error] [pid 2943:tid 2950] [client 216.73.216.41:22537] PHP:  syntax error, unexpected '=' in ./php.ini on line 1
[Sat Jul 04 03:04:29.400629 2026] [:error] [pid 3036:tid 3043] [client 20.104.50.116:4038] File does not exist: /var/www/html/f35.php
[Sat Jul 04 03:04:29.456423 2026] [:error] [pid 3068:tid 3072] [client 216.73.216.41:22912] PHP:  syntax error, unexpected '=' in /home/purehotels/public_html/php.ini on line 1
[Sat Jul 04 03:04:29.457196 2026] [:error] [pid 3068:tid 3072] [client 216.73.216.41:22912] PHP:  syntax error, unexpected '=' in ./php.ini on line 1
[Sat Jul 04 03:04:29.519373 2026] [:error] [pid 3036:tid 3043] [client 20.104.50.116:4038] File does not exist: /var/www/html/about.php
[Sat Jul 04 03:04:29.551900 2026] [:error] [pid 2943:tid 2950] [client 216.73.216.41:22537] PHP:  syntax error, unexpected '=' in /home/purehotels/public_html/php.ini on line 1
[Sat Jul 04 03:04:29.552708 2026] [:error] [pid 2943:tid 2950] [client 216.73.216.41:22537] PHP:  syntax error, unexpected '=' in ./php.ini on line 1
[Sat Jul 04 03:04:29.619278 2026] [:error] [pid 3036:tid 3043] [client 20.104.50.116:4038] File does not exist: /var/www/html/xyn.php
[Sat Jul 04 03:04:29.642591 2026] [:error] [pid 3068:tid 3072] [client 216.73.216.41:22912] PHP:  syntax error, unexpected '=' in /home/purehotels/public_html/php.ini on line 1
[Sat Jul 04 03:04:29.643379 2026] [:error] [pid 3068:tid 3072] [client 216.73.216.41:22912] PHP:  syntax error, unexpected '=' in ./php.ini on line 1
[Sat Jul 04 03:04:29.739456 2026] [:error] [pid 2943:tid 2950] [client 216.73.216.41:22537] PHP:  syntax error, unexpected '=' in /home/purehotels/public_html/php.ini on line 1
[Sat Jul 04 03:04:29.740236 2026] [:error] [pid 2943:tid 2950] [client 216.73.216.41:22537] PHP:  syntax error, unexpected '=' in ./php.ini on line 1
[Sat Jul 04 03:04:29.750988 2026] [:error] [pid 3036:tid 3043] [client 20.104.50.116:4038] File does not exist: /var/www/html/dx.php
[Sat Jul 04 03:04:29.830867 2026] [:error] [pid 3068:tid 3072] [client 216.73.216.41:22912] PHP:  syntax error, unexpected '=' in /home/purehotels/public_html/php.ini on line 1
[Sat Jul 04 03:04:29.831677 2026] [:error] [pid 3068:tid 3072] [client 216.73.216.41:22912] PHP:  syntax error, unexpected '=' in ./php.ini on line 1
[Sat Jul 04 03:04:29.930613 2026] [:error] [pid 2943:tid 2950] [client 216.73.216.41:22537] PHP:  syntax error, unexpected '=' in /home/purehotels/public_html/php.ini on line 1
[Sat Jul 04 03:04:29.931913 2026] [:error] [pid 2943:tid 2950] [client 216.73.216.41:22537] PHP:  syntax error, unexpected '=' in ./php.ini on line 1
[Sat Jul 04 03:04:30.019597 2026] [:error] [pid 3068:tid 3072] [client 216.73.216.41:22912] PHP:  syntax error, unexpected '=' in /home/purehotels/public_html/php.ini on line 1
[Sat Jul 04 03:04:30.020402 2026] [:error] [pid 3068:tid 3072] [client 216.73.216.41:22912] PHP:  syntax error, unexpected '=' in ./php.ini on line 1
[Sat Jul 04 03:04:30.115619 2026] [:error] [pid 2943:tid 2950] [client 216.73.216.41:22537] PHP:  syntax error, unexpected '=' in /home/purehotels/public_html/php.ini on line 1
[Sat Jul 04 03:04:30.116434 2026] [:error] [pid 2943:tid 2950] [client 216.73.216.41:22537] PHP:  syntax error, unexpected '=' in ./php.ini on line 1
[Sat Jul 04 03:04:30.203976 2026] [:error] [pid 3068:tid 3072] [client 216.73.216.41:22912] PHP:  syntax error, unexpected '=' in /home/purehotels/public_html/php.ini on line 1
[Sat Jul 04 03:04:30.204789 2026] [:error] [pid 3068:tid 3072] [client 216.73.216.41:22912] PHP:  syntax error, unexpected '=' in ./php.ini on line 1
[Sat Jul 04 03:04:30.297595 2026] [:error] [pid 2943:tid 2950] [client 216.73.216.41:22537] PHP:  syntax error, unexpected '=' in /home/purehotels/public_html/php.ini on line 1
[Sat Jul 04 03:04:30.298482 2026] [:error] [pid 2943:tid 2950] [client 216.73.216.41:22537] PHP:  syntax error, unexpected '=' in ./php.ini on line 1
[Sat Jul 04 03:04:30.386301 2026] [:error] [pid 3068:tid 3072] [client 216.73.216.41:22912] PHP:  syntax error, unexpected '=' in /home/purehotels/public_html/php.ini on line 1
[Sat Jul 04 03:04:30.387175 2026] [:error] [pid 3068:tid 3072] [client 216.73.216.41:22912] PHP:  syntax error, unexpected '=' in ./php.ini on line 1
[Sat Jul 04 03:04:30.480420 2026] [:error] [pid 2943:tid 2950] [client 216.73.216.41:22537] PHP:  syntax error, unexpected '=' in /home/purehotels/public_html/php.ini on line 1
[Sat Jul 04 03:04:30.481187 2026] [:error] [pid 2943:tid 2950] [client 216.73.216.41:22537] PHP:  syntax error, unexpected '=' in ./php.ini on line 1
[Sat Jul 04 03:04:30.481926 2026] [:error] [pid 3036:tid 3043] [client 20.104.50.116:4038] File does not exist: /var/www/html/wp-load.php
[Sat Jul 04 03:04:30.568457 2026] [:error] [pid 3068:tid 3072] [client 216.73.216.41:22912] PHP:  syntax error, unexpected '=' in /home/purehotels/public_html/php.ini on line 1
[Sat Jul 04 03:04:30.569213 2026] [:error] [pid 3068:tid 3072] [client 216.73.216.41:22912] PHP:  syntax error, unexpected '=' in ./php.ini on line 1
[Sat Jul 04 03:04:30.581596 2026] [:error] [pid 3036:tid 3043] [client 20.104.50.116:4038] File does not exist: /var/www/html/.well-known/about.php
[Sat Jul 04 03:04:30.662847 2026] [:error] [pid 2943:tid 2950] [client 216.73.216.41:22537] PHP:  syntax error, unexpected '=' in /home/purehotels/public_html/php.ini on line 1
[Sat Jul 04 03:04:30.663709 2026] [:error] [pid 2943:tid 2950] [client 216.73.216.41:22537] PHP:  syntax error, unexpected '=' in ./php.ini on line 1
[Sat Jul 04 03:04:30.702178 2026] [:error] [pid 3036:tid 3043] [client 20.104.50.116:4038] File does not exist: /var/www/html/biufile.php
[Sat Jul 04 03:04:30.756382 2026] [:error] [pid 3068:tid 3072] [client 216.73.216.41:22912] PHP:  syntax error, unexpected '=' in /home/purehotels/public_html/php.ini on line 1
[Sat Jul 04 03:04:30.757254 2026] [:error] [pid 3068:tid 3072] [client 216.73.216.41:22912] PHP:  syntax error, unexpected '=' in ./php.ini on line 1
[Sat Jul 04 03:04:30.816038 2026] [:error] [pid 3036:tid 3043] [client 20.104.50.116:4038] File does not exist: /var/www/html/edit.php
[Sat Jul 04 03:04:30.849300 2026] [:error] [pid 2943:tid 2950] [client 216.73.216.41:22537] PHP:  syntax error, unexpected '=' in /home/purehotels/public_html/php.ini on line 1
[Sat Jul 04 03:04:30.850116 2026] [:error] [pid 2943:tid 2950] [client 216.73.216.41:22537] PHP:  syntax error, unexpected '=' in ./php.ini on line 1
[Sat Jul 04 03:04:30.944915 2026] [:error] [pid 3068:tid 3072] [client 216.73.216.41:22912] PHP:  syntax error, unexpected '=' in /home/purehotels/public_html/php.ini on line 1
[Sat Jul 04 03:04:30.945724 2026] [:error] [pid 3068:tid 3072] [client 216.73.216.41:22912] PHP:  syntax error, unexpected '=' in ./php.ini on line 1
[Sat Jul 04 03:04:30.957389 2026] [:error] [pid 3036:tid 3043] [client 20.104.50.116:4038] File does not exist: /var/www/html/w3lls.php
[Sat Jul 04 03:04:31.035749 2026] [:error] [pid 2943:tid 2950] [client 216.73.216.41:22537] PHP:  syntax error, unexpected '=' in /home/purehotels/public_html/php.ini on line 1
[Sat Jul 04 03:04:31.036590 2026] [:error] [pid 2943:tid 2950] [client 216.73.216.41:22537] PHP:  syntax error, unexpected '=' in ./php.ini on line 1
[Sat Jul 04 03:04:31.058031 2026] [:error] [pid 3036:tid 3043] [client 20.104.50.116:4038] File does not exist: /var/www/html/alls.php
[Sat Jul 04 03:04:31.136110 2026] [:error] [pid 3068:tid 3072] [client 216.73.216.41:22912] PHP:  syntax error, unexpected '=' in /home/purehotels/public_html/php.ini on line 1
[Sat Jul 04 03:04:31.136939 2026] [:error] [pid 3068:tid 3072] [client 216.73.216.41:22912] PHP:  syntax error, unexpected '=' in ./php.ini on line 1
[Sat Jul 04 03:04:31.228452 2026] [:error] [pid 2943:tid 2950] [client 216.73.216.41:22537] PHP:  syntax error, unexpected '=' in /home/purehotels/public_html/php.ini on line 1
[Sat Jul 04 03:04:31.229235 2026] [:error] [pid 2943:tid 2950] [client 216.73.216.41:22537] PHP:  syntax error, unexpected '=' in ./php.ini on line 1
[Sat Jul 04 03:04:31.318935 2026] [:error] [pid 3068:tid 3072] [client 216.73.216.41:22912] PHP:  syntax error, unexpected '=' in /home/purehotels/public_html/php.ini on line 1
[Sat Jul 04 03:04:31.319758 2026] [:error] [pid 3068:tid 3072] [client 216.73.216.41:22912] PHP:  syntax error, unexpected '=' in ./php.ini on line 1
[Sat Jul 04 03:04:31.412306 2026] [:error] [pid 2943:tid 2950] [client 216.73.216.41:22537] PHP:  syntax error, unexpected '=' in /home/purehotels/public_html/php.ini on line 1
[Sat Jul 04 03:04:31.413173 2026] [:error] [pid 2943:tid 2950] [client 216.73.216.41:22537] PHP:  syntax error, unexpected '=' in ./php.ini on line 1
[Sat Jul 04 03:04:31.505702 2026] [:error] [pid 3068:tid 3072] [client 216.73.216.41:22912] PHP:  syntax error, unexpected '=' in /home/purehotels/public_html/php.ini on line 1
[Sat Jul 04 03:04:31.507023 2026] [:error] [pid 3068:tid 3072] [client 216.73.216.41:22912] PHP:  syntax error, unexpected '=' in ./php.ini on line 1
[Sat Jul 04 03:04:31.595662 2026] [:error] [pid 2943:tid 2950] [client 216.73.216.41:22537] PHP:  syntax error, unexpected '=' in /home/purehotels/public_html/php.ini on line 1
[Sat Jul 04 03:04:31.596476 2026] [:error] [pid 2943:tid 2950] [client 216.73.216.41:22537] PHP:  syntax error, unexpected '=' in ./php.ini on line 1
[Sat Jul 04 03:04:31.685664 2026] [:error] [pid 3068:tid 3072] [client 216.73.216.41:22912] PHP:  syntax error, unexpected '=' in /home/purehotels/public_html/php.ini on line 1
[Sat Jul 04 03:04:31.686463 2026] [:error] [pid 3068:tid 3072] [client 216.73.216.41:22912] PHP:  syntax error, unexpected '=' in ./php.ini on line 1
[Sat Jul 04 03:04:31.778265 2026] [:error] [pid 2943:tid 2950] [client 216.73.216.41:22537] PHP:  syntax error, unexpected '=' in /home/purehotels/public_html/php.ini on line 1
[Sat Jul 04 03:04:31.779079 2026] [:error] [pid 2943:tid 2950] [client 216.73.216.41:22537] PHP:  syntax error, unexpected '=' in ./php.ini on line 1
[Sat Jul 04 03:04:31.868905 2026] [:error] [pid 3068:tid 3072] [client 216.73.216.41:22912] PHP:  syntax error, unexpected '=' in /home/purehotels/public_html/php.ini on line 1
[Sat Jul 04 03:04:31.869724 2026] [:error] [pid 3068:tid 3072] [client 216.73.216.41:22912] PHP:  syntax error, unexpected '=' in ./php.ini on line 1
[Sat Jul 04 03:04:31.962429 2026] [:error] [pid 2943:tid 2950] [client 216.73.216.41:22537] PHP:  syntax error, unexpected '=' in /home/purehotels/public_html/php.ini on line 1
[Sat Jul 04 03:04:31.963693 2026] [:error] [pid 2943:tid 2950] [client 216.73.216.41:22537] PHP:  syntax error, unexpected '=' in ./php.ini on line 1
[Sat Jul 04 03:04:32.050606 2026] [:error] [pid 3068:tid 3072] [client 216.73.216.41:22912] PHP:  syntax error, unexpected '=' in /home/purehotels/public_html/php.ini on line 1
[Sat Jul 04 03:04:32.051472 2026] [:error] [pid 3068:tid 3072] [client 216.73.216.41:22912] PHP:  syntax error, unexpected '=' in ./php.ini on line 1
[Sat Jul 04 03:04:32.141910 2026] [:error] [pid 2943:tid 2950] [client 216.73.216.41:22537] PHP:  syntax error, unexpected '=' in /home/purehotels/public_html/php.ini on line 1
[Sat Jul 04 03:04:32.142700 2026] [:error] [pid 2943:tid 2950] [client 216.73.216.41:22537] PHP:  syntax error, unexpected '=' in ./php.ini on line 1
[Sat Jul 04 03:04:32.231963 2026] [:error] [pid 3068:tid 3072] [client 216.73.216.41:22912] PHP:  syntax error, unexpected '=' in /home/purehotels/public_html/php.ini on line 1
[Sat Jul 04 03:04:32.232765 2026] [:error] [pid 3068:tid 3072] [client 216.73.216.41:22912] PHP:  syntax error, unexpected '=' in ./php.ini on line 1
[Sat Jul 04 03:04:32.326300 2026] [:error] [pid 2943:tid 2950] [client 216.73.216.41:22537] PHP:  syntax error, unexpected '=' in /home/purehotels/public_html/php.ini on line 1
[Sat Jul 04 03:04:32.327566 2026] [:error] [pid 2943:tid 2950] [client 216.73.216.41:22537] PHP:  syntax error, unexpected '=' in ./php.ini on line 1
[Sat Jul 04 03:04:32.422968 2026] [:error] [pid 3068:tid 3072] [client 216.73.216.41:22912] PHP:  syntax error, unexpected '=' in /home/purehotels/public_html/php.ini on line 1
[Sat Jul 04 03:04:32.423776 2026] [:error] [pid 3068:tid 3072] [client 216.73.216.41:22912] PHP:  syntax error, unexpected '=' in ./php.ini on line 1
[Sat Jul 04 03:04:32.517511 2026] [:error] [pid 2943:tid 2950] [client 216.73.216.41:22537] PHP:  syntax error, unexpected '=' in /home/purehotels/public_html/php.ini on line 1
[Sat Jul 04 03:04:32.518301 2026] [:error] [pid 2943:tid 2950] [client 216.73.216.41:22537] PHP:  syntax error, unexpected '=' in ./php.ini on line 1
[Sat Jul 04 03:04:32.612888 2026] [:error] [pid 3068:tid 3072] [client 216.73.216.41:22912] PHP:  syntax error, unexpected '=' in /home/purehotels/public_html/php.ini on line 1
[Sat Jul 04 03:04:32.613690 2026] [:error] [pid 3068:tid 3072] [client 216.73.216.41:22912] PHP:  syntax error, unexpected '=' in ./php.ini on line 1
[Sat Jul 04 03:04:32.708654 2026] [:error] [pid 2943:tid 2950] [client 216.73.216.41:22537] PHP:  syntax error, unexpected '=' in /home/purehotels/public_html/php.ini on line 1
[Sat Jul 04 03:04:32.709924 2026] [:error] [pid 2943:tid 2950] [client 216.73.216.41:22537] PHP:  syntax error, unexpected '=' in ./php.ini on line 1
[Sat Jul 04 03:04:32.796483 2026] [:error] [pid 3068:tid 3072] [client 216.73.216.41:22912] PHP:  syntax error, unexpected '=' in /home/purehotels/public_html/php.ini on line 1
[Sat Jul 04 03:04:32.797248 2026] [:error] [pid 3068:tid 3072] [client 216.73.216.41:22912] PHP:  syntax error, unexpected '=' in ./php.ini on line 1
[Sat Jul 04 03:04:32.889678 2026] [:error] [pid 2943:tid 2950] [client 216.73.216.41:22537] PHP:  syntax error, unexpected '=' in /home/purehotels/public_html/php.ini on line 1
[Sat Jul 04 03:04:32.890479 2026] [:error] [pid 2943:tid 2950] [client 216.73.216.41:22537] PHP:  syntax error, unexpected '=' in ./php.ini on line 1
[Sat Jul 04 03:04:32.984954 2026] [:error] [pid 3068:tid 3072] [client 216.73.216.41:22912] PHP:  syntax error, unexpected '=' in /home/purehotels/public_html/php.ini on line 1
[Sat Jul 04 03:04:32.985849 2026] [:error] [pid 3068:tid 3072] [client 216.73.216.41:22912] PHP:  syntax error, unexpected '=' in ./php.ini on line 1
[Sat Jul 04 03:04:33.075600 2026] [:error] [pid 2943:tid 2950] [client 216.73.216.41:22537] PHP:  syntax error, unexpected '=' in /home/purehotels/public_html/php.ini on line 1
[Sat Jul 04 03:04:33.076433 2026] [:error] [pid 2943:tid 2950] [client 216.73.216.41:22537] PHP:  syntax error, unexpected '=' in ./php.ini on line 1
[Sat Jul 04 03:04:33.165415 2026] [:error] [pid 3068:tid 3072] [client 216.73.216.41:22912] PHP:  syntax error, unexpected '=' in /home/purehotels/public_html/php.ini on line 1
[Sat Jul 04 03:04:33.166169 2026] [:error] [pid 3068:tid 3072] [client 216.73.216.41:22912] PHP:  syntax error, unexpected '=' in ./php.ini on line 1
[Sat Jul 04 03:04:33.257093 2026] [:error] [pid 2943:tid 2950] [client 216.73.216.41:22537] PHP:  syntax error, unexpected '=' in /home/purehotels/public_html/php.ini on line 1
[Sat Jul 04 03:04:33.257910 2026] [:error] [pid 2943:tid 2950] [client 216.73.216.41:22537] PHP:  syntax error, unexpected '=' in ./php.ini on line 1
[Sat Jul 04 03:04:33.349922 2026] [:error] [pid 3068:tid 3072] [client 216.73.216.41:22912] PHP:  syntax error, unexpected '=' in /home/purehotels/public_html/php.ini on line 1
[Sat Jul 04 03:04:33.351181 2026] [:error] [pid 3068:tid 3072] [client 216.73.216.41:22912] PHP:  syntax error, unexpected '=' in ./php.ini on line 1
[Sat Jul 04 03:04:33.445011 2026] [:error] [pid 2943:tid 2950] [client 216.73.216.41:22537] PHP:  syntax error, unexpected '=' in /home/purehotels/public_html/php.ini on line 1
[Sat Jul 04 03:04:33.445818 2026] [:error] [pid 2943:tid 2950] [client 216.73.216.41:22537] PHP:  syntax error, unexpected '=' in ./php.ini on line 1
[Sat Jul 04 03:04:33.533908 2026] [:error] [pid 3068:tid 3072] [client 216.73.216.41:22912] PHP:  syntax error, unexpected '=' in /home/purehotels/public_html/php.ini on line 1
[Sat Jul 04 03:04:33.534706 2026] [:error] [pid 3068:tid 3072] [client 216.73.216.41:22912] PHP:  syntax error, unexpected '=' in ./php.ini on line 1
[Sat Jul 04 03:04:33.633283 2026] [:error] [pid 2943:tid 2950] [client 216.73.216.41:22537] PHP:  syntax error, unexpected '=' in /home/purehotels/public_html/php.ini on line 1
[Sat Jul 04 03:04:33.634519 2026] [:error] [pid 2943:tid 2950] [client 216.73.216.41:22537] PHP:  syntax error, unexpected '=' in ./php.ini on line 1
[Sat Jul 04 03:04:33.720096 2026] [:error] [pid 3068:tid 3072] [client 216.73.216.41:22912] PHP:  syntax error, unexpected '=' in /home/purehotels/public_html/php.ini on line 1
[Sat Jul 04 03:04:33.720904 2026] [:error] [pid 3068:tid 3072] [client 216.73.216.41:22912] PHP:  syntax error, unexpected '=' in ./php.ini on line 1
[Sat Jul 04 03:04:33.814902 2026] [:error] [pid 2943:tid 2950] [client 216.73.216.41:22537] PHP:  syntax error, unexpected '=' in /home/purehotels/public_html/php.ini on line 1
[Sat Jul 04 03:04:33.815723 2026] [:error] [pid 2943:tid 2950] [client 216.73.216.41:22537] PHP:  syntax error, unexpected '=' in ./php.ini on line 1
[Sat Jul 04 03:04:33.904891 2026] [:error] [pid 3068:tid 3072] [client 216.73.216.41:22912] PHP:  syntax error, unexpected '=' in /home/purehotels/public_html/php.ini on line 1
[Sat Jul 04 03:04:33.905681 2026] [:error] [pid 3068:tid 3072] [client 216.73.216.41:22912] PHP:  syntax error, unexpected '=' in ./php.ini on line 1
[Sat Jul 04 03:04:34.006583 2026] [:error] [pid 2943:tid 2950] [client 216.73.216.41:22537] PHP:  syntax error, unexpected '=' in /home/purehotels/public_html/php.ini on line 1
[Sat Jul 04 03:04:34.007386 2026] [:error] [pid 2943:tid 2950] [client 216.73.216.41:22537] PHP:  syntax error, unexpected '=' in ./php.ini on line 1
[Sat Jul 04 03:04:34.103267 2026] [:error] [pid 3068:tid 3072] [client 216.73.216.41:22912] PHP:  syntax error, unexpected '=' in /home/purehotels/public_html/php.ini on line 1
[Sat Jul 04 03:04:34.104078 2026] [:error] [pid 3068:tid 3072] [client 216.73.216.41:22912] PHP:  syntax error, unexpected '=' in ./php.ini on line 1
[Sat Jul 04 03:04:34.195919 2026] [:error] [pid 2943:tid 2950] [client 216.73.216.41:22537] PHP:  syntax error, unexpected '=' in /home/purehotels/public_html/php.ini on line 1
[Sat Jul 04 03:04:34.196734 2026] [:error] [pid 2943:tid 2950] [client 216.73.216.41:22537] PHP:  syntax error, unexpected '=' in ./php.ini on line 1
[Sat Jul 04 03:04:34.285819 2026] [:error] [pid 3068:tid 3072] [client 216.73.216.41:22912] PHP:  syntax error, unexpected '=' in /home/purehotels/public_html/php.ini on line 1
[Sat Jul 04 03:04:34.286607 2026] [:error] [pid 3068:tid 3072] [client 216.73.216.41:22912] PHP:  syntax error, unexpected '=' in ./php.ini on line 1
[Sat Jul 04 03:04:34.476886 2026] [:error] [pid 2943:tid 2950] [client 216.73.216.41:22537] PHP:  syntax error, unexpected '=' in /home/purehotels/public_html/php.ini on line 1
[Sat Jul 04 03:04:34.477685 2026] [:error] [pid 2943:tid 2950] [client 216.73.216.41:22537] PHP:  syntax error, unexpected '=' in ./php.ini on line 1
[Sat Jul 04 03:04:34.568527 2026] [:error] [pid 3068:tid 3072] [client 216.73.216.41:22912] PHP:  syntax error, unexpected '=' in /home/purehotels/public_html/php.ini on line 1
[Sat Jul 04 03:04:34.569305 2026] [:error] [pid 3068:tid 3072] [client 216.73.216.41:22912] PHP:  syntax error, unexpected '=' in ./php.ini on line 1
[Sat Jul 04 03:04:34.668937 2026] [:error] [pid 2943:tid 2950] [client 216.73.216.41:22537] PHP:  syntax error, unexpected '=' in /home/purehotels/public_html/php.ini on line 1
[Sat Jul 04 03:04:34.669763 2026] [:error] [pid 2943:tid 2950] [client 216.73.216.41:22537] PHP:  syntax error, unexpected '=' in ./php.ini on line 1
[Sat Jul 04 03:04:34.761024 2026] [:error] [pid 3068:tid 3072] [client 216.73.216.41:22912] PHP:  syntax error, unexpected '=' in /home/purehotels/public_html/php.ini on line 1
[Sat Jul 04 03:04:34.762306 2026] [:error] [pid 3068:tid 3072] [client 216.73.216.41:22912] PHP:  syntax error, unexpected '=' in ./php.ini on line 1
[Sat Jul 04 03:04:34.854940 2026] [:error] [pid 2943:tid 2950] [client 216.73.216.41:22537] PHP:  syntax error, unexpected '=' in /home/purehotels/public_html/php.ini on line 1
[Sat Jul 04 03:04:34.855775 2026] [:error] [pid 2943:tid 2950] [client 216.73.216.41:22537] PHP:  syntax error, unexpected '=' in ./php.ini on line 1
[Sat Jul 04 03:04:34.943801 2026] [:error] [pid 3068:tid 3072] [client 216.73.216.41:22912] PHP:  syntax error, unexpected '=' in /home/purehotels/public_html/php.ini on line 1
[Sat Jul 04 03:04:34.944623 2026] [:error] [pid 3068:tid 3072] [client 216.73.216.41:22912] PHP:  syntax error, unexpected '=' in ./php.ini on line 1
[Sat Jul 04 03:04:35.036580 2026] [:error] [pid 2943:tid 2950] [client 216.73.216.41:22537] PHP:  syntax error, unexpected '=' in /home/purehotels/public_html/php.ini on line 1
[Sat Jul 04 03:04:35.037395 2026] [:error] [pid 2943:tid 2950] [client 216.73.216.41:22537] PHP:  syntax error, unexpected '=' in ./php.ini on line 1
[Sat Jul 04 03:04:35.130020 2026] [:error] [pid 3068:tid 3072] [client 216.73.216.41:22912] PHP:  syntax error, unexpected '=' in /home/purehotels/public_html/php.ini on line 1
[Sat Jul 04 03:04:35.130827 2026] [:error] [pid 3068:tid 3072] [client 216.73.216.41:22912] PHP:  syntax error, unexpected '=' in ./php.ini on line 1
[Sat Jul 04 03:04:35.224626 2026] [:error] [pid 2943:tid 2950] [client 216.73.216.41:22537] PHP:  syntax error, unexpected '=' in /home/purehotels/public_html/php.ini on line 1
