[Sat Jul 04 03:02:59.589627 2026] [:error] [pid 2943:tid 2952] [client 20.151.225.63:5470] File does not exist: /var/www/html/aa2.php
[Sat Jul 04 03:02:59.621868 2026] [:error] [pid 3036:tid 3038] [client 216.73.216.41:15872] PHP:  syntax error, unexpected '=' in /home/purehotels/public_html/php.ini on line 1
[Sat Jul 04 03:02:59.622673 2026] [:error] [pid 3036:tid 3038] [client 216.73.216.41:15872] PHP:  syntax error, unexpected '=' in ./php.ini on line 1
[Sat Jul 04 03:02:59.701408 2026] [:error] [pid 2943:tid 2952] [client 20.151.225.63:5470] File does not exist: /var/www/html/ccou.php
[Sat Jul 04 03:02:59.704001 2026] [:error] [pid 3003:tid 3009] [client 216.73.216.41:5228] PHP:  syntax error, unexpected '=' in /home/purehotels/public_html/php.ini on line 1
[Sat Jul 04 03:02:59.704811 2026] [:error] [pid 3003:tid 3009] [client 216.73.216.41:5228] PHP:  syntax error, unexpected '=' in ./php.ini on line 1
[Sat Jul 04 03:02:59.813998 2026] [:error] [pid 3036:tid 3038] [client 216.73.216.41:15872] PHP:  syntax error, unexpected '=' in /home/purehotels/public_html/php.ini on line 1
[Sat Jul 04 03:02:59.814824 2026] [:error] [pid 3036:tid 3038] [client 216.73.216.41:15872] PHP:  syntax error, unexpected '=' in ./php.ini on line 1
[Sat Jul 04 03:02:59.897681 2026] [:error] [pid 3003:tid 3009] [client 216.73.216.41:5228] PHP:  syntax error, unexpected '=' in /home/purehotels/public_html/php.ini on line 1
[Sat Jul 04 03:02:59.909765 2026] [:error] [pid 3003:tid 3009] [client 216.73.216.41:5228] PHP:  syntax error, unexpected '=' in ./php.ini on line 1
[Sat Jul 04 03:02:59.996999 2026] [:error] [pid 3036:tid 3038] [client 216.73.216.41:15872] PHP:  syntax error, unexpected '=' in /home/purehotels/public_html/php.ini on line 1
[Sat Jul 04 03:02:59.997809 2026] [:error] [pid 3036:tid 3038] [client 216.73.216.41:15872] PHP:  syntax error, unexpected '=' in ./php.ini on line 1
[Sat Jul 04 03:03:00.082130 2026] [:error] [pid 3003:tid 3009] [client 216.73.216.41:5228] PHP:  syntax error, unexpected '=' in /home/purehotels/public_html/php.ini on line 1
[Sat Jul 04 03:03:00.082938 2026] [:error] [pid 3003:tid 3009] [client 216.73.216.41:5228] PHP:  syntax error, unexpected '=' in ./php.ini on line 1
[Sat Jul 04 03:03:00.179929 2026] [:error] [pid 3036:tid 3038] [client 216.73.216.41:15872] PHP:  syntax error, unexpected '=' in /home/purehotels/public_html/php.ini on line 1
[Sat Jul 04 03:03:00.180744 2026] [:error] [pid 3036:tid 3038] [client 216.73.216.41:15872] PHP:  syntax error, unexpected '=' in ./php.ini on line 1
[Sat Jul 04 03:03:00.270824 2026] [:error] [pid 3003:tid 3009] [client 216.73.216.41:5228] PHP:  syntax error, unexpected '=' in /home/purehotels/public_html/php.ini on line 1
[Sat Jul 04 03:03:00.271668 2026] [:error] [pid 3003:tid 3009] [client 216.73.216.41:5228] PHP:  syntax error, unexpected '=' in ./php.ini on line 1
[Sat Jul 04 03:03:00.355995 2026] [:error] [pid 2943:tid 2952] [client 20.151.225.63:5470] File does not exist: /var/www/html/dr.php
[Sat Jul 04 03:03:00.369857 2026] [:error] [pid 3036:tid 3038] [client 216.73.216.41:15872] PHP:  syntax error, unexpected '=' in /home/purehotels/public_html/php.ini on line 1
[Sat Jul 04 03:03:00.370628 2026] [:error] [pid 3036:tid 3038] [client 216.73.216.41:15872] PHP:  syntax error, unexpected '=' in ./php.ini on line 1
[Sat Jul 04 03:03:00.456375 2026] [:error] [pid 2943:tid 2952] [client 20.151.225.63:5470] File does not exist: /var/www/html/file31.php
[Sat Jul 04 03:03:00.463090 2026] [:error] [pid 3003:tid 3009] [client 216.73.216.41:5228] PHP:  syntax error, unexpected '=' in /home/purehotels/public_html/php.ini on line 1
[Sat Jul 04 03:03:00.463938 2026] [:error] [pid 3003:tid 3009] [client 216.73.216.41:5228] PHP:  syntax error, unexpected '=' in ./php.ini on line 1
[Sat Jul 04 03:03:00.564912 2026] [:error] [pid 2943:tid 2952] [client 20.151.225.63:5470] File does not exist: /var/www/html/file6.php
[Sat Jul 04 03:03:00.570873 2026] [:error] [pid 3036:tid 3038] [client 216.73.216.41:15872] PHP:  syntax error, unexpected '=' in /home/purehotels/public_html/php.ini on line 1
[Sat Jul 04 03:03:00.571666 2026] [:error] [pid 3036:tid 3038] [client 216.73.216.41:15872] PHP:  syntax error, unexpected '=' in ./php.ini on line 1
[Sat Jul 04 03:03:00.664910 2026] [:error] [pid 2943:tid 2952] [client 20.151.225.63:5470] File does not exist: /var/www/html/file15.php
[Sat Jul 04 03:03:00.666460 2026] [:error] [pid 3003:tid 3009] [client 216.73.216.41:5228] PHP:  syntax error, unexpected '=' in /home/purehotels/public_html/php.ini on line 1
[Sat Jul 04 03:03:00.667285 2026] [:error] [pid 3003:tid 3009] [client 216.73.216.41:5228] PHP:  syntax error, unexpected '=' in ./php.ini on line 1
[Sat Jul 04 03:03:00.764897 2026] [:error] [pid 2943:tid 2952] [client 20.151.225.63:5470] File does not exist: /var/www/html/jp.php
[Sat Jul 04 03:03:00.815756 2026] [:error] [pid 3003:tid 3009] [client 216.73.216.41:5228] PHP:  syntax error, unexpected '=' in /home/purehotels/public_html/php.ini on line 1
[Sat Jul 04 03:03:00.816561 2026] [:error] [pid 3003:tid 3009] [client 216.73.216.41:5228] PHP:  syntax error, unexpected '=' in ./php.ini on line 1
[Sat Jul 04 03:03:00.826915 2026] [:error] [pid 3036:tid 3041] [client 185.191.171.6:45630] File does not exist: /home/purehotels/public_html/index.php
[Sat Jul 04 03:03:00.826976 2026] [:error] [pid 3036:tid 3041] [client 185.191.171.6:45630] File does not exist: /home/purehotels/public_html/index.php
[Sat Jul 04 03:03:00.870520 2026] [:error] [pid 2943:tid 2952] [client 20.151.225.63:5470] File does not exist: /var/www/html/f35.php
[Sat Jul 04 03:03:00.983287 2026] [:error] [pid 3003:tid 3009] [client 216.73.216.41:5228] PHP:  syntax error, unexpected '=' in /home/purehotels/public_html/php.ini on line 1
[Sat Jul 04 03:03:00.983772 2026] [:error] [pid 2943:tid 2952] [client 20.151.225.63:5470] File does not exist: /var/www/html/wp-load.php
[Sat Jul 04 03:03:00.984131 2026] [:error] [pid 3003:tid 3009] [client 216.73.216.41:5228] PHP:  syntax error, unexpected '=' in ./php.ini on line 1
[Sat Jul 04 03:03:00.986293 2026] [:error] [pid 2943:tid 2962] [client 216.73.216.41:12473] PHP:  syntax error, unexpected '=' in /home/purehotels/public_html/php.ini on line 1
[Sat Jul 04 03:03:00.987109 2026] [:error] [pid 2943:tid 2962] [client 216.73.216.41:12473] PHP:  syntax error, unexpected '=' in ./php.ini on line 1
[Sat Jul 04 03:03:01.085484 2026] [:error] [pid 3003:tid 3015] [client 216.73.216.41:48420] PHP:  syntax error, unexpected '=' in /home/purehotels/public_html/php.ini on line 1
[Sat Jul 04 03:03:01.086253 2026] [:error] [pid 3003:tid 3015] [client 216.73.216.41:48420] PHP:  syntax error, unexpected '=' in ./php.ini on line 1
[Sat Jul 04 03:03:01.167822 2026] [:error] [pid 3003:tid 3009] [client 216.73.216.41:5228] PHP:  syntax error, unexpected '=' in /home/purehotels/public_html/php.ini on line 1
[Sat Jul 04 03:03:01.168669 2026] [:error] [pid 3003:tid 3009] [client 216.73.216.41:5228] PHP:  syntax error, unexpected '=' in ./php.ini on line 1
[Sat Jul 04 03:03:01.264558 2026] [:error] [pid 3068:tid 3076] [client 216.73.216.41:16563] PHP:  syntax error, unexpected '=' in /home/purehotels/public_html/php.ini on line 1
[Sat Jul 04 03:03:01.265808 2026] [:error] [pid 3068:tid 3076] [client 216.73.216.41:16563] PHP:  syntax error, unexpected '=' in ./php.ini on line 1
[Sat Jul 04 03:03:01.367898 2026] [:error] [pid 3003:tid 3009] [client 216.73.216.41:5228] PHP:  syntax error, unexpected '=' in /home/purehotels/public_html/php.ini on line 1
[Sat Jul 04 03:03:01.368922 2026] [:error] [pid 3003:tid 3009] [client 216.73.216.41:5228] PHP:  syntax error, unexpected '=' in ./php.ini on line 1
[Sat Jul 04 03:03:01.430911 2026] [:error] [pid 2943:tid 2952] [client 20.151.225.63:5470] File does not exist: /var/www/html/wp-links.php
[Sat Jul 04 03:03:01.462891 2026] [:error] [pid 3068:tid 3076] [client 216.73.216.41:16563] PHP:  syntax error, unexpected '=' in /home/purehotels/public_html/php.ini on line 1
[Sat Jul 04 03:03:01.463715 2026] [:error] [pid 3068:tid 3076] [client 216.73.216.41:16563] PHP:  syntax error, unexpected '=' in ./php.ini on line 1
[Sat Jul 04 03:03:01.537988 2026] [:error] [pid 2943:tid 2952] [client 20.151.225.63:5470] File does not exist: /var/www/html/solo1.php
[Sat Jul 04 03:03:01.567940 2026] [:error] [pid 3003:tid 3009] [client 216.73.216.41:5228] PHP:  syntax error, unexpected '=' in /home/purehotels/public_html/php.ini on line 1
[Sat Jul 04 03:03:01.568752 2026] [:error] [pid 3003:tid 3009] [client 216.73.216.41:5228] PHP:  syntax error, unexpected '=' in ./php.ini on line 1
[Sat Jul 04 03:03:01.639032 2026] [:error] [pid 2943:tid 2952] [client 20.151.225.63:5470] File does not exist: /var/www/html/sixxis.php
[Sat Jul 04 03:03:01.661550 2026] [:error] [pid 3003:tid 3015] [client 216.73.216.41:48420] PHP:  syntax error, unexpected '=' in /home/purehotels/public_html/php.ini on line 1
[Sat Jul 04 03:03:01.662316 2026] [:error] [pid 3003:tid 3015] [client 216.73.216.41:48420] PHP:  syntax error, unexpected '=' in ./php.ini on line 1
[Sat Jul 04 03:03:01.739974 2026] [:error] [pid 2943:tid 2952] [client 20.151.225.63:5470] File does not exist: /var/www/html/2P.update.php
[Sat Jul 04 03:03:01.752554 2026] [:error] [pid 3003:tid 3009] [client 216.73.216.41:5228] PHP:  syntax error, unexpected '=' in /home/purehotels/public_html/php.ini on line 1
[Sat Jul 04 03:03:01.753341 2026] [:error] [pid 3003:tid 3009] [client 216.73.216.41:5228] PHP:  syntax error, unexpected '=' in ./php.ini on line 1
[Sat Jul 04 03:03:01.845668 2026] [:error] [pid 3003:tid 3015] [client 216.73.216.41:48420] PHP:  syntax error, unexpected '=' in /home/purehotels/public_html/php.ini on line 1
[Sat Jul 04 03:03:01.846471 2026] [:error] [pid 3003:tid 3015] [client 216.73.216.41:48420] PHP:  syntax error, unexpected '=' in ./php.ini on line 1
[Sat Jul 04 03:03:01.930724 2026] [:error] [pid 2943:tid 2952] [client 20.151.225.63:5470] File does not exist: /var/www/html/a.php
[Sat Jul 04 03:03:01.938781 2026] [:error] [pid 3003:tid 3009] [client 216.73.216.41:5228] PHP:  syntax error, unexpected '=' in /home/purehotels/public_html/php.ini on line 1
[Sat Jul 04 03:03:01.939669 2026] [:error] [pid 3003:tid 3009] [client 216.73.216.41:5228] PHP:  syntax error, unexpected '=' in ./php.ini on line 1
[Sat Jul 04 03:03:02.030741 2026] [:error] [pid 2943:tid 2952] [client 20.151.225.63:5470] File does not exist: /var/www/html/k.php
[Sat Jul 04 03:03:02.037171 2026] [:error] [pid 3003:tid 3015] [client 216.73.216.41:48420] PHP:  syntax error, unexpected '=' in /home/purehotels/public_html/php.ini on line 1
[Sat Jul 04 03:03:02.037990 2026] [:error] [pid 3003:tid 3015] [client 216.73.216.41:48420] PHP:  syntax error, unexpected '=' in ./php.ini on line 1
[Sat Jul 04 03:03:02.130661 2026] [:error] [pid 2943:tid 2952] [client 20.151.225.63:5470] File does not exist: /var/www/html/w.php
[Sat Jul 04 03:03:02.133814 2026] [:error] [pid 3003:tid 3009] [client 216.73.216.41:5228] PHP:  syntax error, unexpected '=' in /home/purehotels/public_html/php.ini on line 1
[Sat Jul 04 03:03:02.135243 2026] [:error] [pid 3003:tid 3009] [client 216.73.216.41:5228] PHP:  syntax error, unexpected '=' in ./php.ini on line 1
[Sat Jul 04 03:03:02.230627 2026] [:error] [pid 3003:tid 3015] [client 216.73.216.41:48420] PHP:  syntax error, unexpected '=' in /home/purehotels/public_html/php.ini on line 1
[Sat Jul 04 03:03:02.231430 2026] [:error] [pid 3003:tid 3015] [client 216.73.216.41:48420] PHP:  syntax error, unexpected '=' in ./php.ini on line 1
[Sat Jul 04 03:03:02.232250 2026] [:error] [pid 2943:tid 2952] [client 20.151.225.63:5470] File does not exist: /var/www/html/insc.php
[Sat Jul 04 03:03:02.332159 2026] [:error] [pid 2943:tid 2952] [client 20.151.225.63:5470] File does not exist: /var/www/html/4PJcpMFsD8B.php
[Sat Jul 04 03:03:02.332753 2026] [:error] [pid 3003:tid 3009] [client 216.73.216.41:5228] PHP:  syntax error, unexpected '=' in /home/purehotels/public_html/php.ini on line 1
[Sat Jul 04 03:03:02.333564 2026] [:error] [pid 3003:tid 3009] [client 216.73.216.41:5228] PHP:  syntax error, unexpected '=' in ./php.ini on line 1
[Sat Jul 04 03:03:02.446389 2026] [:error] [pid 3003:tid 3015] [client 216.73.216.41:48420] PHP:  syntax error, unexpected '=' in /home/purehotels/public_html/php.ini on line 1
[Sat Jul 04 03:03:02.447431 2026] [:error] [pid 2943:tid 2952] [client 20.151.225.63:5470] File does not exist: /var/www/html/u.php
[Sat Jul 04 03:03:02.447591 2026] [:error] [pid 3003:tid 3015] [client 216.73.216.41:48420] PHP:  syntax error, unexpected '=' in ./php.ini on line 1
[Sat Jul 04 03:03:02.542617 2026] [:error] [pid 3003:tid 3009] [client 216.73.216.41:5228] PHP:  syntax error, unexpected '=' in /home/purehotels/public_html/php.ini on line 1
[Sat Jul 04 03:03:02.543499 2026] [:error] [pid 3003:tid 3009] [client 216.73.216.41:5228] PHP:  syntax error, unexpected '=' in ./php.ini on line 1
[Sat Jul 04 03:03:02.633580 2026] [:error] [pid 3003:tid 3015] [client 216.73.216.41:48420] PHP:  syntax error, unexpected '=' in /home/purehotels/public_html/php.ini on line 1
[Sat Jul 04 03:03:02.634451 2026] [:error] [pid 3003:tid 3015] [client 216.73.216.41:48420] PHP:  syntax error, unexpected '=' in ./php.ini on line 1
[Sat Jul 04 03:03:02.656542 2026] [:error] [pid 2943:tid 2952] [client 20.151.225.63:5470] File does not exist: /var/www/html/sss.php
[Sat Jul 04 03:03:02.725092 2026] [:error] [pid 3003:tid 3009] [client 216.73.216.41:5228] PHP:  syntax error, unexpected '=' in /home/purehotels/public_html/php.ini on line 1
[Sat Jul 04 03:03:02.726372 2026] [:error] [pid 3003:tid 3009] [client 216.73.216.41:5228] PHP:  syntax error, unexpected '=' in ./php.ini on line 1
[Sat Jul 04 03:03:02.760299 2026] [:error] [pid 2943:tid 2952] [client 20.151.225.63:5470] File does not exist: /var/www/html/sss.php
[Sat Jul 04 03:03:02.818518 2026] [:error] [pid 3003:tid 3015] [client 216.73.216.41:48420] PHP:  syntax error, unexpected '=' in /home/purehotels/public_html/php.ini on line 1
[Sat Jul 04 03:03:02.819732 2026] [:error] [pid 3003:tid 3015] [client 216.73.216.41:48420] PHP:  syntax error, unexpected '=' in ./php.ini on line 1
[Sat Jul 04 03:03:02.885244 2026] [:error] [pid 2943:tid 2952] [client 20.151.225.63:5470] File does not exist: /var/www/html/c.php
[Sat Jul 04 03:03:02.912933 2026] [:error] [pid 3003:tid 3009] [client 216.73.216.41:5228] PHP:  syntax error, unexpected '=' in /home/purehotels/public_html/php.ini on line 1
[Sat Jul 04 03:03:02.913744 2026] [:error] [pid 3003:tid 3009] [client 216.73.216.41:5228] PHP:  syntax error, unexpected '=' in ./php.ini on line 1
[Sat Jul 04 03:03:02.985236 2026] [:error] [pid 2943:tid 2952] [client 20.151.225.63:5470] File does not exist: /var/www/html/aa.php
[Sat Jul 04 03:03:03.007756 2026] [:error] [pid 3003:tid 3015] [client 216.73.216.41:48420] PHP:  syntax error, unexpected '=' in /home/purehotels/public_html/php.ini on line 1
[Sat Jul 04 03:03:03.008691 2026] [:error] [pid 3003:tid 3015] [client 216.73.216.41:48420] PHP:  syntax error, unexpected '=' in ./php.ini on line 1
[Sat Jul 04 03:03:03.095874 2026] [:error] [pid 3003:tid 3009] [client 216.73.216.41:5228] PHP:  syntax error, unexpected '=' in /home/purehotels/public_html/php.ini on line 1
[Sat Jul 04 03:03:03.096681 2026] [:error] [pid 3003:tid 3009] [client 216.73.216.41:5228] PHP:  syntax error, unexpected '=' in ./php.ini on line 1
[Sat Jul 04 03:03:03.186955 2026] [:error] [pid 3003:tid 3015] [client 216.73.216.41:48420] PHP:  syntax error, unexpected '=' in /home/purehotels/public_html/php.ini on line 1
[Sat Jul 04 03:03:03.187775 2026] [:error] [pid 3003:tid 3015] [client 216.73.216.41:48420] PHP:  syntax error, unexpected '=' in ./php.ini on line 1
[Sat Jul 04 03:03:03.277053 2026] [:error] [pid 3003:tid 3009] [client 216.73.216.41:5228] PHP:  syntax error, unexpected '=' in /home/purehotels/public_html/php.ini on line 1
[Sat Jul 04 03:03:03.277874 2026] [:error] [pid 3003:tid 3009] [client 216.73.216.41:5228] PHP:  syntax error, unexpected '=' in ./php.ini on line 1
[Sat Jul 04 03:03:03.293259 2026] [:error] [pid 2943:tid 2957] [client 20.151.225.63:5390] File does not exist: /var/www/html/100.php
[Sat Jul 04 03:03:03.369047 2026] [:error] [pid 3003:tid 3015] [client 216.73.216.41:48420] PHP:  syntax error, unexpected '=' in /home/purehotels/public_html/php.ini on line 1
[Sat Jul 04 03:03:03.369854 2026] [:error] [pid 3003:tid 3015] [client 216.73.216.41:48420] PHP:  syntax error, unexpected '=' in ./php.ini on line 1
[Sat Jul 04 03:03:03.393520 2026] [:error] [pid 2943:tid 2957] [client 20.151.225.63:5390] File does not exist: /var/www/html/footer.php
[Sat Jul 04 03:03:03.458787 2026] [:error] [pid 3003:tid 3009] [client 216.73.216.41:5228] PHP:  syntax error, unexpected '=' in /home/purehotels/public_html/php.ini on line 1
[Sat Jul 04 03:03:03.459598 2026] [:error] [pid 3003:tid 3009] [client 216.73.216.41:5228] PHP:  syntax error, unexpected '=' in ./php.ini on line 1
[Sat Jul 04 03:03:03.512806 2026] [:error] [pid 2943:tid 2957] [client 20.151.225.63:5390] File does not exist: /var/www/html/users.php
[Sat Jul 04 03:03:03.551512 2026] [:error] [pid 3003:tid 3015] [client 216.73.216.41:48420] PHP:  syntax error, unexpected '=' in /home/purehotels/public_html/php.ini on line 1
[Sat Jul 04 03:03:03.552288 2026] [:error] [pid 3003:tid 3015] [client 216.73.216.41:48420] PHP:  syntax error, unexpected '=' in ./php.ini on line 1
[Sat Jul 04 03:03:03.613164 2026] [:error] [pid 2943:tid 2957] [client 20.151.225.63:5390] File does not exist: /var/www/html/177.php
[Sat Jul 04 03:03:03.642308 2026] [:error] [pid 3003:tid 3009] [client 216.73.216.41:5228] PHP:  syntax error, unexpected '=' in /home/purehotels/public_html/php.ini on line 1
[Sat Jul 04 03:03:03.643124 2026] [:error] [pid 3003:tid 3009] [client 216.73.216.41:5228] PHP:  syntax error, unexpected '=' in ./php.ini on line 1
[Sat Jul 04 03:03:03.713491 2026] [:error] [pid 2943:tid 2957] [client 20.151.225.63:5390] File does not exist: /var/www/html/config.php
[Sat Jul 04 03:03:03.733947 2026] [:error] [pid 3003:tid 3015] [client 216.73.216.41:48420] PHP:  syntax error, unexpected '=' in /home/purehotels/public_html/php.ini on line 1
[Sat Jul 04 03:03:03.734788 2026] [:error] [pid 3003:tid 3015] [client 216.73.216.41:48420] PHP:  syntax error, unexpected '=' in ./php.ini on line 1
[Sat Jul 04 03:03:03.824443 2026] [:error] [pid 3003:tid 3009] [client 216.73.216.41:5228] PHP:  syntax error, unexpected '=' in /home/purehotels/public_html/php.ini on line 1
[Sat Jul 04 03:03:03.824677 2026] [:error] [pid 2943:tid 2957] [client 20.151.225.63:5390] File does not exist: /var/www/html/ayuvbvh.php
[Sat Jul 04 03:03:03.825662 2026] [:error] [pid 3003:tid 3009] [client 216.73.216.41:5228] PHP:  syntax error, unexpected '=' in ./php.ini on line 1
[Sat Jul 04 03:03:03.923869 2026] [:error] [pid 3003:tid 3015] [client 216.73.216.41:48420] PHP:  syntax error, unexpected '=' in /home/purehotels/public_html/php.ini on line 1
[Sat Jul 04 03:03:03.924691 2026] [:error] [pid 3003:tid 3015] [client 216.73.216.41:48420] PHP:  syntax error, unexpected '=' in ./php.ini on line 1
[Sat Jul 04 03:03:03.960371 2026] [:error] [pid 2943:tid 2957] [client 20.151.225.63:5390] File does not exist: /var/www/html/bgymj.php
[Sat Jul 04 03:03:04.014634 2026] [:error] [pid 3003:tid 3009] [client 216.73.216.41:5228] PHP:  syntax error, unexpected '=' in /home/purehotels/public_html/php.ini on line 1
[Sat Jul 04 03:03:04.015446 2026] [:error] [pid 3003:tid 3009] [client 216.73.216.41:5228] PHP:  syntax error, unexpected '=' in ./php.ini on line 1
[Sat Jul 04 03:03:04.060764 2026] [:error] [pid 2943:tid 2957] [client 20.151.225.63:5390] File does not exist: /var/www/html/gettest.php
[Sat Jul 04 03:03:04.113560 2026] [:error] [pid 3003:tid 3015] [client 216.73.216.41:48420] PHP:  syntax error, unexpected '=' in /home/purehotels/public_html/php.ini on line 1
[Sat Jul 04 03:03:04.114343 2026] [:error] [pid 3003:tid 3015] [client 216.73.216.41:48420] PHP:  syntax error, unexpected '=' in ./php.ini on line 1
[Sat Jul 04 03:03:04.160972 2026] [:error] [pid 2943:tid 2957] [client 20.151.225.63:5390] File does not exist: /var/www/html/min.php
[Sat Jul 04 03:03:04.212769 2026] [:error] [pid 3003:tid 3009] [client 216.73.216.41:5228] PHP:  syntax error, unexpected '=' in /home/purehotels/public_html/php.ini on line 1
[Sat Jul 04 03:03:04.213577 2026] [:error] [pid 3003:tid 3009] [client 216.73.216.41:5228] PHP:  syntax error, unexpected '=' in ./php.ini on line 1
[Sat Jul 04 03:03:04.267799 2026] [:error] [pid 2943:tid 2957] [client 20.151.225.63:5390] File does not exist: /var/www/html/edorxrr.php
[Sat Jul 04 03:03:04.304519 2026] [:error] [pid 3003:tid 3015] [client 216.73.216.41:48420] PHP:  syntax error, unexpected '=' in /home/purehotels/public_html/php.ini on line 1
[Sat Jul 04 03:03:04.305303 2026] [:error] [pid 3003:tid 3015] [client 216.73.216.41:48420] PHP:  syntax error, unexpected '=' in ./php.ini on line 1
[Sat Jul 04 03:03:04.368046 2026] [:error] [pid 2943:tid 2957] [client 20.151.225.63:5390] File does not exist: /var/www/html/hur.php
[Sat Jul 04 03:03:04.396013 2026] [:error] [pid 3068:tid 3076] [client 216.73.216.41:16563] PHP:  syntax error, unexpected '=' in /home/purehotels/public_html/php.ini on line 1
[Sat Jul 04 03:03:04.396837 2026] [:error] [pid 3068:tid 3076] [client 216.73.216.41:16563] PHP:  syntax error, unexpected '=' in ./php.ini on line 1
[Sat Jul 04 03:03:04.482868 2026] [:error] [pid 2943:tid 2957] [client 20.151.225.63:5390] File does not exist: /var/www/html/zoro.php
[Sat Jul 04 03:03:04.494737 2026] [:error] [pid 3003:tid 3015] [client 216.73.216.41:48420] PHP:  syntax error, unexpected '=' in /home/purehotels/public_html/php.ini on line 1
[Sat Jul 04 03:03:04.495546 2026] [:error] [pid 3003:tid 3015] [client 216.73.216.41:48420] PHP:  syntax error, unexpected '=' in ./php.ini on line 1
[Sat Jul 04 03:03:04.584007 2026] [:error] [pid 2943:tid 2957] [client 20.151.225.63:5390] File does not exist: /var/www/html/coffexium.php
[Sat Jul 04 03:03:04.604015 2026] [:error] [pid 3068:tid 3076] [client 216.73.216.41:16563] PHP:  syntax error, unexpected '=' in /home/purehotels/public_html/php.ini on line 1
[Sat Jul 04 03:03:04.604828 2026] [:error] [pid 3068:tid 3076] [client 216.73.216.41:16563] PHP:  syntax error, unexpected '=' in ./php.ini on line 1
[Sat Jul 04 03:03:04.688989 2026] [:error] [pid 2943:tid 2957] [client 20.151.225.63:5390] File does not exist: /var/www/html/xenon1337.php
[Sat Jul 04 03:03:04.695006 2026] [:error] [pid 3003:tid 3015] [client 216.73.216.41:48420] PHP:  syntax error, unexpected '=' in /home/purehotels/public_html/php.ini on line 1
[Sat Jul 04 03:03:04.695841 2026] [:error] [pid 3003:tid 3015] [client 216.73.216.41:48420] PHP:  syntax error, unexpected '=' in ./php.ini on line 1
[Sat Jul 04 03:03:04.789349 2026] [:error] [pid 2943:tid 2957] [client 20.151.225.63:5390] File does not exist: /var/www/html/app.php
[Sat Jul 04 03:03:04.792216 2026] [:error] [pid 3068:tid 3076] [client 216.73.216.41:16563] PHP:  syntax error, unexpected '=' in /home/purehotels/public_html/php.ini on line 1
[Sat Jul 04 03:03:04.793015 2026] [:error] [pid 3068:tid 3076] [client 216.73.216.41:16563] PHP:  syntax error, unexpected '=' in ./php.ini on line 1
[Sat Jul 04 03:03:04.883271 2026] [:error] [pid 3003:tid 3015] [client 216.73.216.41:48420] PHP:  syntax error, unexpected '=' in /home/purehotels/public_html/php.ini on line 1
[Sat Jul 04 03:03:04.884119 2026] [:error] [pid 3003:tid 3015] [client 216.73.216.41:48420] PHP:  syntax error, unexpected '=' in ./php.ini on line 1
[Sat Jul 04 03:03:04.958349 2026] [:error] [pid 2943:tid 2957] [client 20.151.225.63:5390] File does not exist: /var/www/html/bootstrap.php
[Sat Jul 04 03:03:04.977010 2026] [:error] [pid 3068:tid 3076] [client 216.73.216.41:16563] PHP:  syntax error, unexpected '=' in /home/purehotels/public_html/php.ini on line 1
[Sat Jul 04 03:03:04.977868 2026] [:error] [pid 3068:tid 3076] [client 216.73.216.41:16563] PHP:  syntax error, unexpected '=' in ./php.ini on line 1
[Sat Jul 04 03:03:05.058675 2026] [:error] [pid 2943:tid 2957] [client 20.151.225.63:5390] File does not exist: /var/www/html/core.php
[Sat Jul 04 03:03:05.068917 2026] [:error] [pid 3003:tid 3015] [client 216.73.216.41:48420] PHP:  syntax error, unexpected '=' in /home/purehotels/public_html/php.ini on line 1
[Sat Jul 04 03:03:05.069732 2026] [:error] [pid 3003:tid 3015] [client 216.73.216.41:48420] PHP:  syntax error, unexpected '=' in ./php.ini on line 1
[Sat Jul 04 03:03:05.159290 2026] [:error] [pid 2943:tid 2957] [client 20.151.225.63:5390] File does not exist: /var/www/html/global.php
[Sat Jul 04 03:03:05.160971 2026] [:error] [pid 3068:tid 3076] [client 216.73.216.41:16563] PHP:  syntax error, unexpected '=' in /home/purehotels/public_html/php.ini on line 1
[Sat Jul 04 03:03:05.161768 2026] [:error] [pid 3068:tid 3076] [client 216.73.216.41:16563] PHP:  syntax error, unexpected '=' in ./php.ini on line 1
[Sat Jul 04 03:03:05.253732 2026] [:error] [pid 3003:tid 3015] [client 216.73.216.41:48420] PHP:  syntax error, unexpected '=' in /home/purehotels/public_html/php.ini on line 1
[Sat Jul 04 03:03:05.254534 2026] [:error] [pid 3003:tid 3015] [client 216.73.216.41:48420] PHP:  syntax error, unexpected '=' in ./php.ini on line 1
[Sat Jul 04 03:03:05.269445 2026] [:error] [pid 2943:tid 2957] [client 20.151.225.63:5390] File does not exist: /var/www/html/header.php
[Sat Jul 04 03:03:05.344623 2026] [:error] [pid 3068:tid 3076] [client 216.73.216.41:16563] PHP:  syntax error, unexpected '=' in /home/purehotels/public_html/php.ini on line 1
[Sat Jul 04 03:03:05.345443 2026] [:error] [pid 3068:tid 3076] [client 216.73.216.41:16563] PHP:  syntax error, unexpected '=' in ./php.ini on line 1
[Sat Jul 04 03:03:05.369681 2026] [:error] [pid 2943:tid 2957] [client 20.151.225.63:5390] File does not exist: /var/www/html/functions.php
[Sat Jul 04 03:03:05.436846 2026] [:error] [pid 3003:tid 3015] [client 216.73.216.41:48420] PHP:  syntax error, unexpected '=' in /home/purehotels/public_html/php.ini on line 1
[Sat Jul 04 03:03:05.437652 2026] [:error] [pid 3003:tid 3015] [client 216.73.216.41:48420] PHP:  syntax error, unexpected '=' in ./php.ini on line 1
[Sat Jul 04 03:03:05.469907 2026] [:error] [pid 2943:tid 2957] [client 20.151.225.63:5390] File does not exist: /var/www/html/main.php
[Sat Jul 04 03:03:05.534427 2026] [:error] [pid 3068:tid 3076] [client 216.73.216.41:16563] PHP:  syntax error, unexpected '=' in /home/purehotels/public_html/php.ini on line 1
[Sat Jul 04 03:03:05.535207 2026] [:error] [pid 3068:tid 3076] [client 216.73.216.41:16563] PHP:  syntax error, unexpected '=' in ./php.ini on line 1
[Sat Jul 04 03:03:05.574689 2026] [:error] [pid 2943:tid 2957] [client 20.151.225.63:5390] File does not exist: /var/www/html/init.php
[Sat Jul 04 03:03:05.626500 2026] [:error] [pid 3003:tid 3015] [client 216.73.216.41:48420] PHP:  syntax error, unexpected '=' in /home/purehotels/public_html/php.ini on line 1
[Sat Jul 04 03:03:05.627449 2026] [:error] [pid 3003:tid 3015] [client 216.73.216.41:48420] PHP:  syntax error, unexpected '=' in ./php.ini on line 1
[Sat Jul 04 03:03:05.716684 2026] [:error] [pid 3068:tid 3076] [client 216.73.216.41:16563] PHP:  syntax error, unexpected '=' in /home/purehotels/public_html/php.ini on line 1
[Sat Jul 04 03:03:05.717500 2026] [:error] [pid 3068:tid 3076] [client 216.73.216.41:16563] PHP:  syntax error, unexpected '=' in ./php.ini on line 1
[Sat Jul 04 03:03:05.808952 2026] [:error] [pid 3003:tid 3015] [client 216.73.216.41:48420] PHP:  syntax error, unexpected '=' in /home/purehotels/public_html/php.ini on line 1
[Sat Jul 04 03:03:05.809775 2026] [:error] [pid 3003:tid 3015] [client 216.73.216.41:48420] PHP:  syntax error, unexpected '=' in ./php.ini on line 1
[Sat Jul 04 03:03:05.901242 2026] [:error] [pid 3068:tid 3076] [client 216.73.216.41:16563] PHP:  syntax error, unexpected '=' in /home/purehotels/public_html/php.ini on line 1
[Sat Jul 04 03:03:05.902054 2026] [:error] [pid 3068:tid 3076] [client 216.73.216.41:16563] PHP:  syntax error, unexpected '=' in ./php.ini on line 1
[Sat Jul 04 03:03:05.993354 2026] [:error] [pid 3003:tid 3015] [client 216.73.216.41:48420] PHP:  syntax error, unexpected '=' in /home/purehotels/public_html/php.ini on line 1
[Sat Jul 04 03:03:05.994176 2026] [:error] [pid 3003:tid 3015] [client 216.73.216.41:48420] PHP:  syntax error, unexpected '=' in ./php.ini on line 1
[Sat Jul 04 03:03:06.084854 2026] [:error] [pid 3068:tid 3076] [client 216.73.216.41:16563] PHP:  syntax error, unexpected '=' in /home/purehotels/public_html/php.ini on line 1
[Sat Jul 04 03:03:06.085684 2026] [:error] [pid 3068:tid 3076] [client 216.73.216.41:16563] PHP:  syntax error, unexpected '=' in ./php.ini on line 1
[Sat Jul 04 03:03:06.177194 2026] [:error] [pid 3003:tid 3015] [client 216.73.216.41:48420] PHP:  syntax error, unexpected '=' in /home/purehotels/public_html/php.ini on line 1
[Sat Jul 04 03:03:06.178016 2026] [:error] [pid 3003:tid 3015] [client 216.73.216.41:48420] PHP:  syntax error, unexpected '=' in ./php.ini on line 1
[Sat Jul 04 03:03:06.482477 2026] [:error] [pid 3003:tid 3015] [client 216.73.216.41:48420] PHP:  syntax error, unexpected '=' in /home/purehotels/public_html/php.ini on line 1
[Sat Jul 04 03:03:06.483255 2026] [:error] [pid 3003:tid 3015] [client 216.73.216.41:48420] PHP:  syntax error, unexpected '=' in ./php.ini on line 1
[Sat Jul 04 03:03:06.575216 2026] [:error] [pid 3068:tid 3076] [client 216.73.216.41:16563] PHP:  syntax error, unexpected '=' in /home/purehotels/public_html/php.ini on line 1
[Sat Jul 04 03:03:06.576495 2026] [:error] [pid 3068:tid 3076] [client 216.73.216.41:16563] PHP:  syntax error, unexpected '=' in ./php.ini on line 1
[Sat Jul 04 03:03:06.665250 2026] [:error] [pid 3003:tid 3015] [client 216.73.216.41:48420] PHP:  syntax error, unexpected '=' in /home/purehotels/public_html/php.ini on line 1
[Sat Jul 04 03:03:06.666062 2026] [:error] [pid 3003:tid 3015] [client 216.73.216.41:48420] PHP:  syntax error, unexpected '=' in ./php.ini on line 1
[Sat Jul 04 03:03:06.756827 2026] [:error] [pid 3068:tid 3076] [client 216.73.216.41:16563] PHP:  syntax error, unexpected '=' in /home/purehotels/public_html/php.ini on line 1
[Sat Jul 04 03:03:06.757683 2026] [:error] [pid 3068:tid 3076] [client 216.73.216.41:16563] PHP:  syntax error, unexpected '=' in ./php.ini on line 1
[Sat Jul 04 03:03:06.847945 2026] [:error] [pid 3003:tid 3015] [client 216.73.216.41:48420] PHP:  syntax error, unexpected '=' in /home/purehotels/public_html/php.ini on line 1
[Sat Jul 04 03:03:06.848758 2026] [:error] [pid 3003:tid 3015] [client 216.73.216.41:48420] PHP:  syntax error, unexpected '=' in ./php.ini on line 1
[Sat Jul 04 03:03:06.940833 2026] [:error] [pid 3068:tid 3076] [client 216.73.216.41:16563] PHP:  syntax error, unexpected '=' in /home/purehotels/public_html/php.ini on line 1
[Sat Jul 04 03:03:06.942139 2026] [:error] [pid 3068:tid 3076] [client 216.73.216.41:16563] PHP:  syntax error, unexpected '=' in ./php.ini on line 1
[Sat Jul 04 03:03:07.030387 2026] [:error] [pid 3003:tid 3015] [client 216.73.216.41:48420] PHP:  syntax error, unexpected '=' in /home/purehotels/public_html/php.ini on line 1
[Sat Jul 04 03:03:07.031155 2026] [:error] [pid 3003:tid 3015] [client 216.73.216.41:48420] PHP:  syntax error, unexpected '=' in ./php.ini on line 1
[Sat Jul 04 03:03:07.134146 2026] [:error] [pid 3036:tid 3045] [client 216.73.216.41:9945] PHP:  syntax error, unexpected '=' in /home/purehotels/public_html/php.ini on line 1
[Sat Jul 04 03:03:07.134977 2026] [:error] [pid 3036:tid 3045] [client 216.73.216.41:9945] PHP:  syntax error, unexpected '=' in ./php.ini on line 1
[Sat Jul 04 03:03:07.216119 2026] [:error] [pid 3068:tid 3076] [client 216.73.216.41:16563] PHP:  syntax error, unexpected '=' in /home/purehotels/public_html/php.ini on line 1
[Sat Jul 04 03:03:07.216939 2026] [:error] [pid 3068:tid 3076] [client 216.73.216.41:16563] PHP:  syntax error, unexpected '=' in ./php.ini on line 1
[Sat Jul 04 03:03:07.316710 2026] [:error] [pid 3036:tid 3045] [client 216.73.216.41:9945] PHP:  syntax error, unexpected '=' in /home/purehotels/public_html/php.ini on line 1
[Sat Jul 04 03:03:07.317553 2026] [:error] [pid 3036:tid 3045] [client 216.73.216.41:9945] PHP:  syntax error, unexpected '=' in ./php.ini on line 1
[Sat Jul 04 03:03:07.401456 2026] [:error] [pid 3068:tid 3076] [client 216.73.216.41:16563] PHP:  syntax error, unexpected '=' in /home/purehotels/public_html/php.ini on line 1
[Sat Jul 04 03:03:07.402245 2026] [:error] [pid 3068:tid 3076] [client 216.73.216.41:16563] PHP:  syntax error, unexpected '=' in ./php.ini on line 1
[Sat Jul 04 03:03:07.497627 2026] [:error] [pid 3036:tid 3045] [client 216.73.216.41:9945] PHP:  syntax error, unexpected '=' in /home/purehotels/public_html/php.ini on line 1
[Sat Jul 04 03:03:07.498431 2026] [:error] [pid 3036:tid 3045] [client 216.73.216.41:9945] PHP:  syntax error, unexpected '=' in ./php.ini on line 1
[Sat Jul 04 03:03:07.583338 2026] [:error] [pid 3068:tid 3076] [client 216.73.216.41:16563] PHP:  syntax error, unexpected '=' in /home/purehotels/public_html/php.ini on line 1
[Sat Jul 04 03:03:07.584552 2026] [:error] [pid 3068:tid 3076] [client 216.73.216.41:16563] PHP:  syntax error, unexpected '=' in ./php.ini on line 1
[Sat Jul 04 03:03:07.673745 2026] [:error] [pid 3003:tid 3015] [client 216.73.216.41:48420] PHP:  syntax error, unexpected '=' in /home/purehotels/public_html/php.ini on line 1
[Sat Jul 04 03:03:07.674552 2026] [:error] [pid 3003:tid 3015] [client 216.73.216.41:48420] PHP:  syntax error, unexpected '=' in ./php.ini on line 1
[Sat Jul 04 03:03:07.772282 2026] [:error] [pid 3036:tid 3045] [client 216.73.216.41:9945] PHP:  syntax error, unexpected '=' in /home/purehotels/public_html/php.ini on line 1
[Sat Jul 04 03:03:07.773083 2026] [:error] [pid 3036:tid 3045] [client 216.73.216.41:9945] PHP:  syntax error, unexpected '=' in ./php.ini on line 1
[Sat Jul 04 03:03:07.855944 2026] [:error] [pid 3003:tid 3015] [client 216.73.216.41:48420] PHP:  syntax error, unexpected '=' in /home/purehotels/public_html/php.ini on line 1
[Sat Jul 04 03:03:07.856750 2026] [:error] [pid 3003:tid 3015] [client 216.73.216.41:48420] PHP:  syntax error, unexpected '=' in ./php.ini on line 1
[Sat Jul 04 03:03:07.952821 2026] [:error] [pid 3036:tid 3045] [client 216.73.216.41:9945] PHP:  syntax error, unexpected '=' in /home/purehotels/public_html/php.ini on line 1
[Sat Jul 04 03:03:07.953610 2026] [:error] [pid 3036:tid 3045] [client 216.73.216.41:9945] PHP:  syntax error, unexpected '=' in ./php.ini on line 1
[Sat Jul 04 03:03:08.038123 2026] [:error] [pid 3003:tid 3015] [client 216.73.216.41:48420] PHP:  syntax error, unexpected '=' in /home/purehotels/public_html/php.ini on line 1
[Sat Jul 04 03:03:08.039020 2026] [:error] [pid 3003:tid 3015] [client 216.73.216.41:48420] PHP:  syntax error, unexpected '=' in ./php.ini on line 1
[Sat Jul 04 03:03:08.135696 2026] [:error] [pid 3036:tid 3045] [client 216.73.216.41:9945] PHP:  syntax error, unexpected '=' in /home/purehotels/public_html/php.ini on line 1
[Sat Jul 04 03:03:08.136498 2026] [:error] [pid 3036:tid 3045] [client 216.73.216.41:9945] PHP:  syntax error, unexpected '=' in ./php.ini on line 1
[Sat Jul 04 03:03:08.219674 2026] [:error] [pid 3003:tid 3015] [client 216.73.216.41:48420] PHP:  syntax error, unexpected '=' in /home/purehotels/public_html/php.ini on line 1
[Sat Jul 04 03:03:08.220485 2026] [:error] [pid 3003:tid 3015] [client 216.73.216.41:48420] PHP:  syntax error, unexpected '=' in ./php.ini on line 1
[Sat Jul 04 03:03:08.316668 2026] [:error] [pid 3036:tid 3045] [client 216.73.216.41:9945] PHP:  syntax error, unexpected '=' in /home/purehotels/public_html/php.ini on line 1
[Sat Jul 04 03:03:08.317464 2026] [:error] [pid 3036:tid 3045] [client 216.73.216.41:9945] PHP:  syntax error, unexpected '=' in ./php.ini on line 1
[Sat Jul 04 03:03:08.401562 2026] [:error] [pid 3003:tid 3015] [client 216.73.216.41:48420] PHP:  syntax error, unexpected '=' in /home/purehotels/public_html/php.ini on line 1
[Sat Jul 04 03:03:08.402354 2026] [:error] [pid 3003:tid 3015] [client 216.73.216.41:48420] PHP:  syntax error, unexpected '=' in ./php.ini on line 1
[Sat Jul 04 03:03:08.500849 2026] [:error] [pid 3036:tid 3045] [client 216.73.216.41:9945] PHP:  syntax error, unexpected '=' in /home/purehotels/public_html/php.ini on line 1
[Sat Jul 04 03:03:08.501671 2026] [:error] [pid 3036:tid 3045] [client 216.73.216.41:9945] PHP:  syntax error, unexpected '=' in ./php.ini on line 1
[Sat Jul 04 03:03:08.593142 2026] [:error] [pid 3003:tid 3015] [client 216.73.216.41:48420] PHP:  syntax error, unexpected '=' in /home/purehotels/public_html/php.ini on line 1
[Sat Jul 04 03:03:08.593985 2026] [:error] [pid 3003:tid 3015] [client 216.73.216.41:48420] PHP:  syntax error, unexpected '=' in ./php.ini on line 1
[Sat Jul 04 03:03:08.689763 2026] [:error] [pid 3036:tid 3045] [client 216.73.216.41:9945] PHP:  syntax error, unexpected '=' in /home/purehotels/public_html/php.ini on line 1
[Sat Jul 04 03:03:08.690583 2026] [:error] [pid 3036:tid 3045] [client 216.73.216.41:9945] PHP:  syntax error, unexpected '=' in ./php.ini on line 1
[Sat Jul 04 03:03:08.774875 2026] [:error] [pid 3003:tid 3015] [client 216.73.216.41:48420] PHP:  syntax error, unexpected '=' in /home/purehotels/public_html/php.ini on line 1
[Sat Jul 04 03:03:08.775700 2026] [:error] [pid 3003:tid 3015] [client 216.73.216.41:48420] PHP:  syntax error, unexpected '=' in ./php.ini on line 1
[Sat Jul 04 03:03:08.872895 2026] [:error] [pid 3036:tid 3045] [client 216.73.216.41:9945] PHP:  syntax error, unexpected '=' in /home/purehotels/public_html/php.ini on line 1
[Sat Jul 04 03:03:08.873703 2026] [:error] [pid 3036:tid 3045] [client 216.73.216.41:9945] PHP:  syntax error, unexpected '=' in ./php.ini on line 1
[Sat Jul 04 03:03:08.957386 2026] [:error] [pid 3068:tid 3076] [client 216.73.216.41:16563] PHP:  syntax error, unexpected '=' in /home/purehotels/public_html/php.ini on line 1
[Sat Jul 04 03:03:08.958171 2026] [:error] [pid 3068:tid 3076] [client 216.73.216.41:16563] PHP:  syntax error, unexpected '=' in ./php.ini on line 1
[Sat Jul 04 03:03:09.046400 2026] [:error] [pid 3036:tid 3046] [client 85.208.96.200:40776] File does not exist: /home/purehotels/public_html/index.php
[Sat Jul 04 03:03:09.046476 2026] [:error] [pid 3036:tid 3046] [client 85.208.96.200:40776] File does not exist: /home/purehotels/public_html/index.php
[Sat Jul 04 03:03:09.049006 2026] [:error] [pid 3003:tid 3015] [client 216.73.216.41:48420] PHP:  syntax error, unexpected '=' in /home/purehotels/public_html/php.ini on line 1
[Sat Jul 04 03:03:09.049944 2026] [:error] [pid 3003:tid 3015] [client 216.73.216.41:48420] PHP:  syntax error, unexpected '=' in ./php.ini on line 1
[Sat Jul 04 03:03:09.139713 2026] [:error] [pid 3068:tid 3076] [client 216.73.216.41:16563] PHP:  syntax error, unexpected '=' in /home/purehotels/public_html/php.ini on line 1
[Sat Jul 04 03:03:09.140551 2026] [:error] [pid 3068:tid 3076] [client 216.73.216.41:16563] PHP:  syntax error, unexpected '=' in ./php.ini on line 1
[Sat Jul 04 03:03:09.231985 2026] [:error] [pid 3003:tid 3015] [client 216.73.216.41:48420] PHP:  syntax error, unexpected '=' in /home/purehotels/public_html/php.ini on line 1
[Sat Jul 04 03:03:09.232884 2026] [:error] [pid 3003:tid 3015] [client 216.73.216.41:48420] PHP:  syntax error, unexpected '=' in ./php.ini on line 1
[Sat Jul 04 03:03:09.322975 2026] [:error] [pid 3068:tid 3076] [client 216.73.216.41:16563] PHP:  syntax error, unexpected '=' in /home/purehotels/public_html/php.ini on line 1
[Sat Jul 04 03:03:09.323796 2026] [:error] [pid 3068:tid 3076] [client 216.73.216.41:16563] PHP:  syntax error, unexpected '=' in ./php.ini on line 1
[Sat Jul 04 03:03:09.415110 2026] [:error] [pid 3003:tid 3015] [client 216.73.216.41:48420] PHP:  syntax error, unexpected '=' in /home/purehotels/public_html/php.ini on line 1
[Sat Jul 04 03:03:09.416411 2026] [:error] [pid 3003:tid 3015] [client 216.73.216.41:48420] PHP:  syntax error, unexpected '=' in ./php.ini on line 1
[Sat Jul 04 03:03:09.508618 2026] [:error] [pid 3068:tid 3076] [client 216.73.216.41:16563] PHP:  syntax error, unexpected '=' in /home/purehotels/public_html/php.ini on line 1
[Sat Jul 04 03:03:09.509860 2026] [:error] [pid 3068:tid 3076] [client 216.73.216.41:16563] PHP:  syntax error, unexpected '=' in ./php.ini on line 1
[Sat Jul 04 03:03:09.596897 2026] [:error] [pid 3003:tid 3015] [client 216.73.216.41:48420] PHP:  syntax error, unexpected '=' in /home/purehotels/public_html/php.ini on line 1
[Sat Jul 04 03:03:09.597717 2026] [:error] [pid 3003:tid 3015] [client 216.73.216.41:48420] PHP:  syntax error, unexpected '=' in ./php.ini on line 1
[Sat Jul 04 03:03:09.687583 2026] [:error] [pid 3068:tid 3076] [client 216.73.216.41:16563] PHP:  syntax error, unexpected '=' in /home/purehotels/public_html/php.ini on line 1
[Sat Jul 04 03:03:09.688495 2026] [:error] [pid 3068:tid 3076] [client 216.73.216.41:16563] PHP:  syntax error, unexpected '=' in ./php.ini on line 1
[Sat Jul 04 03:03:09.778778 2026] [:error] [pid 3003:tid 3015] [client 216.73.216.41:48420] PHP:  syntax error, unexpected '=' in /home/purehotels/public_html/php.ini on line 1
[Sat Jul 04 03:03:09.779664 2026] [:error] [pid 3003:tid 3015] [client 216.73.216.41:48420] PHP:  syntax error, unexpected '=' in ./php.ini on line 1
[Sat Jul 04 03:03:09.869481 2026] [:error] [pid 3068:tid 3076] [client 216.73.216.41:16563] PHP:  syntax error, unexpected '=' in /home/purehotels/public_html/php.ini on line 1
[Sat Jul 04 03:03:09.870257 2026] [:error] [pid 3068:tid 3076] [client 216.73.216.41:16563] PHP:  syntax error, unexpected '=' in ./php.ini on line 1
[Sat Jul 04 03:03:09.960592 2026] [:error] [pid 3003:tid 3015] [client 216.73.216.41:48420] PHP:  syntax error, unexpected '=' in /home/purehotels/public_html/php.ini on line 1
[Sat Jul 04 03:03:09.961384 2026] [:error] [pid 3003:tid 3015] [client 216.73.216.41:48420] PHP:  syntax error, unexpected '=' in ./php.ini on line 1
[Sat Jul 04 03:03:10.051649 2026] [:error] [pid 3068:tid 3076] [client 216.73.216.41:16563] PHP:  syntax error, unexpected '=' in /home/purehotels/public_html/php.ini on line 1
[Sat Jul 04 03:03:10.052460 2026] [:error] [pid 3068:tid 3076] [client 216.73.216.41:16563] PHP:  syntax error, unexpected '=' in ./php.ini on line 1
[Sat Jul 04 03:03:10.142521 2026] [:error] [pid 3003:tid 3015] [client 216.73.216.41:48420] PHP:  syntax error, unexpected '=' in /home/purehotels/public_html/php.ini on line 1
[Sat Jul 04 03:03:10.143291 2026] [:error] [pid 3003:tid 3015] [client 216.73.216.41:48420] PHP:  syntax error, unexpected '=' in ./php.ini on line 1
[Sat Jul 04 03:03:10.240772 2026] [:error] [pid 3036:tid 3045] [client 216.73.216.41:9945] PHP:  syntax error, unexpected '=' in /home/purehotels/public_html/php.ini on line 1
[Sat Jul 04 03:03:10.241566 2026] [:error] [pid 3036:tid 3045] [client 216.73.216.41:9945] PHP:  syntax error, unexpected '=' in ./php.ini on line 1
[Sat Jul 04 03:03:10.324316 2026] [:error] [pid 3003:tid 3015] [client 216.73.216.41:48420] PHP:  syntax error, unexpected '=' in /home/purehotels/public_html/php.ini on line 1
[Sat Jul 04 03:03:10.325124 2026] [:error] [pid 3003:tid 3015] [client 216.73.216.41:48420] PHP:  syntax error, unexpected '=' in ./php.ini on line 1
[Sat Jul 04 03:03:10.422397 2026] [:error] [pid 3036:tid 3045] [client 216.73.216.41:9945] PHP:  syntax error, unexpected '=' in /home/purehotels/public_html/php.ini on line 1
[Sat Jul 04 03:03:10.423158 2026] [:error] [pid 3036:tid 3045] [client 216.73.216.41:9945] PHP:  syntax error, unexpected '=' in ./php.ini on line 1
[Sat Jul 04 03:03:10.506781 2026] [:error] [pid 3003:tid 3015] [client 216.73.216.41:48420] PHP:  syntax error, unexpected '=' in /home/purehotels/public_html/php.ini on line 1
[Sat Jul 04 03:03:10.507653 2026] [:error] [pid 3003:tid 3015] [client 216.73.216.41:48420] PHP:  syntax error, unexpected '=' in ./php.ini on line 1
[Sat Jul 04 03:03:10.604769 2026] [:error] [pid 3036:tid 3045] [client 216.73.216.41:9945] PHP:  syntax error, unexpected '=' in /home/purehotels/public_html/php.ini on line 1
[Sat Jul 04 03:03:10.605584 2026] [:error] [pid 3036:tid 3045] [client 216.73.216.41:9945] PHP:  syntax error, unexpected '=' in ./php.ini on line 1
[Sat Jul 04 03:03:10.691119 2026] [:error] [pid 3003:tid 3015] [client 216.73.216.41:48420] PHP:  syntax error, unexpected '=' in /home/purehotels/public_html/php.ini on line 1
[Sat Jul 04 03:03:10.691992 2026] [:error] [pid 3003:tid 3015] [client 216.73.216.41:48420] PHP:  syntax error, unexpected '=' in ./php.ini on line 1
[Sat Jul 04 03:03:10.788609 2026] [:error] [pid 3036:tid 3045] [client 216.73.216.41:9945] PHP:  syntax error, unexpected '=' in /home/purehotels/public_html/php.ini on line 1
[Sat Jul 04 03:03:10.789426 2026] [:error] [pid 3036:tid 3045] [client 216.73.216.41:9945] PHP:  syntax error, unexpected '=' in ./php.ini on line 1
[Sat Jul 04 03:03:10.871421 2026] [:error] [pid 3003:tid 3015] [client 216.73.216.41:48420] PHP:  syntax error, unexpected '=' in /home/purehotels/public_html/php.ini on line 1
[Sat Jul 04 03:03:10.872192 2026] [:error] [pid 3003:tid 3015] [client 216.73.216.41:48420] PHP:  syntax error, unexpected '=' in ./php.ini on line 1
[Sat Jul 04 03:03:10.963791 2026] [:error] [pid 3068:tid 3076] [client 216.73.216.41:16563] PHP:  syntax error, unexpected '=' in /home/purehotels/public_html/php.ini on line 1
[Sat Jul 04 03:03:10.965046 2026] [:error] [pid 3068:tid 3076] [client 216.73.216.41:16563] PHP:  syntax error, unexpected '=' in ./php.ini on line 1
[Sat Jul 04 03:03:11.053629 2026] [:error] [pid 3003:tid 3015] [client 216.73.216.41:48420] PHP:  syntax error, unexpected '=' in /home/purehotels/public_html/php.ini on line 1
[Sat Jul 04 03:03:11.054462 2026] [:error] [pid 3003:tid 3015] [client 216.73.216.41:48420] PHP:  syntax error, unexpected '=' in ./php.ini on line 1
[Sat Jul 04 03:03:11.145614 2026] [:error] [pid 3068:tid 3076] [client 216.73.216.41:16563] PHP:  syntax error, unexpected '=' in /home/purehotels/public_html/php.ini on line 1
[Sat Jul 04 03:03:11.146885 2026] [:error] [pid 3068:tid 3076] [client 216.73.216.41:16563] PHP:  syntax error, unexpected '=' in ./php.ini on line 1
[Sat Jul 04 03:03:11.237018 2026] [:error] [pid 3003:tid 3015] [client 216.73.216.41:48420] PHP:  syntax error, unexpected '=' in /home/purehotels/public_html/php.ini on line 1
[Sat Jul 04 03:03:11.238275 2026] [:error] [pid 3003:tid 3015] [client 216.73.216.41:48420] PHP:  syntax error, unexpected '=' in ./php.ini on line 1
[Sat Jul 04 03:03:25.501741 2026] [:error] [pid 3068:tid 3075] [client 216.73.216.41:53017] PHP:  syntax error, unexpected '=' in /home/purehotels/public_html/php.ini on line 1
[Sat Jul 04 03:03:25.502545 2026] [:error] [pid 3068:tid 3075] [client 216.73.216.41:53017] PHP:  syntax error, unexpected '=' in ./php.ini on line 1
[Sat Jul 04 03:03:25.681869 2026] [:error] [pid 3068:tid 3075] [client 216.73.216.41:53017] PHP:  syntax error, unexpected '=' in /home/purehotels/public_html/php.ini on line 1
[Sat Jul 04 03:03:25.682724 2026] [:error] [pid 3068:tid 3075] [client 216.73.216.41:53017] PHP:  syntax error, unexpected '=' in ./php.ini on line 1
[Sat Jul 04 03:03:25.695365 2026] [:error] [pid 3036:tid 3051] [client 216.73.216.41:10836] PHP:  syntax error, unexpected '=' in /home/purehotels/public_html/php.ini on line 1
[Sat Jul 04 03:03:25.696186 2026] [:error] [pid 3036:tid 3051] [client 216.73.216.41:10836] PHP:  syntax error, unexpected '=' in ./php.ini on line 1
[Sat Jul 04 03:03:25.767966 2026] [:error] [pid 2943:tid 2961] [client 216.73.216.41:51789] PHP:  syntax error, unexpected '=' in /home/purehotels/public_html/php.ini on line 1
[Sat Jul 04 03:03:25.768791 2026] [:error] [pid 2943:tid 2961] [client 216.73.216.41:51789] PHP:  syntax error, unexpected '=' in ./php.ini on line 1
[Sat Jul 04 03:03:25.798576 2026] [:error] [pid 3003:tid 3017] [client 216.73.216.41:62166] PHP:  syntax error, unexpected '=' in /home/purehotels/public_html/php.ini on line 1
[Sat Jul 04 03:03:25.799444 2026] [:error] [pid 3003:tid 3017] [client 216.73.216.41:62166] PHP:  syntax error, unexpected '=' in ./php.ini on line 1
[Sat Jul 04 03:03:25.816241 2026] [:error] [pid 3068:tid 3078] [client 216.73.216.41:18071] PHP:  syntax error, unexpected '=' in /home/purehotels/public_html/php.ini on line 1
[Sat Jul 04 03:03:25.817035 2026] [:error] [pid 3068:tid 3078] [client 216.73.216.41:18071] PHP:  syntax error, unexpected '=' in ./php.ini on line 1
[Sat Jul 04 03:03:25.829923 2026] [:error] [pid 3068:tid 3075] [client 216.73.216.41:53017] PHP:  syntax error, unexpected '=' in /home/purehotels/public_html/php.ini on line 1
[Sat Jul 04 03:03:25.830778 2026] [:error] [pid 3068:tid 3075] [client 216.73.216.41:53017] PHP:  syntax error, unexpected '=' in ./php.ini on line 1
[Sat Jul 04 03:03:25.841232 2026] [:error] [pid 3036:tid 3048] [client 216.73.216.41:61291] PHP:  syntax error, unexpected '=' in /home/purehotels/public_html/php.ini on line 1
[Sat Jul 04 03:03:25.842074 2026] [:error] [pid 3036:tid 3048] [client 216.73.216.41:61291] PHP:  syntax error, unexpected '=' in ./php.ini on line 1
[Sat Jul 04 03:03:25.856665 2026] [:error] [pid 2943:tid 2969] [client 216.73.216.41:28318] PHP:  syntax error, unexpected '=' in /home/purehotels/public_html/php.ini on line 1
[Sat Jul 04 03:03:25.857543 2026] [:error] [pid 2943:tid 2969] [client 216.73.216.41:28318] PHP:  syntax error, unexpected '=' in ./php.ini on line 1
[Sat Jul 04 03:03:25.864094 2026] [:error] [pid 3036:tid 3051] [client 216.73.216.41:10836] PHP:  syntax error, unexpected '=' in /home/purehotels/public_html/php.ini on line 1
